{"id":749409,"date":"2025-08-28T03:55:20","date_gmt":"2025-08-28T00:55:20","guid":{"rendered":"https:\/\/roveyayinevi.com.tr\/index.php\/urun\/istanbul-sehir-mektuplari\/"},"modified":"2025-11-21T09:02:36","modified_gmt":"2025-11-21T06:02:36","slug":"istanbul-sehir-mektuplari","status":"publish","type":"product","link":"https:\/\/roveyayinevi.com.tr\/index.php\/urun\/istanbul-sehir-mektuplari\/","title":{"rendered":"\u0130stanbul \u015eehir Mektuplar\u0131"},"content":{"rendered":"<p>On dokuzuncu y\u00fczy\u0131l\u0131n ikinci yar\u0131s\u0131nda, ba\u015fta \u0130stanbul\u2019un g\u00fcndelik hayat\u0131 olmak \u00fczere devletin ve milletin i\u00e7inde bulundu\u011fu \u015fartlar\u0131 g\u00fcn\u00fc g\u00fcn\u00fcne m\u00fc\u015fahede eden Ali Efendi, 1870-1878 y\u0131llar\u0131 aras\u0131nda Bas\u00eeret gazetesinde yay\u0131mlad\u0131\u011f\u0131 bu yaz\u0131larda, ba\u015fka hi\u00e7bir kaynakta rastlanamayacak kadar \u00e7ok ve \u00e7e\u015fitli toplumsal sorunlar\u0131, b\u00fct\u00fcn tazeli\u011fi ve \u00e7\u0131plakl\u0131\u011f\u0131yla anlatmaktad\u0131r. Sadece \u201cKonu Ba\u015fl\u0131klar\u0131 \u0130ndeksi\u201d alt\u0131nda s\u0131ralanan meseleler g\u00f6z \u00f6n\u00fcne al\u0131nsa bile \u00f6teden beri devam edegelen toplumsal problemlerimizin akt\u00fcalitesinden maalesef hi\u00e7bir \u015fey kaybetmemi\u015f oldu\u011funa delalet ettikleri kolayl\u0131kla anla\u015f\u0131lan bu yaz\u0131lar, karanl\u0131k bir kuyuya bakmaktan \u00fcrperir gibi as\u0131rlard\u0131r kendi i\u00e7imize bakmaktan korktu\u011fumuza da tan\u0131kl\u0131k etmesi bak\u0131m\u0131ndan olduk\u00e7a d\u00fc\u015f\u00fcnd\u00fcr\u00fcc\u00fcd\u00fcr..<\/p>\n","protected":false},"excerpt":{"rendered":"<p>On dokuzuncu y\u00fczy\u0131l\u0131n ikinci yar\u0131s\u0131nda, ba\u015fta \u0130stanbul\u2019un g\u00fcndelik hayat\u0131 olmak \u00fczere devletin ve milletin i\u00e7inde bulundu\u011fu \u015fartlar\u0131 g\u00fcn\u00fc g\u00fcn\u00fcne m\u00fc\u015fahede eden Ali Efendi, 1870-1878 y\u0131llar\u0131 aras\u0131nda<span class=\"excerpt-hellip\"> [\u2026]<\/span><\/p>\n","protected":false},"featured_media":0,"template":"","meta":{"_monsterinsights_skip_tracking":false,"_monsterinsights_sitenote_active":false,"_monsterinsights_sitenote_note":"","_monsterinsights_sitenote_category":0},"product_brand":[],"product_cat":[12370,12304],"product_tag":[],"class_list":{"0":"post-749409","1":"product","2":"type-product","3":"status-publish","5":"product_cat-arastirma-inceleme","6":"product_cat-tarih","7":"pa_cilt-ciltsiz","8":"pa_tur-kitap","9":"pa_yayinevi-erdem-yayinlari","10":"pa_yazar-nuri-saglam","12":"first","13":"instock","14":"sale","15":"shipping-taxable","16":"purchasable","17":"product-type-simple"},"_links":{"self":[{"href":"https:\/\/roveyayinevi.com.tr\/index.php\/wp-json\/wp\/v2\/product\/749409","targetHints":{"allow":["GET"]}}],"collection":[{"href":"https:\/\/roveyayinevi.com.tr\/index.php\/wp-json\/wp\/v2\/product"}],"about":[{"href":"https:\/\/roveyayinevi.com.tr\/index.php\/wp-json\/wp\/v2\/types\/product"}],"wp:attachment":[{"href":"https:\/\/roveyayinevi.com.tr\/index.php\/wp-json\/wp\/v2\/media?parent=749409"}],"wp:term":[{"taxonomy":"product_brand","embeddable":true,"href":"https:\/\/roveyayinevi.com.tr\/index.php\/wp-json\/wp\/v2\/product_brand?post=749409"},{"taxonomy":"product_cat","embeddable":true,"href":"https:\/\/roveyayinevi.com.tr\/index.php\/wp-json\/wp\/v2\/product_cat?post=749409"},{"taxonomy":"product_tag","embeddable":true,"href":"https:\/\/roveyayinevi.com.tr\/index.php\/wp-json\/wp\/v2\/product_tag?post=749409"}],"curies":[{"name":"wp","href":"https:\/\/api.w.org\/{rel}","templated":true}]}}