{"id":749403,"date":"2025-08-28T03:55:13","date_gmt":"2025-08-28T00:55:13","guid":{"rendered":"https:\/\/roveyayinevi.com.tr\/index.php\/urun\/koprulu-mehmet-pasa\/"},"modified":"2026-04-16T03:03:02","modified_gmt":"2026-04-16T00:03:02","slug":"koprulu-mehmet-pasa","status":"publish","type":"product","link":"https:\/\/roveyayinevi.com.tr\/index.php\/urun\/koprulu-mehmet-pasa\/","title":{"rendered":"K\u00f6pr\u00fcl\u00fc Mehmet Pa\u015fa"},"content":{"rendered":"<p>Osmanl\u0131 \u0130mparatorlu\u011fu\u2019nun en buhranl\u0131 zamanlar\u0131. Saray\u2019da s\u00fcregiden i\u00e7 \u00e7eki\u015fmeler devlet otoritesinde zafiyete neden oluyor. \u00c7\u0131kar \u00e7at\u0131\u015fmalar\u0131n\u0131 dikkatle izleyen, zay\u0131f noktalar\u0131 tespit eden ve kafa yoran bir Kubbealt\u0131 veziri, vakti saati geldi\u011finde sadrazaml\u0131k makam\u0131na getirilir.O g\u00fcne kadar hep m\u00fctevaz\u0131 g\u00f6revlerde bulunan ve pek de dikkate al\u0131nmayan bu vezir, be\u015f y\u0131l i\u00e7inde b\u00fct\u00fcn meseleleri ad\u0131m ad\u0131m \u00e7\u00f6zerek otorite bo\u015flu\u011funu ortadan kald\u0131r\u0131r. Koskoca bir imparatorlu\u011fu ve padi\u015fah\u0131n\u0131 kendine has, g\u00fc\u00e7l\u00fc \u00fcslubuyla y\u00f6netir.Prof. Dr. Mehmet Ali \u00dcnal\u2019\u0131n kaleme ald\u0131\u011f\u0131 K\u00f6pr\u00fcl\u00fc Mehmet Pa\u015fa kitab\u0131nda bu b\u00fcy\u00fck devlet adam\u0131n\u0131n biyografisini, ba\u015far\u0131lar\u0131 ve zaaflar\u0131yla birlikte okuyacaks\u0131n\u0131z.<\/p>\n","protected":false},"excerpt":{"rendered":"<p>Osmanl\u0131 \u0130mparatorlu\u011fu\u2019nun en buhranl\u0131 zamanlar\u0131. Saray\u2019da s\u00fcregiden i\u00e7 \u00e7eki\u015fmeler devlet otoritesinde zafiyete neden oluyor. \u00c7\u0131kar \u00e7at\u0131\u015fmalar\u0131n\u0131 dikkatle izleyen, zay\u0131f noktalar\u0131 tespit eden ve kafa yoran bir<span class=\"excerpt-hellip\"> [\u2026]<\/span><\/p>\n","protected":false},"featured_media":0,"template":"","meta":{"_monsterinsights_skip_tracking":false,"_monsterinsights_sitenote_active":false,"_monsterinsights_sitenote_note":"","_monsterinsights_sitenote_category":0},"product_brand":[],"product_cat":[13946,12304],"product_tag":[],"class_list":{"0":"post-749403","1":"product","2":"type-product","3":"status-publish","5":"product_cat-biyografi-otobiyografi","6":"product_cat-tarih","7":"pa_cilt-ciltsiz","8":"pa_tur-kitap","9":"pa_yayinevi-erdem-yayinlari","10":"pa_yazar-mehmet-ali-unal","12":"first","13":"instock","14":"sale","15":"shipping-taxable","16":"purchasable","17":"product-type-simple"},"_links":{"self":[{"href":"https:\/\/roveyayinevi.com.tr\/index.php\/wp-json\/wp\/v2\/product\/749403","targetHints":{"allow":["GET"]}}],"collection":[{"href":"https:\/\/roveyayinevi.com.tr\/index.php\/wp-json\/wp\/v2\/product"}],"about":[{"href":"https:\/\/roveyayinevi.com.tr\/index.php\/wp-json\/wp\/v2\/types\/product"}],"wp:attachment":[{"href":"https:\/\/roveyayinevi.com.tr\/index.php\/wp-json\/wp\/v2\/media?parent=749403"}],"wp:term":[{"taxonomy":"product_brand","embeddable":true,"href":"https:\/\/roveyayinevi.com.tr\/index.php\/wp-json\/wp\/v2\/product_brand?post=749403"},{"taxonomy":"product_cat","embeddable":true,"href":"https:\/\/roveyayinevi.com.tr\/index.php\/wp-json\/wp\/v2\/product_cat?post=749403"},{"taxonomy":"product_tag","embeddable":true,"href":"https:\/\/roveyayinevi.com.tr\/index.php\/wp-json\/wp\/v2\/product_tag?post=749403"}],"curies":[{"name":"wp","href":"https:\/\/api.w.org\/{rel}","templated":true}]}}