{"id":749388,"date":"2025-08-28T03:54:52","date_gmt":"2025-08-28T00:54:52","guid":{"rendered":"https:\/\/roveyayinevi.com.tr\/index.php\/urun\/bak-su-cay-suzgecine\/"},"modified":"2026-04-16T03:03:02","modified_gmt":"2026-04-16T00:03:02","slug":"bak-su-cay-suzgecine","status":"publish","type":"product","link":"https:\/\/roveyayinevi.com.tr\/index.php\/urun\/bak-su-cay-suzgecine\/","title":{"rendered":"Bak \u015eu \u00c7ay S\u00fczgecine"},"content":{"rendered":"<p>Bu kitab\u0131n i\u00e7indeki 15 hik\u00e2ye sizleri; bazen sakin bir k\u00f6y havas\u0131na, bazen hastal\u0131ktan kurtulan Kerem\u2019in mutlulu\u011funa, bazen annesi i\u00e7in \u201ceringe\u00e7 mikseri\u201dni icat eden Mustafa\u2019n\u0131n ba\u015far\u0131s\u0131na, bazen b\u00fcy\u00fcteci kayboldu\u011fu i\u00e7in \u00e7ay s\u00fczgecini kullanan Murat\u2019\u0131n h\u00fczn\u00fcne, bazen noktalama i\u015faretlerini kullanmayan ama bunun i\u00e7in kendince \u00e7ok ge\u00e7erli sebepleri olan \u015eeng\u00fcl\u2019\u00fcn hayat\u0131na, bazen de okumak i\u00e7in k\u00f6y\u00fcnden ayr\u0131lmak zorunda kalan \u00e7ocu\u011fun duygular\u0131na misafir edecek.<\/p>\n","protected":false},"excerpt":{"rendered":"<p>Bu kitab\u0131n i\u00e7indeki 15 hik\u00e2ye sizleri; bazen sakin bir k\u00f6y havas\u0131na, bazen hastal\u0131ktan kurtulan Kerem\u2019in mutlulu\u011funa, bazen annesi i\u00e7in \u201ceringe\u00e7 mikseri\u201dni icat eden Mustafa\u2019n\u0131n ba\u015far\u0131s\u0131na, bazen<span class=\"excerpt-hellip\"> [\u2026]<\/span><\/p>\n","protected":false},"featured_media":0,"template":"","meta":{"_monsterinsights_skip_tracking":false,"_monsterinsights_sitenote_active":false,"_monsterinsights_sitenote_note":"","_monsterinsights_sitenote_category":0},"product_brand":[],"product_cat":[12274,12284],"product_tag":[],"class_list":{"0":"post-749388","1":"product","2":"type-product","3":"status-publish","5":"product_cat-cocuk-ve-genclik-kitaplari","6":"product_cat-hikayeler","7":"pa_cilt-ciltsiz","8":"pa_tur-kitap","9":"pa_yayinevi-erdem-cocuk","10":"pa_yazar-zekiye-coban","12":"first","13":"instock","14":"sale","15":"shipping-taxable","16":"purchasable","17":"product-type-simple"},"_links":{"self":[{"href":"https:\/\/roveyayinevi.com.tr\/index.php\/wp-json\/wp\/v2\/product\/749388","targetHints":{"allow":["GET"]}}],"collection":[{"href":"https:\/\/roveyayinevi.com.tr\/index.php\/wp-json\/wp\/v2\/product"}],"about":[{"href":"https:\/\/roveyayinevi.com.tr\/index.php\/wp-json\/wp\/v2\/types\/product"}],"wp:attachment":[{"href":"https:\/\/roveyayinevi.com.tr\/index.php\/wp-json\/wp\/v2\/media?parent=749388"}],"wp:term":[{"taxonomy":"product_brand","embeddable":true,"href":"https:\/\/roveyayinevi.com.tr\/index.php\/wp-json\/wp\/v2\/product_brand?post=749388"},{"taxonomy":"product_cat","embeddable":true,"href":"https:\/\/roveyayinevi.com.tr\/index.php\/wp-json\/wp\/v2\/product_cat?post=749388"},{"taxonomy":"product_tag","embeddable":true,"href":"https:\/\/roveyayinevi.com.tr\/index.php\/wp-json\/wp\/v2\/product_tag?post=749388"}],"curies":[{"name":"wp","href":"https:\/\/api.w.org\/{rel}","templated":true}]}}