{"id":749333,"date":"2025-08-28T03:53:33","date_gmt":"2025-08-28T00:53:33","guid":{"rendered":"https:\/\/roveyayinevi.com.tr\/index.php\/urun\/filozofik-yumurta\/"},"modified":"2026-04-03T03:04:48","modified_gmt":"2026-04-03T00:04:48","slug":"filozofik-yumurta","status":"publish","type":"product","link":"https:\/\/roveyayinevi.com.tr\/index.php\/urun\/filozofik-yumurta\/","title":{"rendered":"Filozofik Yumurta"},"content":{"rendered":"<p>Ya\u015fam\u0131m\u0131z hakikat midir yoksa bir yan\u0131lsama m\u0131? Kader \u00e7ark\u0131 k\u0131r\u0131labilir mi? Zaman ger\u00e7ek midir yoksa sadece bir hayalet mi? Her \u015feyi bilebilir miyiz? Bu sorular\u0131n en az\u0131ndan birini sormayan, cevaplar\u0131 ararken d\u00fc\u015f\u00fcncelere kap\u0131lmayan biri var m\u0131d\u0131r aram\u0131zda? \u0130nsanl\u0131k tarihi boyunca bir\u00e7ok filozofun \u00fczerine kafa yordu\u011fu, cevaplar \u00fcretmeye \u00e7al\u0131\u015ft\u0131\u011f\u0131 bu sorular biz \u201cs\u0131radan faniler\u201d i\u00e7in de her zaman \u00f6nemli oldu. Bilinmezli\u011fin g\u00f6lgesinde yol alan insan, ya\u015fam\u0131na anlam katabilmek ad\u0131na yolu ayd\u0131nlatacak bir \u0131\u015f\u0131k arad\u0131 durdu. Sordu, sorgulad\u0131, bazen var olan cevaplara tutundu bazen yeni ve farkl\u0131 cevaplar \u00fcretme \u00e7abas\u0131na girdi. Bu anlam aray\u0131\u015f\u0131 son derece k\u0131ymetli \u00e7\u00fcnk\u00fc insan var olman\u0131n hakk\u0131n\u0131 verebilecek potansiyele sahip ola\u011fan\u00fcst\u00fc bir t\u00fcr ve onun muhte\u015fem \u00f6z\u00fc, filozofik bir yumurtada gizli. Safiye Bellaz, Filozofik Yumurta kitab\u0131nda, insan\u0131n kendine ula\u015fma \u00e7abas\u0131n\u0131 felsefe tart\u0131\u015fmalar\u0131 \u0131\u015f\u0131\u011f\u0131nda ele al\u0131yor. Bu kitap; d\u00fc\u015f\u00fcnen, sorgulayan ve kendini arayan herkes i\u00e7in yaz\u0131ld\u0131. Filozofik Yumurta\u2019y\u0131 basit sorularla, sorgulamalarla ba\u015flayan ama kazd\u0131k\u00e7a, derinlerde \u00e7ok farkl\u0131 boyutlara kap\u0131lar a\u00e7an maceralarla dolu bir yolculu\u011fun seyir defteri gibi okuyacaks\u0131n\u0131z. <\/p>\n","protected":false},"excerpt":{"rendered":"<p>Ya\u015fam\u0131m\u0131z hakikat midir yoksa bir yan\u0131lsama m\u0131? Kader \u00e7ark\u0131 k\u0131r\u0131labilir mi? Zaman ger\u00e7ek midir yoksa sadece bir hayalet mi? Her \u015feyi bilebilir miyiz? Bu sorular\u0131n en<span class=\"excerpt-hellip\"> [\u2026]<\/span><\/p>\n","protected":false},"featured_media":0,"template":"","meta":{"_monsterinsights_skip_tracking":false,"_monsterinsights_sitenote_active":false,"_monsterinsights_sitenote_note":"","_monsterinsights_sitenote_category":0},"product_brand":[],"product_cat":[12364,12376],"product_tag":[],"class_list":{"0":"post-749333","1":"product","2":"type-product","3":"status-publish","5":"product_cat-genel-konular","6":"product_cat-kisisel-gelisim","7":"pa_cilt-ciltsiz","8":"pa_tur-kitap","9":"pa_yayinevi-muptela-yayinevi","10":"pa_yazar-safiye-bellaz","12":"first","13":"instock","14":"sale","15":"shipping-taxable","16":"purchasable","17":"product-type-simple"},"_links":{"self":[{"href":"https:\/\/roveyayinevi.com.tr\/index.php\/wp-json\/wp\/v2\/product\/749333","targetHints":{"allow":["GET"]}}],"collection":[{"href":"https:\/\/roveyayinevi.com.tr\/index.php\/wp-json\/wp\/v2\/product"}],"about":[{"href":"https:\/\/roveyayinevi.com.tr\/index.php\/wp-json\/wp\/v2\/types\/product"}],"wp:attachment":[{"href":"https:\/\/roveyayinevi.com.tr\/index.php\/wp-json\/wp\/v2\/media?parent=749333"}],"wp:term":[{"taxonomy":"product_brand","embeddable":true,"href":"https:\/\/roveyayinevi.com.tr\/index.php\/wp-json\/wp\/v2\/product_brand?post=749333"},{"taxonomy":"product_cat","embeddable":true,"href":"https:\/\/roveyayinevi.com.tr\/index.php\/wp-json\/wp\/v2\/product_cat?post=749333"},{"taxonomy":"product_tag","embeddable":true,"href":"https:\/\/roveyayinevi.com.tr\/index.php\/wp-json\/wp\/v2\/product_tag?post=749333"}],"curies":[{"name":"wp","href":"https:\/\/api.w.org\/{rel}","templated":true}]}}