{"id":749332,"date":"2025-08-28T03:53:31","date_gmt":"2025-08-28T00:53:31","guid":{"rendered":"https:\/\/roveyayinevi.com.tr\/index.php\/urun\/yakinliklar\/"},"modified":"2026-04-16T03:03:01","modified_gmt":"2026-04-16T00:03:01","slug":"yakinliklar","status":"publish","type":"product","link":"https:\/\/roveyayinevi.com.tr\/index.php\/urun\/yakinliklar\/","title":{"rendered":"Yak\u0131nl\u0131klar"},"content":{"rendered":"<p>On bir \u015fiir kitab\u0131n\u0131n sahibi, Ka\u015fgar dergisinin kurucular\u0131ndan ve \u015fiir \u00fczerine kaleme ald\u0131\u011f\u0131 ele\u015ftiri metinleriyle \u00e7a\u011fda\u015f edebiyat\u0131m\u0131z\u0131n g\u00fc\u00e7l\u00fc isimlerinden \u00d6mer Erdem\u2019in deneme yaz\u0131lar\u0131, Yak\u0131nl\u0131klar\u2019da bir araya geliyor. Yaln\u0131zca k\u00fclt\u00fcr-sanata de\u011fil, insana ve ya\u015fama dair 41 yaz\u0131da, g\u00fcne\u015fle konu\u015fmalardan kar sevincine, Tanp\u0131nar\u2019\u0131n \u015fiirinden Ara G\u00fcler\u2019in S\u00fcleymaniye\u2019sine varana, b\u00fct\u00fcn\u00fcn i\u00e7inde yer alan ince ayr\u0131nt\u0131lar\u0131n pe\u015fine d\u00fc\u015f\u00fcyor \u00d6mer Erdem \u2013 \u015fairin g\u00f6r\u00fcnmeyeni fark eden bak\u0131\u015f\u0131yla.   \u201cElimde solgun toz rengi d\u00f6rt erik. Tozu al\u0131n\u0131nca parlamaya haz\u0131r. \u2018Ku\u015fy\u00fcre\u011fi\u2019 ismi beni a\u011f\u0131na d\u00fc\u015f\u00fcr\u00fcyor. Akl\u0131m ba\u015f\u0131mdan gitmi\u015f. Ne yarat\u0131c\u0131 bir isimlendirme. Ku\u015f yumurtas\u0131 irili\u011finde d\u00f6rt erik. Elim terliyor. Ayaktaki adama, \u2018Cebinizdeki radyo mu, yoksa cep telefonu mu?\u2019 diye soruyorum. \u2018Cep,\u2019 diyor g\u00fcl\u00fcmseyerek. V\u00fccudundan t\u00fcrk\u00fc y\u00fckseliyor adam\u0131n. Elimde d\u00f6rt ku\u015f. D\u00f6rt ku\u015fy\u00fcre\u011fi. Oturan adam, erikleri bitirinceye kadar bekleyecek. Erken vakitte yoldan ge\u00e7enlere \u2018ku\u015fy\u00fcre\u011fi\u2019 verecek.\u201d <\/p>\n","protected":false},"excerpt":{"rendered":"<p>On bir \u015fiir kitab\u0131n\u0131n sahibi, Ka\u015fgar dergisinin kurucular\u0131ndan ve \u015fiir \u00fczerine kaleme ald\u0131\u011f\u0131 ele\u015ftiri metinleriyle \u00e7a\u011fda\u015f edebiyat\u0131m\u0131z\u0131n g\u00fc\u00e7l\u00fc isimlerinden \u00d6mer Erdem\u2019in deneme yaz\u0131lar\u0131, Yak\u0131nl\u0131klar\u2019da bir araya<span class=\"excerpt-hellip\"> [\u2026]<\/span><\/p>\n","protected":false},"featured_media":0,"template":"","meta":{"_monsterinsights_skip_tracking":false,"_monsterinsights_sitenote_active":false,"_monsterinsights_sitenote_note":"","_monsterinsights_sitenote_category":0},"product_brand":[],"product_cat":[12777,12291],"product_tag":[],"class_list":{"0":"post-749332","1":"product","2":"type-product","3":"status-publish","5":"product_cat-deneme","6":"product_cat-edebiyat","7":"pa_cilt-ciltsiz","8":"pa_tur-kitap","9":"pa_yayinevi-ithaki-yayinlari","10":"pa_yazar-omer-erdem","12":"first","13":"instock","14":"sale","15":"shipping-taxable","16":"purchasable","17":"product-type-simple"},"_links":{"self":[{"href":"https:\/\/roveyayinevi.com.tr\/index.php\/wp-json\/wp\/v2\/product\/749332","targetHints":{"allow":["GET"]}}],"collection":[{"href":"https:\/\/roveyayinevi.com.tr\/index.php\/wp-json\/wp\/v2\/product"}],"about":[{"href":"https:\/\/roveyayinevi.com.tr\/index.php\/wp-json\/wp\/v2\/types\/product"}],"wp:attachment":[{"href":"https:\/\/roveyayinevi.com.tr\/index.php\/wp-json\/wp\/v2\/media?parent=749332"}],"wp:term":[{"taxonomy":"product_brand","embeddable":true,"href":"https:\/\/roveyayinevi.com.tr\/index.php\/wp-json\/wp\/v2\/product_brand?post=749332"},{"taxonomy":"product_cat","embeddable":true,"href":"https:\/\/roveyayinevi.com.tr\/index.php\/wp-json\/wp\/v2\/product_cat?post=749332"},{"taxonomy":"product_tag","embeddable":true,"href":"https:\/\/roveyayinevi.com.tr\/index.php\/wp-json\/wp\/v2\/product_tag?post=749332"}],"curies":[{"name":"wp","href":"https:\/\/api.w.org\/{rel}","templated":true}]}}