{"id":749331,"date":"2025-08-28T03:53:29","date_gmt":"2025-08-28T00:53:29","guid":{"rendered":"https:\/\/roveyayinevi.com.tr\/index.php\/urun\/guvercinciler\/"},"modified":"2026-04-16T03:03:01","modified_gmt":"2026-04-16T00:03:01","slug":"guvercinciler","status":"publish","type":"product","link":"https:\/\/roveyayinevi.com.tr\/index.php\/urun\/guvercinciler\/","title":{"rendered":"G\u00fcvercinciler"},"content":{"rendered":"<p>\u201cYirmi birinci y\u00fczy\u0131l edebiyat\u0131n\u0131n m\u00fchim kitaplar\u0131ndan.\u201d \u2013Toni Morrison   \u201cAlice Hoffman\u2019\u0131n g\u00f6zler \u00f6n\u00fcne serdi\u011fi tarihle olsun, kaleminin kuvvetiyle olsun, G\u00fcvercinciler\u2019in etkisini h\u00e2l\u00e2 \u00fczerimden atamad\u0131m.\u201d \u2013Jodi Picoult   Kud\u00fcs\u2019\u00fcn d\u00fc\u015fmesinin ard\u0131ndan Romal\u0131lara teslim olmak istemeyen Yahudiler Masada Kalesi\u2019ne s\u0131\u011f\u0131nm\u0131\u015ft\u0131r. Romal\u0131lar\u0131n ku\u015fatt\u0131\u011f\u0131 Masada Kalesi, \u00e7ok farkl\u0131 yollardan ge\u00e7erek ayn\u0131 yere varan d\u00f6rt kad\u0131n\u0131n unutulmaz hik\u00e2yesine sahne olacakt\u0131r.   Do\u011fumu s\u0131ras\u0131nda annesini kaybeden, suikast\u00e7\u0131 babas\u0131 taraf\u0131ndan bu \u00f6l\u00fcmden sorumlu tutulan Yael. K\u0131z\u0131n\u0131n Romal\u0131lar taraf\u0131ndan katledili\u015fine tan\u0131k olan, k\u00f6y\u00fcn f\u0131r\u0131nc\u0131s\u0131n\u0131n e\u015fi Revka. Bir o\u011flan \u00e7ocu\u011fu gibi yeti\u015ftirilen, en yak\u0131nlar\u0131n\u0131n bile bihaber oldu\u011fu gizli bir ya\u015fam s\u00fcren Aziza. \u0130skenderiye do\u011fumlu, sad\u0131k oldu\u011fu kadar da tehlikeli olan, Moab Cad\u0131s\u0131 g\u00fczeller g\u00fczeli Shirah.   Ku\u015fatman\u0131n giderek zorla\u015fan \u015fartlar\u0131nda hayatta kalmaya \u00e7al\u0131\u015fan bu d\u00f6rt kad\u0131n\u0131n yollar\u0131 hi\u00e7 beklenmedik \u015fekilde kesi\u015fecektir. <\/p>\n","protected":false},"excerpt":{"rendered":"<p>\u201cYirmi birinci y\u00fczy\u0131l edebiyat\u0131n\u0131n m\u00fchim kitaplar\u0131ndan.\u201d \u2013Toni Morrison \u201cAlice Hoffman\u2019\u0131n g\u00f6zler \u00f6n\u00fcne serdi\u011fi tarihle olsun, kaleminin kuvvetiyle olsun, G\u00fcvercinciler\u2019in etkisini h\u00e2l\u00e2 \u00fczerimden atamad\u0131m.\u201d \u2013Jodi Picoult Kud\u00fcs\u2019\u00fcn<span class=\"excerpt-hellip\"> [\u2026]<\/span><\/p>\n","protected":false},"featured_media":0,"template":"","meta":{"_monsterinsights_skip_tracking":false,"_monsterinsights_sitenote_active":false,"_monsterinsights_sitenote_note":"","_monsterinsights_sitenote_category":0},"product_brand":[],"product_cat":[12291,12711],"product_tag":[],"class_list":{"0":"post-749331","1":"product","2":"type-product","3":"status-publish","5":"product_cat-edebiyat","6":"product_cat-roman-oyku","7":"pa_cilt-ciltsiz","8":"pa_tur-kitap","9":"pa_yayinevi-ithaki-yayinlari","10":"pa_yazar-alice-hoffman","12":"first","13":"instock","14":"sale","15":"shipping-taxable","16":"purchasable","17":"product-type-simple"},"_links":{"self":[{"href":"https:\/\/roveyayinevi.com.tr\/index.php\/wp-json\/wp\/v2\/product\/749331","targetHints":{"allow":["GET"]}}],"collection":[{"href":"https:\/\/roveyayinevi.com.tr\/index.php\/wp-json\/wp\/v2\/product"}],"about":[{"href":"https:\/\/roveyayinevi.com.tr\/index.php\/wp-json\/wp\/v2\/types\/product"}],"wp:attachment":[{"href":"https:\/\/roveyayinevi.com.tr\/index.php\/wp-json\/wp\/v2\/media?parent=749331"}],"wp:term":[{"taxonomy":"product_brand","embeddable":true,"href":"https:\/\/roveyayinevi.com.tr\/index.php\/wp-json\/wp\/v2\/product_brand?post=749331"},{"taxonomy":"product_cat","embeddable":true,"href":"https:\/\/roveyayinevi.com.tr\/index.php\/wp-json\/wp\/v2\/product_cat?post=749331"},{"taxonomy":"product_tag","embeddable":true,"href":"https:\/\/roveyayinevi.com.tr\/index.php\/wp-json\/wp\/v2\/product_tag?post=749331"}],"curies":[{"name":"wp","href":"https:\/\/api.w.org\/{rel}","templated":true}]}}