{"id":749327,"date":"2025-08-28T03:53:22","date_gmt":"2025-08-28T00:53:22","guid":{"rendered":"https:\/\/roveyayinevi.com.tr\/index.php\/urun\/galaktik-trenyolunda-gece-vakti\/"},"modified":"2026-04-16T03:03:00","modified_gmt":"2026-04-16T00:03:00","slug":"galaktik-trenyolunda-gece-vakti","status":"publish","type":"product","link":"https:\/\/roveyayinevi.com.tr\/index.php\/urun\/galaktik-trenyolunda-gece-vakti\/","title":{"rendered":"Galaktik Trenyolu\u2019nda Gece Vakti"},"content":{"rendered":"<p>\u201cTurnay\u0131 g\u00f6z\u00fcnden vurdun, bu bilet o kadar de\u011ferli ki&#8230; Bununla g\u00f6klerin \u00f6tesine bile seyahat edebilirsin! G\u00f6klerin \u00f6tesini de ge\u00e7tim, g\u00f6nl\u00fcnden ge\u00e7en her yere gidebilirsin! Hatta bu bilet sayesinde, Galaktik Trenyolu seni bu kusurlu d\u00f6rd\u00fcnc\u00fc boyutun herhangi bir yerinde b\u0131rakabilir. Hem de istedi\u011fin zaman! Demek ki sen baya\u011f\u0131 \u00f6nemli bir \u00e7ocuksun. Ne g\u00fczel!\u201d   Duygusal ve sembolizm y\u00fckl\u00fc \u00e7ocuk \u00f6yk\u00fcleriyle tan\u0131nan Kenci Miyazava, Japonya\u2019n\u0131n en sevilen yazar ve \u015fairlerinden biri. Bir\u00e7ok \u00f6yk\u00fcs\u00fcnde galaksiyi, uzay\u0131 ve y\u0131ld\u0131zlar\u0131 metafor olarak kullanmay\u0131 se\u00e7en Miyazava\u2019n\u0131n en \u00f6nemli eseri Galaktik Trenyolu\u2019nda Gece Vakti hem sevimli hem de h\u00fcz\u00fcnl\u00fc bir yolculu\u011fu anlat\u0131yor.   Arkada\u015flar\u0131 taraf\u0131ndan d\u0131\u015flanan Giovanni, Y\u0131ld\u0131z Festivali gecesinde bir tepede yaln\u0131z ba\u015f\u0131na g\u00f6ky\u00fcz\u00fcn\u00fc izlerken gizemli bir tren tepeye yakla\u015f\u0131r. Galaksiyi dola\u015fan bu trene binen Giovanni orada ona iyi davranan tek arkada\u015f\u0131 Campanella\u2019y\u0131 g\u00f6r\u00fcr. Birlikte bir tak\u0131my\u0131ld\u0131zdan di\u011ferine yolculuk ederlerken tuhaf insanlarla kar\u015f\u0131la\u015f\u0131rlar ve dostlu\u011fun, mutlulu\u011fun ayr\u0131ca \u00f6l\u00fcm\u00fcn ne oldu\u011funu \u00f6\u011frenirler. <\/p>\n","protected":false},"excerpt":{"rendered":"<p>\u201cTurnay\u0131 g\u00f6z\u00fcnden vurdun, bu bilet o kadar de\u011ferli ki&#8230; Bununla g\u00f6klerin \u00f6tesine bile seyahat edebilirsin! G\u00f6klerin \u00f6tesini de ge\u00e7tim, g\u00f6nl\u00fcnden ge\u00e7en her yere gidebilirsin! Hatta bu<span class=\"excerpt-hellip\"> [\u2026]<\/span><\/p>\n","protected":false},"featured_media":0,"template":"","meta":{"_monsterinsights_skip_tracking":false,"_monsterinsights_sitenote_active":false,"_monsterinsights_sitenote_note":"","_monsterinsights_sitenote_category":0},"product_brand":[],"product_cat":[12291,14777],"product_tag":[],"class_list":{"0":"post-749327","1":"product","2":"type-product","3":"status-publish","5":"product_cat-edebiyat","6":"product_cat-fantastik","7":"pa_cilt-ciltsiz","8":"pa_tur-kitap","9":"pa_yayinevi-ithaki-yayinlari","10":"pa_yazar-kenci-miyazava","12":"first","13":"instock","14":"sale","15":"shipping-taxable","16":"purchasable","17":"product-type-simple"},"_links":{"self":[{"href":"https:\/\/roveyayinevi.com.tr\/index.php\/wp-json\/wp\/v2\/product\/749327","targetHints":{"allow":["GET"]}}],"collection":[{"href":"https:\/\/roveyayinevi.com.tr\/index.php\/wp-json\/wp\/v2\/product"}],"about":[{"href":"https:\/\/roveyayinevi.com.tr\/index.php\/wp-json\/wp\/v2\/types\/product"}],"wp:attachment":[{"href":"https:\/\/roveyayinevi.com.tr\/index.php\/wp-json\/wp\/v2\/media?parent=749327"}],"wp:term":[{"taxonomy":"product_brand","embeddable":true,"href":"https:\/\/roveyayinevi.com.tr\/index.php\/wp-json\/wp\/v2\/product_brand?post=749327"},{"taxonomy":"product_cat","embeddable":true,"href":"https:\/\/roveyayinevi.com.tr\/index.php\/wp-json\/wp\/v2\/product_cat?post=749327"},{"taxonomy":"product_tag","embeddable":true,"href":"https:\/\/roveyayinevi.com.tr\/index.php\/wp-json\/wp\/v2\/product_tag?post=749327"}],"curies":[{"name":"wp","href":"https:\/\/api.w.org\/{rel}","templated":true}]}}