{"id":749314,"date":"2025-08-28T03:53:03","date_gmt":"2025-08-28T00:53:03","guid":{"rendered":"https:\/\/roveyayinevi.com.tr\/index.php\/urun\/kisa-hindistan-tarihi\/"},"modified":"2026-04-16T03:03:00","modified_gmt":"2026-04-16T00:03:00","slug":"kisa-hindistan-tarihi","status":"publish","type":"product","link":"https:\/\/roveyayinevi.com.tr\/index.php\/urun\/kisa-hindistan-tarihi\/","title":{"rendered":"K\u0131sa Hindistan Tarihi"},"content":{"rendered":"<p>D\u00fcnyan\u0131n en eski uygarl\u0131klar\u0131ndan ve en b\u00fcy\u00fck demokrasilerinden biri olan Hindistan 5000 y\u0131l\u0131 a\u015fk\u0131n harika ve kaotik tarihin bir arada \u00f6rd\u00fc\u011f\u00fc geleneklerin, \u0131rklar\u0131n, kastlar\u0131n, dillerin ve inan\u00e7lar\u0131n bir kar\u0131\u015f\u0131m\u0131d\u0131r. John Zubrzycki ilk insanlardan ve Harappa uygarl\u0131\u011f\u0131ndan M\u00fcsl\u00fcman fatihlere, B\u00fcy\u00fck Bab\u00fcrlere, \u0130ngiliz y\u00f6netimine, \u00fclkenin \u00f6zerklik ve ba\u011f\u0131ms\u0131zl\u0131k m\u00fccadelesine kadar her \u015feyi ustaca \u00f6zetlerken Hindistan tarihinin karma\u015f\u0131k ve z\u0131t katmanlar\u0131n\u0131 b\u00fcy\u00fcleyici bir canl\u0131 anlat\u0131mla okurlara sunuyor. T\u0131ptan matemati\u011fe, edebiyattan m\u00fczi\u011fe, Budizm\u2019den Bollywood\u2019a dek Hindistan Asya\u2019ya ve d\u00fcnyaya damgas\u0131n\u0131 vurmu\u015ftur. Yoksulluk ve cehalet ile m\u00fccadelesi etkileyici d\u00fczeyde olsa da \u00fclkenin ya\u015fad\u0131\u011f\u0131 g\u00fc\u00e7l\u00fckler devam ediyor. Hindistan\u2019\u0131n yeniden y\u00fckseli\u015fe ge\u00e7ip k\u00fcresel bir g\u00fc\u00e7 olabilmek i\u00e7in siyasi, sosyal ve din\u00ee gerilimlerin \u00fcstesinden gelip gelemeyece\u011fini yaln\u0131zca zaman g\u00f6sterecek. <\/p>\n","protected":false},"excerpt":{"rendered":"<p>D\u00fcnyan\u0131n en eski uygarl\u0131klar\u0131ndan ve en b\u00fcy\u00fck demokrasilerinden biri olan Hindistan 5000 y\u0131l\u0131 a\u015fk\u0131n harika ve kaotik tarihin bir arada \u00f6rd\u00fc\u011f\u00fc geleneklerin, \u0131rklar\u0131n, kastlar\u0131n, dillerin ve<span class=\"excerpt-hellip\"> [\u2026]<\/span><\/p>\n","protected":false},"featured_media":0,"template":"","meta":{"_monsterinsights_skip_tracking":false,"_monsterinsights_sitenote_active":false,"_monsterinsights_sitenote_note":"","_monsterinsights_sitenote_category":0},"product_brand":[],"product_cat":[12370,12304],"product_tag":[],"class_list":{"0":"post-749314","1":"product","2":"type-product","3":"status-publish","5":"product_cat-arastirma-inceleme","6":"product_cat-tarih","7":"pa_cilt-ciltsiz","8":"pa_tur-kitap","9":"pa_yayinevi-say-yayinlari","10":"pa_yazar-john-zubrzycki","12":"first","13":"instock","14":"sale","15":"shipping-taxable","16":"purchasable","17":"product-type-simple"},"_links":{"self":[{"href":"https:\/\/roveyayinevi.com.tr\/index.php\/wp-json\/wp\/v2\/product\/749314","targetHints":{"allow":["GET"]}}],"collection":[{"href":"https:\/\/roveyayinevi.com.tr\/index.php\/wp-json\/wp\/v2\/product"}],"about":[{"href":"https:\/\/roveyayinevi.com.tr\/index.php\/wp-json\/wp\/v2\/types\/product"}],"wp:attachment":[{"href":"https:\/\/roveyayinevi.com.tr\/index.php\/wp-json\/wp\/v2\/media?parent=749314"}],"wp:term":[{"taxonomy":"product_brand","embeddable":true,"href":"https:\/\/roveyayinevi.com.tr\/index.php\/wp-json\/wp\/v2\/product_brand?post=749314"},{"taxonomy":"product_cat","embeddable":true,"href":"https:\/\/roveyayinevi.com.tr\/index.php\/wp-json\/wp\/v2\/product_cat?post=749314"},{"taxonomy":"product_tag","embeddable":true,"href":"https:\/\/roveyayinevi.com.tr\/index.php\/wp-json\/wp\/v2\/product_tag?post=749314"}],"curies":[{"name":"wp","href":"https:\/\/api.w.org\/{rel}","templated":true}]}}