{"id":749312,"date":"2025-08-28T03:53:00","date_gmt":"2025-08-28T00:53:00","guid":{"rendered":"https:\/\/roveyayinevi.com.tr\/index.php\/urun\/yaseda-ve-kubi-harflerle-dunya-turu\/"},"modified":"2026-04-16T03:03:00","modified_gmt":"2026-04-16T00:03:00","slug":"yaseda-ve-kubi-harflerle-dunya-turu","status":"publish","type":"product","link":"https:\/\/roveyayinevi.com.tr\/index.php\/urun\/yaseda-ve-kubi-harflerle-dunya-turu\/","title":{"rendered":"Yaseda ve K\u00fcbi &#8211; Harflerle D\u00fcnya Turu"},"content":{"rendered":"<p>Harflerle D\u00fcnya Turu Etkinlik Kitab\u0131 \u00dclkeler arac\u0131l\u0131\u011f\u0131yla harflere dikkat \u00e7ekerek farkl\u0131 geli\u015fim alanlar\u0131na y\u00f6nelik e\u011flenceli etkinlikler sunar ve okuma yazma e\u011fitimini destekler. \u00dcyelik Avantaj\u0131 Ses fark\u0131ndal\u0131\u011f\u0131n\u0131 geli\u015ftiren uygulamalara eri\u015fim hakk\u0131 verir. QR Kod ile Dijital \u0130\u00e7eriklere Eri\u015fim Animasyonlara, dijital oyunlara ve kelime kutular\u0131na her yerden eri\u015fim kolayl\u0131\u011f\u0131 sa\u011flar. \u00dclke Animasyonlar\u0131 D\u00fcnyay\u0131 harfler arac\u0131l\u0131\u011f\u0131yla ke\u015ffetme ve ses fark\u0131ndal\u0131\u011f\u0131n\u0131 geli\u015ftirme imk\u00e2n\u0131 sunar.<\/p>\n","protected":false},"excerpt":{"rendered":"<p>Harflerle D\u00fcnya Turu Etkinlik Kitab\u0131 \u00dclkeler arac\u0131l\u0131\u011f\u0131yla harflere dikkat \u00e7ekerek farkl\u0131 geli\u015fim alanlar\u0131na y\u00f6nelik e\u011flenceli etkinlikler sunar ve okuma yazma e\u011fitimini destekler. \u00dcyelik Avantaj\u0131 Ses fark\u0131ndal\u0131\u011f\u0131n\u0131<span class=\"excerpt-hellip\"> [\u2026]<\/span><\/p>\n","protected":false},"featured_media":0,"template":"","meta":{"_monsterinsights_skip_tracking":false,"_monsterinsights_sitenote_active":false,"_monsterinsights_sitenote_note":"","_monsterinsights_sitenote_category":0},"product_brand":[],"product_cat":[12274,15842],"product_tag":[],"class_list":{"0":"post-749312","1":"product","2":"type-product","3":"status-publish","5":"product_cat-cocuk-ve-genclik-kitaplari","6":"product_cat-egitici-kitaplar","7":"pa_cilt-ciltsiz","8":"pa_tur-kitap","9":"pa_yayinevi-altin-kitaplar-ozel-urun","10":"pa_yazar-yasemin-isbitiren-sevil-ozdemir-damla-usta-birtane","12":"first","13":"instock","14":"sale","15":"shipping-taxable","16":"purchasable","17":"product-type-simple"},"_links":{"self":[{"href":"https:\/\/roveyayinevi.com.tr\/index.php\/wp-json\/wp\/v2\/product\/749312","targetHints":{"allow":["GET"]}}],"collection":[{"href":"https:\/\/roveyayinevi.com.tr\/index.php\/wp-json\/wp\/v2\/product"}],"about":[{"href":"https:\/\/roveyayinevi.com.tr\/index.php\/wp-json\/wp\/v2\/types\/product"}],"wp:attachment":[{"href":"https:\/\/roveyayinevi.com.tr\/index.php\/wp-json\/wp\/v2\/media?parent=749312"}],"wp:term":[{"taxonomy":"product_brand","embeddable":true,"href":"https:\/\/roveyayinevi.com.tr\/index.php\/wp-json\/wp\/v2\/product_brand?post=749312"},{"taxonomy":"product_cat","embeddable":true,"href":"https:\/\/roveyayinevi.com.tr\/index.php\/wp-json\/wp\/v2\/product_cat?post=749312"},{"taxonomy":"product_tag","embeddable":true,"href":"https:\/\/roveyayinevi.com.tr\/index.php\/wp-json\/wp\/v2\/product_tag?post=749312"}],"curies":[{"name":"wp","href":"https:\/\/api.w.org\/{rel}","templated":true}]}}