{"id":749309,"date":"2025-08-28T03:52:56","date_gmt":"2025-08-28T00:52:56","guid":{"rendered":"https:\/\/roveyayinevi.com.tr\/index.php\/urun\/sirgah\/"},"modified":"2026-04-16T03:03:00","modified_gmt":"2026-04-16T00:03:00","slug":"sirgah","status":"publish","type":"product","link":"https:\/\/roveyayinevi.com.tr\/index.php\/urun\/sirgah\/","title":{"rendered":"S\u0131rgah"},"content":{"rendered":"<p>\u0130nsan\u0131n as\u0131l s\u0131rr\u0131 kendi kalbinin i\u00e7inde beklemektedir&#8230;   Kalbinizdeki s\u0131rr\u0131 unutturmak isteseler de&#8230; Asl\u0131nda yolunu bildi\u011finiz bir s\u0131rg\u00e2h\u0131n\u0131z var&#8230; Birbirinize g\u00fcl\u00fcmsedi\u011finiz, kelimeleri hi\u00e7 incitmedi\u011finiz ve incinmedi\u011finiz \u015fefkatli, hikmetli, a\u015fk\u0131n bir iklimin yurdu&#8230; Hayati S\u0131r, bu hak\u00eekatli iklimden sesleniyor&#8230; S\u00fcku\u0302netle&#8230; A\u0302g\u00e2h olal\u0131m, kendimizi \u2018an\u2019layal\u0131m diye&#8230; \u00d6z\u00fcn \u00f6z\u00fcne, \u2018s\u00f6z\u2019\u00fcn yurduna \u00e7a\u011f\u0131r\u0131yor&#8230;   \u2018S\u00f6z\u2019\u00fcn yurduna vard\u0131\u011f\u0131n\u0131zda, siz de \u00e7a\u011f\u0131r\u0131n sevdiklerinizi, \u00e7ocuklar\u0131, ku\u015flar\u0131&#8230; Yaz\u0131n\u0131n m\u00fcmbit bah\u00e7esinde bulu\u015fun, birlikte \u2018oku\u2019yun bu s\u00f6zleri&#8230; \u2018S\u00f6z\u2019 verin&#8230; \u2018S\u00f6z\u2019\u00fcn\u00fcz\u00fc hat\u0131rlat\u0131n birbirinize&#8230; A\u015fk\u2019a ait oldu\u011funuzu hat\u0131rlay\u0131n&#8230; <\/p>\n","protected":false},"excerpt":{"rendered":"<p>\u0130nsan\u0131n as\u0131l s\u0131rr\u0131 kendi kalbinin i\u00e7inde beklemektedir&#8230; Kalbinizdeki s\u0131rr\u0131 unutturmak isteseler de&#8230; Asl\u0131nda yolunu bildi\u011finiz bir s\u0131rg\u00e2h\u0131n\u0131z var&#8230; Birbirinize g\u00fcl\u00fcmsedi\u011finiz, kelimeleri hi\u00e7 incitmedi\u011finiz ve incinmedi\u011finiz \u015fefkatli,<span class=\"excerpt-hellip\"> [\u2026]<\/span><\/p>\n","protected":false},"featured_media":0,"template":"","meta":{"_monsterinsights_skip_tracking":false,"_monsterinsights_sitenote_active":false,"_monsterinsights_sitenote_note":"","_monsterinsights_sitenote_category":0},"product_brand":[],"product_cat":[12718,12719,15238],"product_tag":[],"class_list":{"0":"post-749309","1":"product","2":"type-product","3":"status-publish","5":"product_cat-din","6":"product_cat-islam","7":"product_cat-tasavvuf","8":"pa_cilt-ciltsiz","9":"pa_tur-kitap","10":"pa_yayinevi-hayykitap","11":"pa_yazar-hayati-sir","13":"first","14":"instock","15":"sale","16":"shipping-taxable","17":"purchasable","18":"product-type-simple"},"_links":{"self":[{"href":"https:\/\/roveyayinevi.com.tr\/index.php\/wp-json\/wp\/v2\/product\/749309","targetHints":{"allow":["GET"]}}],"collection":[{"href":"https:\/\/roveyayinevi.com.tr\/index.php\/wp-json\/wp\/v2\/product"}],"about":[{"href":"https:\/\/roveyayinevi.com.tr\/index.php\/wp-json\/wp\/v2\/types\/product"}],"wp:attachment":[{"href":"https:\/\/roveyayinevi.com.tr\/index.php\/wp-json\/wp\/v2\/media?parent=749309"}],"wp:term":[{"taxonomy":"product_brand","embeddable":true,"href":"https:\/\/roveyayinevi.com.tr\/index.php\/wp-json\/wp\/v2\/product_brand?post=749309"},{"taxonomy":"product_cat","embeddable":true,"href":"https:\/\/roveyayinevi.com.tr\/index.php\/wp-json\/wp\/v2\/product_cat?post=749309"},{"taxonomy":"product_tag","embeddable":true,"href":"https:\/\/roveyayinevi.com.tr\/index.php\/wp-json\/wp\/v2\/product_tag?post=749309"}],"curies":[{"name":"wp","href":"https:\/\/api.w.org\/{rel}","templated":true}]}}