{"id":749302,"date":"2025-08-28T03:52:47","date_gmt":"2025-08-28T00:52:47","guid":{"rendered":"https:\/\/roveyayinevi.com.tr\/index.php\/urun\/kendiyle-dost-olmak-hayati-nasil-kolaylastirir\/"},"modified":"2026-04-16T03:03:00","modified_gmt":"2026-04-16T00:03:00","slug":"kendiyle-dost-olmak-hayati-nasil-kolaylastirir","status":"publish","type":"product","link":"https:\/\/roveyayinevi.com.tr\/index.php\/urun\/kendiyle-dost-olmak-hayati-nasil-kolaylastirir\/","title":{"rendered":"Kendiyle Dost Olmak Hayat\u0131 Nas\u0131l Kolayla\u015ft\u0131r\u0131r?"},"content":{"rendered":"<p>Ba\u015fkalar\u0131yla ili\u015fkimizde, zaman zaman mola alabilir, araya mesafe koyabilir, hatta gerekirse kar\u015f\u0131m\u0131zdakinden tamamen vazge\u00e7ebiliriz. Oysa kendimizle ili\u015fkimizde bunlar\u0131n hi\u00e7biri m\u00fcmk\u00fcn de\u011fildir. Benli\u011fimizle g\u00fcn\u00fcn 24 saati, y\u0131l\u0131n 365 g\u00fcn\u00fc beraber ya\u015famak zorunday\u0131zd\u0131r, son nefesimize kadar. \u0130yi de olsa k\u00f6t\u00fc de olsa, bize aittir. O halde bu zorunlu ili\u015fkiyi dostlu\u011fa d\u00f6n\u00fc\u015ft\u00fcrmek, daha huzurlu, daha mutlu, daha doygun bir hayat s\u00fcrmenin anahtar\u0131 olarak g\u00f6r\u00fclebilir. Kendiyle dost olmak, kendini sevmek mi demektir? \u0130kisi aras\u0131nda bilin\u00e7li bir tercih yap\u0131labilir mi? Kendiyle dost olan ki\u015finin ba\u015fkalar\u0131yla ili\u015fkileri bundan nas\u0131l etkilenir? Kendine bedenen ve ruhen \u00f6zen g\u00f6stermek, ki\u015finin kendisiyle ili\u015fkisinde neden hayati bir rol oynar? S\u0131n\u0131rlar\u0131n\u0131, g\u00fcc\u00fcn\u00fc ve imk\u00e2nlar\u0131n\u0131 bilmenin ki\u015fiye katk\u0131s\u0131 nedir? Hayat amac\u0131n\u0131 ke\u015ffetmenin, ki\u015fisel de\u011ferlerini ve al\u0131\u015fkanl\u0131klar\u0131n\u0131 tan\u0131mlaman\u0131n, yara ve travmalar\u0131yla y\u00fczle\u015fmenin kendiyle dost olmakla nas\u0131l bir ba\u011f\u0131 vard\u0131r? Kendi hik\u00e2yesini yazmak ne demektir? Hayat\u0131n bereketine a\u00e7\u0131k olmak nas\u0131l m\u00fcmk\u00fcnd\u00fcr? Kitaplar\u0131 d\u00fcnyan\u0131n farkl\u0131 \u00fclkelerinde geni\u015f okur kitleleriyle bulu\u015fan felsefeci ve ara\u015ft\u0131rmac\u0131 Wilhelm Schmid Kendiyle Dost Olmak\u2019ta, \u201cKendini sev\u201d slogan\u0131yla gitgide daha fazla sarmaland\u0131\u011f\u0131m\u0131z g\u00fcn\u00fcm\u00fczde, kendimizle sa\u011fl\u0131kl\u0131 ve dostane bir ili\u015fki kurman\u0131n \u00f6nemine vurgu yap\u0131yor. \u0130nsan\u0131n, kendine d\u00f6n\u00fck abart\u0131l\u0131 bir sevginin tehlikelerine kap\u0131lmadan, s\u00fck\u00fbnetle kendisiyle me\u015fgul olmas\u0131n\u0131n, hayat yolunu \u00e7izmede nas\u0131l de\u011ferli bir kaynak olabilece\u011fini g\u00f6steriyor.<\/p>\n","protected":false},"excerpt":{"rendered":"<p>Ba\u015fkalar\u0131yla ili\u015fkimizde, zaman zaman mola alabilir, araya mesafe koyabilir, hatta gerekirse kar\u015f\u0131m\u0131zdakinden tamamen vazge\u00e7ebiliriz. Oysa kendimizle ili\u015fkimizde bunlar\u0131n hi\u00e7biri m\u00fcmk\u00fcn de\u011fildir. Benli\u011fimizle g\u00fcn\u00fcn 24 saati, y\u0131l\u0131n<span class=\"excerpt-hellip\"> [\u2026]<\/span><\/p>\n","protected":false},"featured_media":0,"template":"","meta":{"_monsterinsights_skip_tracking":false,"_monsterinsights_sitenote_active":false,"_monsterinsights_sitenote_note":"","_monsterinsights_sitenote_category":0},"product_brand":[],"product_cat":[12358,12357],"product_tag":[],"class_list":{"0":"post-749302","1":"product","2":"type-product","3":"status-publish","5":"product_cat-genel-psikoloji","6":"product_cat-psikoloji","7":"pa_cilt-ciltsiz","8":"pa_tur-kitap","9":"pa_yayinevi-iletisim-yayinlari","10":"pa_yazar-wilhelm-schmid","12":"first","13":"instock","14":"sale","15":"shipping-taxable","16":"purchasable","17":"product-type-simple"},"_links":{"self":[{"href":"https:\/\/roveyayinevi.com.tr\/index.php\/wp-json\/wp\/v2\/product\/749302","targetHints":{"allow":["GET"]}}],"collection":[{"href":"https:\/\/roveyayinevi.com.tr\/index.php\/wp-json\/wp\/v2\/product"}],"about":[{"href":"https:\/\/roveyayinevi.com.tr\/index.php\/wp-json\/wp\/v2\/types\/product"}],"wp:attachment":[{"href":"https:\/\/roveyayinevi.com.tr\/index.php\/wp-json\/wp\/v2\/media?parent=749302"}],"wp:term":[{"taxonomy":"product_brand","embeddable":true,"href":"https:\/\/roveyayinevi.com.tr\/index.php\/wp-json\/wp\/v2\/product_brand?post=749302"},{"taxonomy":"product_cat","embeddable":true,"href":"https:\/\/roveyayinevi.com.tr\/index.php\/wp-json\/wp\/v2\/product_cat?post=749302"},{"taxonomy":"product_tag","embeddable":true,"href":"https:\/\/roveyayinevi.com.tr\/index.php\/wp-json\/wp\/v2\/product_tag?post=749302"}],"curies":[{"name":"wp","href":"https:\/\/api.w.org\/{rel}","templated":true}]}}