{"id":749287,"date":"2025-08-28T03:52:25","date_gmt":"2025-08-28T00:52:25","guid":{"rendered":"https:\/\/roveyayinevi.com.tr\/index.php\/urun\/hz-muhammedin-aise-ile-9-yasinda-evlenmesi-tartismalarina-son-nokta\/"},"modified":"2026-03-12T03:10:37","modified_gmt":"2026-03-12T00:10:37","slug":"hz-muhammedin-aise-ile-9-yasinda-evlenmesi-tartismalarina-son-nokta","status":"publish","type":"product","link":"https:\/\/roveyayinevi.com.tr\/index.php\/urun\/hz-muhammedin-aise-ile-9-yasinda-evlenmesi-tartismalarina-son-nokta\/","title":{"rendered":"Hz. Muhammed&#8217;in Ai\u015fe \u0130le 9 Ya\u015f\u0131nda Evlenmesi Tart\u0131\u015fmalar\u0131na Son Nokta"},"content":{"rendered":"<p>Bu eser b\u00fcy\u00fck emek verilerek ve g\u00fcncel tart\u0131\u015fmalar g\u00f6z \u00f6n\u00fcnde tutularak yaz\u0131lm\u0131\u015f bir eserdir. \u201cHz. Muhammed\u2019in Ai\u015fe ile  9 Ya\u015f\u0131nda \u0130ken Evlendi\u011fi Tart\u0131\u015fmalar\u0131na Son Nokta.\u201d, kitab\u0131n\u0131 yazmam, M\u00fcsl\u00fcmanlar aras\u0131nda gereksiz d\u00fc\u015f\u00fcnce, espri, tart\u0131\u015fmalara son vermek amac\u0131yla ve \u00f6zellikle kahraman anadolu erenlerinin torunlar\u0131 olan analar\u0131m\u0131za, bac\u0131lar\u0131m\u0131za, e\u015flerimize, teyzelerimize, ninelerimize sayg\u0131n\u0131n dinen ne kadar de\u011fer ta\u015f\u0131d\u0131\u011f\u0131 ger\u00e7e\u011fini g\u00f6stermek i\u00e7in kaleme al\u0131nm\u0131\u015ft\u0131r. Eserde kaynak tutarl\u0131l\u0131\u011f\u0131na \u00e7ok dikkat etti\u011fimiz i\u00e7in kaynaklar\u0131 metniyle verdik. \u201ce\u2019l-Mektebetu\u2019\u015f-\u015e\u00e2mile\u201d ad\u0131yla elektronik- Bilgisayar ortam\u0131na aktar\u0131lm\u0131\u015f 10.000 \u00fczerinde kitaplar\u0131n ilgili olanlar\u0131ndan yararlanmakla birlikte, ayr\u0131ca kulland\u0131\u011f\u0131m\u0131z kaynaklar\u0131 kitaplardan da kontrol ettik. <\/p>\n","protected":false},"excerpt":{"rendered":"<p>Bu eser b\u00fcy\u00fck emek verilerek ve g\u00fcncel tart\u0131\u015fmalar g\u00f6z \u00f6n\u00fcnde tutularak yaz\u0131lm\u0131\u015f bir eserdir. \u201cHz. Muhammed\u2019in Ai\u015fe ile 9 Ya\u015f\u0131nda \u0130ken Evlendi\u011fi Tart\u0131\u015fmalar\u0131na Son Nokta.\u201d, kitab\u0131n\u0131<span class=\"excerpt-hellip\"> [\u2026]<\/span><\/p>\n","protected":false},"featured_media":0,"template":"","meta":{"_monsterinsights_skip_tracking":false,"_monsterinsights_sitenote_active":false,"_monsterinsights_sitenote_note":"","_monsterinsights_sitenote_category":0},"product_brand":[],"product_cat":[13036,12718,12719],"product_tag":[],"class_list":{"0":"post-749287","1":"product","2":"type-product","3":"status-publish","5":"product_cat-arastirma-inceleme-islam","6":"product_cat-din","7":"product_cat-islam","8":"pa_cilt-ciltsiz","9":"pa_tur-kitap","10":"pa_yayinevi-kirmizi-cati-yayinlari","11":"pa_yazar-osman-zumrut","13":"first","14":"instock","15":"sale","16":"shipping-taxable","17":"purchasable","18":"product-type-simple"},"_links":{"self":[{"href":"https:\/\/roveyayinevi.com.tr\/index.php\/wp-json\/wp\/v2\/product\/749287","targetHints":{"allow":["GET"]}}],"collection":[{"href":"https:\/\/roveyayinevi.com.tr\/index.php\/wp-json\/wp\/v2\/product"}],"about":[{"href":"https:\/\/roveyayinevi.com.tr\/index.php\/wp-json\/wp\/v2\/types\/product"}],"wp:attachment":[{"href":"https:\/\/roveyayinevi.com.tr\/index.php\/wp-json\/wp\/v2\/media?parent=749287"}],"wp:term":[{"taxonomy":"product_brand","embeddable":true,"href":"https:\/\/roveyayinevi.com.tr\/index.php\/wp-json\/wp\/v2\/product_brand?post=749287"},{"taxonomy":"product_cat","embeddable":true,"href":"https:\/\/roveyayinevi.com.tr\/index.php\/wp-json\/wp\/v2\/product_cat?post=749287"},{"taxonomy":"product_tag","embeddable":true,"href":"https:\/\/roveyayinevi.com.tr\/index.php\/wp-json\/wp\/v2\/product_tag?post=749287"}],"curies":[{"name":"wp","href":"https:\/\/api.w.org\/{rel}","templated":true}]}}