{"id":749286,"date":"2025-08-28T03:52:24","date_gmt":"2025-08-28T00:52:24","guid":{"rendered":"https:\/\/roveyayinevi.com.tr\/index.php\/urun\/abdnin-kirli-yuzu\/"},"modified":"2026-04-16T03:01:48","modified_gmt":"2026-04-16T00:01:48","slug":"abdnin-kirli-yuzu","status":"publish","type":"product","link":"https:\/\/roveyayinevi.com.tr\/index.php\/urun\/abdnin-kirli-yuzu\/","title":{"rendered":"ABD&#8217;nin Kirli Y\u00fcz\u00fc"},"content":{"rendered":"<p>D\u00fcnyada darbenin olmad\u0131\u011f\u0131 tek yer ABD\u2019dir. \u00c7\u00fcnk\u00fc orada Amerikan Konsoloslu\u011fu yoktur. Kurulu\u015fundan g\u00fcn\u00fcm\u00fcze kadar 200\u2019e yak\u0131n d\u0131\u015f operasyon yapan ve d\u0131\u015f m\u00fcdahalede bulunan ABD, her seferinde o \u00fclkeye konu\u015flanm\u0131\u015f ve emperyalist s\u00f6m\u00fcr\u00fcye devam etmi\u015ftir. CIA ise her zaman kirli i\u015fler servisi olmu\u015ftur. Laboratuvarlarda her t\u00fcrl\u00fc insanl\u0131k d\u0131\u015f\u0131 deneyi yapmaktan \u00e7ekinmemi\u015ftir. Demokrasi g\u00f6t\u00fcrd\u00fckleri \u00fclkelerde ise demokrasiyi uygulayacak insan b\u0131rakmam\u0131\u015ft\u0131r. Amerika\u2019n\u0131n kirli y\u00fcz\u00fcyle tan\u0131\u015fmaya haz\u0131r m\u0131s\u0131n\u0131z? <\/p>\n","protected":false},"excerpt":{"rendered":"<p>D\u00fcnyada darbenin olmad\u0131\u011f\u0131 tek yer ABD\u2019dir. \u00c7\u00fcnk\u00fc orada Amerikan Konsoloslu\u011fu yoktur. Kurulu\u015fundan g\u00fcn\u00fcm\u00fcze kadar 200\u2019e yak\u0131n d\u0131\u015f operasyon yapan ve d\u0131\u015f m\u00fcdahalede bulunan ABD, her seferinde<span class=\"excerpt-hellip\"> [\u2026]<\/span><\/p>\n","protected":false},"featured_media":0,"template":"","meta":{"_monsterinsights_skip_tracking":false,"_monsterinsights_sitenote_active":false,"_monsterinsights_sitenote_note":"","_monsterinsights_sitenote_category":0},"product_brand":[],"product_cat":[13590,12337],"product_tag":[],"class_list":{"0":"post-749286","1":"product","2":"type-product","3":"status-publish","5":"product_cat-arastirma-inceleme-politika-siyaset","6":"product_cat-politika-siyaset","7":"pa_cilt-ciltsiz","8":"pa_tur-kitap","9":"pa_yayinevi-cinaralti-yayinlari","10":"pa_yazar-ismail-corbaci","12":"first","13":"instock","14":"sale","15":"shipping-taxable","16":"purchasable","17":"product-type-simple"},"_links":{"self":[{"href":"https:\/\/roveyayinevi.com.tr\/index.php\/wp-json\/wp\/v2\/product\/749286","targetHints":{"allow":["GET"]}}],"collection":[{"href":"https:\/\/roveyayinevi.com.tr\/index.php\/wp-json\/wp\/v2\/product"}],"about":[{"href":"https:\/\/roveyayinevi.com.tr\/index.php\/wp-json\/wp\/v2\/types\/product"}],"wp:attachment":[{"href":"https:\/\/roveyayinevi.com.tr\/index.php\/wp-json\/wp\/v2\/media?parent=749286"}],"wp:term":[{"taxonomy":"product_brand","embeddable":true,"href":"https:\/\/roveyayinevi.com.tr\/index.php\/wp-json\/wp\/v2\/product_brand?post=749286"},{"taxonomy":"product_cat","embeddable":true,"href":"https:\/\/roveyayinevi.com.tr\/index.php\/wp-json\/wp\/v2\/product_cat?post=749286"},{"taxonomy":"product_tag","embeddable":true,"href":"https:\/\/roveyayinevi.com.tr\/index.php\/wp-json\/wp\/v2\/product_tag?post=749286"}],"curies":[{"name":"wp","href":"https:\/\/api.w.org\/{rel}","templated":true}]}}