{"id":749247,"date":"2025-08-28T03:51:25","date_gmt":"2025-08-28T00:51:25","guid":{"rendered":"https:\/\/roveyayinevi.com.tr\/index.php\/urun\/dr-jekyll-ve-bay-hyde\/"},"modified":"2026-04-16T03:01:47","modified_gmt":"2026-04-16T00:01:47","slug":"dr-jekyll-ve-bay-hyde","status":"publish","type":"product","link":"https:\/\/roveyayinevi.com.tr\/index.php\/urun\/dr-jekyll-ve-bay-hyde\/","title":{"rendered":"Dr. Jekyll ve Bay Hyde"},"content":{"rendered":"<p>Yumu\u015fak huylu ve sakin Doktor Jekyll, bir g\u00fcn laboratuvar\u0131nda haz\u0131rlad\u0131\u011f\u0131 bir kar\u0131\u015f\u0131m\u0131 i\u00e7tikten sonra zalim ve ac\u0131mas\u0131z Bay Hyde&#8217;a d\u00f6n\u00fc\u015f\u00fcr. \u0130lk ba\u015fta zarars\u0131z gibi g\u00f6r\u00fcnse de Bay Hyde bir su\u00e7 i\u015fler ve k\u0131sa s\u00fcre sonra her \u015fey kontrolden \u00e7\u0131kar. Art\u0131k Doktor Jekyll, Bay Hyde\u2019\u0131 durdurabilmenin bir yolunu bulmak zorundad\u0131r. \u201cHerkes iyi ve k\u00f6t\u00fcn\u00fcn bir kar\u0131\u015f\u0131m\u0131d\u0131r. En k\u00f6t\u00fc su\u00e7lunun bile i\u00e7inde bir par\u00e7a iyilik vard\u0131r. Sadece Edward Hyde tamamen k\u00f6t\u00fcyd\u00fc.\u201d<\/p>\n","protected":false},"excerpt":{"rendered":"<p>Yumu\u015fak huylu ve sakin Doktor Jekyll, bir g\u00fcn laboratuvar\u0131nda haz\u0131rlad\u0131\u011f\u0131 bir kar\u0131\u015f\u0131m\u0131 i\u00e7tikten sonra zalim ve ac\u0131mas\u0131z Bay Hyde&#8217;a d\u00f6n\u00fc\u015f\u00fcr. \u0130lk ba\u015fta zarars\u0131z gibi g\u00f6r\u00fcnse de<span class=\"excerpt-hellip\"> [\u2026]<\/span><\/p>\n","protected":false},"featured_media":0,"template":"","meta":{"_monsterinsights_skip_tracking":false,"_monsterinsights_sitenote_active":false,"_monsterinsights_sitenote_note":"","_monsterinsights_sitenote_category":0},"product_brand":[],"product_cat":[12274,12284],"product_tag":[],"class_list":{"0":"post-749247","1":"product","2":"type-product","3":"status-publish","5":"product_cat-cocuk-ve-genclik-kitaplari","6":"product_cat-hikayeler","7":"pa_cilt-ciltsiz","8":"pa_tur-kitap","9":"pa_yayinevi-peta-kitap","10":"pa_yazar-robert-louis-stevenson","12":"first","13":"instock","14":"sale","15":"shipping-taxable","16":"purchasable","17":"product-type-simple"},"_links":{"self":[{"href":"https:\/\/roveyayinevi.com.tr\/index.php\/wp-json\/wp\/v2\/product\/749247","targetHints":{"allow":["GET"]}}],"collection":[{"href":"https:\/\/roveyayinevi.com.tr\/index.php\/wp-json\/wp\/v2\/product"}],"about":[{"href":"https:\/\/roveyayinevi.com.tr\/index.php\/wp-json\/wp\/v2\/types\/product"}],"wp:attachment":[{"href":"https:\/\/roveyayinevi.com.tr\/index.php\/wp-json\/wp\/v2\/media?parent=749247"}],"wp:term":[{"taxonomy":"product_brand","embeddable":true,"href":"https:\/\/roveyayinevi.com.tr\/index.php\/wp-json\/wp\/v2\/product_brand?post=749247"},{"taxonomy":"product_cat","embeddable":true,"href":"https:\/\/roveyayinevi.com.tr\/index.php\/wp-json\/wp\/v2\/product_cat?post=749247"},{"taxonomy":"product_tag","embeddable":true,"href":"https:\/\/roveyayinevi.com.tr\/index.php\/wp-json\/wp\/v2\/product_tag?post=749247"}],"curies":[{"name":"wp","href":"https:\/\/api.w.org\/{rel}","templated":true}]}}