{"id":749237,"date":"2025-08-28T03:51:09","date_gmt":"2025-08-28T00:51:09","guid":{"rendered":"https:\/\/roveyayinevi.com.tr\/index.php\/urun\/karadeniz-bozkirinda-savas-devlet-ve-toplum-1500-1700\/"},"modified":"2026-04-16T03:01:47","modified_gmt":"2026-04-16T00:01:47","slug":"karadeniz-bozkirinda-savas-devlet-ve-toplum-1500-1700","status":"publish","type":"product","link":"https:\/\/roveyayinevi.com.tr\/index.php\/urun\/karadeniz-bozkirinda-savas-devlet-ve-toplum-1500-1700\/","title":{"rendered":"Karadeniz Bozk\u0131r\u0131nda Sava\u015f, Devlet ve Toplum (1500-1700)"},"content":{"rendered":"<p>On alt\u0131nc\u0131 ve on yedinci y\u00fczy\u0131llarda Moskova Knezli\u011fi, Karadeniz\u2019in yukar\u0131s\u0131ndaki verimli bozk\u0131rlar\u0131n kontrol\u00fc i\u00e7in K\u0131r\u0131m Hanl\u0131\u011f\u0131, Osmanl\u0131 \u0130mparatorlu\u011fu ve Polonya-Litvanya Devletler Toplulu\u011fu\u2019na kar\u015f\u0131 maliyetli bir m\u00fccadele y\u00fcr\u00fctt\u00fc. Bu, b\u00fcy\u00fck stratejik ve ekonomik \u00f6neme sahip bir b\u00f6lge \u2013 o d\u00f6nemlerde Avrasya\u2019n\u0131n muhtemelen merkezi idi. Yine de Rusya tarihindeki bu \u00f6nemli d\u00f6nem, tarih\u00e7ilerce bug\u00fcne kadar g\u00f6z ard\u0131 edilmi\u015ftir. Brian L. Davies\u2019in \u00e7al\u0131\u015fmas\u0131, Rusya\u2019n\u0131n b\u00fcy\u00fck bir g\u00fc\u00e7 olarak ortaya \u00e7\u0131k\u0131\u015f\u0131na ili\u015fkin temel bir kavray\u0131\u015f sa\u011fl\u0131yor. Uzun s\u00fcren sava\u015f seferleri Rusya\u2019n\u0131n n\u00fcfusuna, ekonomisine ve kurumlar\u0131na b\u00fcy\u00fck bir zarar verdi ve Bat\u0131\u2019daki Rus askeri ve diplomatik tasar\u0131lar\u0131n\u0131 defalarca engelledi veya d\u00f6n\u00fc\u015ft\u00fcrd\u00fc. Bu m\u00fccadele, Rus devlet in\u015fa s\u00fcrecini y\u00f6nlendirmek, askeri reformu \u00e7abukla\u015ft\u0131rmak ve Rusya\u2019n\u0131n \u0130mparatorluk d\u00fc\u015flerini \u015fekillendirmek i\u00e7in t\u0131pk\u0131 Rusya\u2019n\u0131n kuzey ve orta Avrupa\u2019daki sava\u015flar\u0131 kadar \u00f6nemliydi. Karadeniz Bozk\u0131r\u0131\u2019nda Sava\u015f, Devlet ve Toplum (1500\u20131700) bu m\u00fccadelenin gidi\u015fat\u0131n\u0131 inceliyor ve Rusya\u2019n\u0131n nihai h\u00e2kimiyetinin, ordu komuta-kontrol, lojistik ve taktiklerdeki geli\u015fmelere ek olarak yeni askeri kolonizasyon stratejilerinden nas\u0131l kaynakland\u0131\u011f\u0131n\u0131 a\u00e7\u0131kl\u0131yor.<\/p>\n","protected":false},"excerpt":{"rendered":"<p>On alt\u0131nc\u0131 ve on yedinci y\u00fczy\u0131llarda Moskova Knezli\u011fi, Karadeniz\u2019in yukar\u0131s\u0131ndaki verimli bozk\u0131rlar\u0131n kontrol\u00fc i\u00e7in K\u0131r\u0131m Hanl\u0131\u011f\u0131, Osmanl\u0131 \u0130mparatorlu\u011fu ve Polonya-Litvanya Devletler Toplulu\u011fu\u2019na kar\u015f\u0131 maliyetli bir m\u00fccadele<span class=\"excerpt-hellip\"> [\u2026]<\/span><\/p>\n","protected":false},"featured_media":0,"template":"","meta":{"_monsterinsights_skip_tracking":false,"_monsterinsights_sitenote_active":false,"_monsterinsights_sitenote_note":"","_monsterinsights_sitenote_category":0},"product_brand":[],"product_cat":[12312,12304],"product_tag":[],"class_list":{"0":"post-749237","1":"product","2":"type-product","3":"status-publish","5":"product_cat-diger","6":"product_cat-tarih","7":"pa_cilt-ciltsiz","8":"pa_tur-kitap","9":"pa_yayinevi-koyusiyah-kitap","10":"pa_yazar-brian-l-davies","12":"first","13":"instock","14":"sale","15":"shipping-taxable","16":"purchasable","17":"product-type-simple"},"_links":{"self":[{"href":"https:\/\/roveyayinevi.com.tr\/index.php\/wp-json\/wp\/v2\/product\/749237","targetHints":{"allow":["GET"]}}],"collection":[{"href":"https:\/\/roveyayinevi.com.tr\/index.php\/wp-json\/wp\/v2\/product"}],"about":[{"href":"https:\/\/roveyayinevi.com.tr\/index.php\/wp-json\/wp\/v2\/types\/product"}],"wp:attachment":[{"href":"https:\/\/roveyayinevi.com.tr\/index.php\/wp-json\/wp\/v2\/media?parent=749237"}],"wp:term":[{"taxonomy":"product_brand","embeddable":true,"href":"https:\/\/roveyayinevi.com.tr\/index.php\/wp-json\/wp\/v2\/product_brand?post=749237"},{"taxonomy":"product_cat","embeddable":true,"href":"https:\/\/roveyayinevi.com.tr\/index.php\/wp-json\/wp\/v2\/product_cat?post=749237"},{"taxonomy":"product_tag","embeddable":true,"href":"https:\/\/roveyayinevi.com.tr\/index.php\/wp-json\/wp\/v2\/product_tag?post=749237"}],"curies":[{"name":"wp","href":"https:\/\/api.w.org\/{rel}","templated":true}]}}