{"id":749233,"date":"2025-08-28T03:51:02","date_gmt":"2025-08-28T00:51:02","guid":{"rendered":"https:\/\/roveyayinevi.com.tr\/index.php\/urun\/calmak-ne-kadar-kolay-dedi-dimitri\/"},"modified":"2026-04-16T03:01:47","modified_gmt":"2026-04-16T00:01:47","slug":"calmak-ne-kadar-kolay-dedi-dimitri","status":"publish","type":"product","link":"https:\/\/roveyayinevi.com.tr\/index.php\/urun\/calmak-ne-kadar-kolay-dedi-dimitri\/","title":{"rendered":"\u201c\u00c7almak Ne Kadar Kolay\u201d dedi Dimitri"},"content":{"rendered":"<p>Fakir bir bal\u0131k\u00e7\u0131n\u0131n o\u011flu olan Dimitri, para ve \u015f\u00f6hrete kavu\u015fmak i\u00e7in sadece cesaretli olmas\u0131 gerekti\u011fini biliyordur. 1870&#8217;li y\u0131llar\u0131n \u0130zmir&#8217;inde ba\u015flayan Dimitri&#8217;nin hik\u00e2yesi, yoksul ve kimsesiz kalan bir \u00e7ocu\u011fun direni\u015f ve hayata tutunma \u00e7abas\u0131n\u0131 oldu\u011fu kadar a\u015fk, sevgi, h\u0131rs ve nefretin birlikteli\u011fini de anlat\u0131yor. <\/p>\n","protected":false},"excerpt":{"rendered":"<p>Fakir bir bal\u0131k\u00e7\u0131n\u0131n o\u011flu olan Dimitri, para ve \u015f\u00f6hrete kavu\u015fmak i\u00e7in sadece cesaretli olmas\u0131 gerekti\u011fini biliyordur. 1870&#8217;li y\u0131llar\u0131n \u0130zmir&#8217;inde ba\u015flayan Dimitri&#8217;nin hik\u00e2yesi, yoksul ve kimsesiz kalan<span class=\"excerpt-hellip\"> [\u2026]<\/span><\/p>\n","protected":false},"featured_media":0,"template":"","meta":{"_monsterinsights_skip_tracking":false,"_monsterinsights_sitenote_active":false,"_monsterinsights_sitenote_note":"","_monsterinsights_sitenote_category":0},"product_brand":[],"product_cat":[12291,12711],"product_tag":[],"class_list":{"0":"post-749233","1":"product","2":"type-product","3":"status-publish","5":"product_cat-edebiyat","6":"product_cat-roman-oyku","7":"pa_cilt-ciltsiz","8":"pa_tur-kitap","9":"pa_yayinevi-karina-yayinevi","10":"pa_yazar-m-celal-ersoy","12":"first","13":"instock","14":"sale","15":"shipping-taxable","16":"purchasable","17":"product-type-simple"},"_links":{"self":[{"href":"https:\/\/roveyayinevi.com.tr\/index.php\/wp-json\/wp\/v2\/product\/749233","targetHints":{"allow":["GET"]}}],"collection":[{"href":"https:\/\/roveyayinevi.com.tr\/index.php\/wp-json\/wp\/v2\/product"}],"about":[{"href":"https:\/\/roveyayinevi.com.tr\/index.php\/wp-json\/wp\/v2\/types\/product"}],"wp:attachment":[{"href":"https:\/\/roveyayinevi.com.tr\/index.php\/wp-json\/wp\/v2\/media?parent=749233"}],"wp:term":[{"taxonomy":"product_brand","embeddable":true,"href":"https:\/\/roveyayinevi.com.tr\/index.php\/wp-json\/wp\/v2\/product_brand?post=749233"},{"taxonomy":"product_cat","embeddable":true,"href":"https:\/\/roveyayinevi.com.tr\/index.php\/wp-json\/wp\/v2\/product_cat?post=749233"},{"taxonomy":"product_tag","embeddable":true,"href":"https:\/\/roveyayinevi.com.tr\/index.php\/wp-json\/wp\/v2\/product_tag?post=749233"}],"curies":[{"name":"wp","href":"https:\/\/api.w.org\/{rel}","templated":true}]}}