{"id":749225,"date":"2025-08-28T03:50:21","date_gmt":"2025-08-28T00:50:21","guid":{"rendered":"https:\/\/roveyayinevi.com.tr\/index.php\/urun\/sirin-tamircilerle-bir-gun\/"},"modified":"2026-04-16T03:01:47","modified_gmt":"2026-04-16T00:01:47","slug":"sirin-tamircilerle-bir-gun","status":"publish","type":"product","link":"https:\/\/roveyayinevi.com.tr\/index.php\/urun\/sirin-tamircilerle-bir-gun\/","title":{"rendered":"\u015eirin Tamircilerle Bir G\u00fcn"},"content":{"rendered":"<p>Duli, bug\u00fcn \u00e7ok heyecanl\u0131. Babas\u0131yla birlikte i\u015fe gidiyor. Oto tamirhanesinde \u015eirin Tamirciler\u2019e yard\u0131m edecek. Tamir edilecek bir y\u0131\u011f\u0131n ara\u00e7 var. Duli kendisinin de k\u0131sa s\u00fcrede usta bir tamirci olaca\u011f\u0131na inan\u0131yor ama bu arada ortal\u0131\u011f\u0131 biraz kar\u0131\u015ft\u0131r\u0131yor&#8230; Olur b\u00f6yle \u015feyler! Arabalar\u0131, motorlar\u0131 ve aletleri seven \u00e7ocuklar bu kitaba bay\u0131lacak! <\/p>\n","protected":false},"excerpt":{"rendered":"<p>Duli, bug\u00fcn \u00e7ok heyecanl\u0131. Babas\u0131yla birlikte i\u015fe gidiyor. Oto tamirhanesinde \u015eirin Tamirciler\u2019e yard\u0131m edecek. Tamir edilecek bir y\u0131\u011f\u0131n ara\u00e7 var. Duli kendisinin de k\u0131sa s\u00fcrede usta<span class=\"excerpt-hellip\"> [\u2026]<\/span><\/p>\n","protected":false},"featured_media":0,"template":"","meta":{"_monsterinsights_skip_tracking":false,"_monsterinsights_sitenote_active":false,"_monsterinsights_sitenote_note":"","_monsterinsights_sitenote_category":0},"product_brand":[],"product_cat":[12274,12518],"product_tag":[],"class_list":{"0":"post-749225","1":"product","2":"type-product","3":"status-publish","5":"product_cat-cocuk-ve-genclik-kitaplari","6":"product_cat-okul-oncesi-kitaplar","7":"pa_cilt-ciltsiz","8":"pa_tur-kitap","9":"pa_yayinevi-is-bankasi-kultur-yayinlari","10":"pa_yazar-sharon-rentta","12":"first","13":"instock","14":"sale","15":"shipping-taxable","16":"purchasable","17":"product-type-simple"},"_links":{"self":[{"href":"https:\/\/roveyayinevi.com.tr\/index.php\/wp-json\/wp\/v2\/product\/749225","targetHints":{"allow":["GET"]}}],"collection":[{"href":"https:\/\/roveyayinevi.com.tr\/index.php\/wp-json\/wp\/v2\/product"}],"about":[{"href":"https:\/\/roveyayinevi.com.tr\/index.php\/wp-json\/wp\/v2\/types\/product"}],"wp:attachment":[{"href":"https:\/\/roveyayinevi.com.tr\/index.php\/wp-json\/wp\/v2\/media?parent=749225"}],"wp:term":[{"taxonomy":"product_brand","embeddable":true,"href":"https:\/\/roveyayinevi.com.tr\/index.php\/wp-json\/wp\/v2\/product_brand?post=749225"},{"taxonomy":"product_cat","embeddable":true,"href":"https:\/\/roveyayinevi.com.tr\/index.php\/wp-json\/wp\/v2\/product_cat?post=749225"},{"taxonomy":"product_tag","embeddable":true,"href":"https:\/\/roveyayinevi.com.tr\/index.php\/wp-json\/wp\/v2\/product_tag?post=749225"}],"curies":[{"name":"wp","href":"https:\/\/api.w.org\/{rel}","templated":true}]}}