{"id":749223,"date":"2025-08-28T03:50:19","date_gmt":"2025-08-28T00:50:19","guid":{"rendered":"https:\/\/roveyayinevi.com.tr\/index.php\/urun\/azimli-tosbaga-ile-kibirli-tavsan\/"},"modified":"2026-04-16T03:01:47","modified_gmt":"2026-04-16T00:01:47","slug":"azimli-tosbaga-ile-kibirli-tavsan","status":"publish","type":"product","link":"https:\/\/roveyayinevi.com.tr\/index.php\/urun\/azimli-tosbaga-ile-kibirli-tavsan\/","title":{"rendered":"Azimli Tosba\u011fa ile Kibirli Tav\u015fan"},"content":{"rendered":"<p>Ezop Masallar\u0131, ritmik ve kafiyeli anlat\u0131m\u0131, e\u011flenceli \u00e7izimleri ve etkile\u015fimli etkinlik sayfalar\u0131yla yeniden \u00e7ocuklarla bulu\u015fuyor. Tav\u015fan, mahallenin en h\u0131zl\u0131s\u0131d\u0131r. B\u00fct\u00fcn yar\u0131\u015flarda birincidir, kazand\u0131\u011f\u0131 kupalar salona s\u0131\u011fmayacak kadar \u00e7oktur. \u0130\u015fte bu y\u00fczden, bu h\u0131zl\u0131 tav\u015fan kendini herkesten \u00fcst\u00fcn g\u00f6r\u00fcyor. \u015eimdi de yolda rastlad\u0131\u011f\u0131 Tosba\u011fa\u2019yla yar\u0131\u015fmak istiyor. Kendine \u00e7ok ama \u00e7ok g\u00fcveniyor, rakibine g\u00fcl\u00fcp ge\u00e7iyor. Tosba\u011fa ise \u00e7ok \u00e7al\u0131\u015fmaya kararl\u0131. Acaba bu yar\u0131\u015f\u0131 kim kazanacak? <\/p>\n","protected":false},"excerpt":{"rendered":"<p>Ezop Masallar\u0131, ritmik ve kafiyeli anlat\u0131m\u0131, e\u011flenceli \u00e7izimleri ve etkile\u015fimli etkinlik sayfalar\u0131yla yeniden \u00e7ocuklarla bulu\u015fuyor. Tav\u015fan, mahallenin en h\u0131zl\u0131s\u0131d\u0131r. B\u00fct\u00fcn yar\u0131\u015flarda birincidir, kazand\u0131\u011f\u0131 kupalar salona s\u0131\u011fmayacak<span class=\"excerpt-hellip\"> [\u2026]<\/span><\/p>\n","protected":false},"featured_media":0,"template":"","meta":{"_monsterinsights_skip_tracking":false,"_monsterinsights_sitenote_active":false,"_monsterinsights_sitenote_note":"","_monsterinsights_sitenote_category":0},"product_brand":[],"product_cat":[12274,12518],"product_tag":[],"class_list":{"0":"post-749223","1":"product","2":"type-product","3":"status-publish","5":"product_cat-cocuk-ve-genclik-kitaplari","6":"product_cat-okul-oncesi-kitaplar","7":"pa_cilt-ciltsiz","8":"pa_tur-kitap","9":"pa_yayinevi-is-bankasi-kultur-yayinlari","10":"pa_yazar-ridvan-salih","12":"first","13":"instock","14":"sale","15":"shipping-taxable","16":"purchasable","17":"product-type-simple"},"_links":{"self":[{"href":"https:\/\/roveyayinevi.com.tr\/index.php\/wp-json\/wp\/v2\/product\/749223","targetHints":{"allow":["GET"]}}],"collection":[{"href":"https:\/\/roveyayinevi.com.tr\/index.php\/wp-json\/wp\/v2\/product"}],"about":[{"href":"https:\/\/roveyayinevi.com.tr\/index.php\/wp-json\/wp\/v2\/types\/product"}],"wp:attachment":[{"href":"https:\/\/roveyayinevi.com.tr\/index.php\/wp-json\/wp\/v2\/media?parent=749223"}],"wp:term":[{"taxonomy":"product_brand","embeddable":true,"href":"https:\/\/roveyayinevi.com.tr\/index.php\/wp-json\/wp\/v2\/product_brand?post=749223"},{"taxonomy":"product_cat","embeddable":true,"href":"https:\/\/roveyayinevi.com.tr\/index.php\/wp-json\/wp\/v2\/product_cat?post=749223"},{"taxonomy":"product_tag","embeddable":true,"href":"https:\/\/roveyayinevi.com.tr\/index.php\/wp-json\/wp\/v2\/product_tag?post=749223"}],"curies":[{"name":"wp","href":"https:\/\/api.w.org\/{rel}","templated":true}]}}