{"id":749218,"date":"2025-08-28T03:50:11","date_gmt":"2025-08-28T00:50:11","guid":{"rendered":"https:\/\/roveyayinevi.com.tr\/index.php\/urun\/kardesler-ciltli\/"},"modified":"2026-04-16T03:01:47","modified_gmt":"2026-04-16T00:01:47","slug":"kardesler-ciltli","status":"publish","type":"product","link":"https:\/\/roveyayinevi.com.tr\/index.php\/urun\/kardesler-ciltli\/","title":{"rendered":"Karde\u015fler (Ciltli)"},"content":{"rendered":"<p>Brigitte Reimann, 1960 y\u0131l\u0131nda iki Almanya\u2019n\u0131n trajedisi y\u00fcz\u00fcnden \u00e7ekti\u011fi ac\u0131y\u0131 g\u00fcnl\u00fc\u011f\u00fcne yazarken, Karde\u015fler \u00e7oktan zihninde \u015fekillenmeye ba\u015flam\u0131\u015ft\u0131: \u201cPar\u00e7alanan aileler, karde\u015flerin birbirine d\u00fc\u015fmesi, nas\u0131l da edebi bir tema!\u201d Bir y\u0131l sonra roman\u0131 yazmaya koyuldu. Reimann\u2019\u0131n kendi karde\u015finin de Bat\u0131\u2019ya g\u00f6\u00e7 etti\u011fi 1960\u2019ta, Do\u011fu ve Bat\u0131 Almanya aras\u0131ndaki s\u0131n\u0131r kapanm\u0131\u015ft\u0131r. Ana karakteri gen\u00e7 ressam Elisabeth\u2019e g\u00f6re, Alman Demokratik Cumhuriyeti kendi ku\u015fa\u011f\u0131 i\u00e7in e\u015fitlik\u00e7i ve utkulu bir sosyalist gelece\u011fi temsil etmektedir. \u00c7ok sevdi\u011fi a\u011fabeyi Uli ise \u00fclkede bir geli\u015fme umudu g\u00f6rmedi\u011fi i\u00e7in Bat\u0131\u2019ya ge\u00e7meye karar vermi\u015ftir. \u0130ki karde\u015fin aras\u0131na derin bir ideolojik anla\u015fmazl\u0131\u011f\u0131n yan\u0131 s\u0131ra fiziksel bir s\u0131n\u0131r ve kontrol noktalar\u0131 da m\u0131 girecektir yoksa? Reimann Alman Demokratik Cumhuriyeti\u2019nde hayat\u0131n ak\u0131\u015f\u0131n\u0131, sistemde yurtta\u015flar\u0131 \u00fclkeyi terk etmeye iten yozla\u015fma emarelerini ve Almanya\u2019n\u0131n trajedisini \u201ci\u00e7eriden\u201d anlat\u0131rken s\u00f6z\u00fcn\u00fc sak\u0131nmaz. 1963 y\u0131l\u0131nda yay\u0131mlanan roman o d\u00f6nemde \u00e7ok tart\u0131\u015f\u0131lm\u0131\u015f, \u00f6zellikle de kendi ya\u015fad\u0131klar\u0131 gerilimleri yans\u0131tt\u0131\u011f\u0131 i\u00e7in gen\u00e7lerin ilgisini \u00e7ekmi\u015fti. Bug\u00fcn sava\u015f sonras\u0131 Do\u011fu Alman edebiyat\u0131n\u0131n \u00e7\u0131\u011f\u0131r a\u00e7an klasi\u011fi olarak kabul edilen Karde\u015fler, yay\u0131mlan\u0131\u015f\u0131ndan altm\u0131\u015f y\u0131l sonra, Modern Klasikler Dizisi\u2019nde yerini al\u0131yor.<\/p>\n","protected":false},"excerpt":{"rendered":"<p>Brigitte Reimann, 1960 y\u0131l\u0131nda iki Almanya\u2019n\u0131n trajedisi y\u00fcz\u00fcnden \u00e7ekti\u011fi ac\u0131y\u0131 g\u00fcnl\u00fc\u011f\u00fcne yazarken, Karde\u015fler \u00e7oktan zihninde \u015fekillenmeye ba\u015flam\u0131\u015ft\u0131: \u201cPar\u00e7alanan aileler, karde\u015flerin birbirine d\u00fc\u015fmesi, nas\u0131l da edebi bir<span class=\"excerpt-hellip\"> [\u2026]<\/span><\/p>\n","protected":false},"featured_media":0,"template":"","meta":{"_monsterinsights_skip_tracking":false,"_monsterinsights_sitenote_active":false,"_monsterinsights_sitenote_note":"","_monsterinsights_sitenote_category":0},"product_brand":[],"product_cat":[12291,12711],"product_tag":[],"class_list":{"0":"post-749218","1":"product","2":"type-product","3":"status-publish","5":"product_cat-edebiyat","6":"product_cat-roman-oyku","7":"pa_cilt-ciltli","8":"pa_tur-kitap","9":"pa_yayinevi-is-bankasi-kultur-yayinlari","10":"pa_yazar-brigitte-reimann","12":"first","13":"instock","14":"sale","15":"shipping-taxable","16":"purchasable","17":"product-type-simple"},"_links":{"self":[{"href":"https:\/\/roveyayinevi.com.tr\/index.php\/wp-json\/wp\/v2\/product\/749218","targetHints":{"allow":["GET"]}}],"collection":[{"href":"https:\/\/roveyayinevi.com.tr\/index.php\/wp-json\/wp\/v2\/product"}],"about":[{"href":"https:\/\/roveyayinevi.com.tr\/index.php\/wp-json\/wp\/v2\/types\/product"}],"wp:attachment":[{"href":"https:\/\/roveyayinevi.com.tr\/index.php\/wp-json\/wp\/v2\/media?parent=749218"}],"wp:term":[{"taxonomy":"product_brand","embeddable":true,"href":"https:\/\/roveyayinevi.com.tr\/index.php\/wp-json\/wp\/v2\/product_brand?post=749218"},{"taxonomy":"product_cat","embeddable":true,"href":"https:\/\/roveyayinevi.com.tr\/index.php\/wp-json\/wp\/v2\/product_cat?post=749218"},{"taxonomy":"product_tag","embeddable":true,"href":"https:\/\/roveyayinevi.com.tr\/index.php\/wp-json\/wp\/v2\/product_tag?post=749218"}],"curies":[{"name":"wp","href":"https:\/\/api.w.org\/{rel}","templated":true}]}}