{"id":749215,"date":"2025-08-28T03:50:06","date_gmt":"2025-08-28T00:50:06","guid":{"rendered":"https:\/\/roveyayinevi.com.tr\/index.php\/urun\/bir-sampiyon-olmani-saglayacak-50-zorlu-gorev-icin-kilavuz-ciltli\/"},"modified":"2026-04-16T03:01:47","modified_gmt":"2026-04-16T00:01:47","slug":"bir-sampiyon-olmani-saglayacak-50-zorlu-gorev-icin-kilavuz-ciltli","status":"publish","type":"product","link":"https:\/\/roveyayinevi.com.tr\/index.php\/urun\/bir-sampiyon-olmani-saglayacak-50-zorlu-gorev-icin-kilavuz-ciltli\/","title":{"rendered":"Bir \u015eampiyon Olman\u0131 Sa\u011flayacak 50 Zorlu G\u00f6rev \u0130\u00e7in K\u0131lavuz (Ciltli)"},"content":{"rendered":"<p>Atla, z\u0131pla, oyna, top sektir, ko\u015f, nefes al! \u0130nan, f\u0131rla, ka\u00e7, e\u011flen, pes etme\u2026 Ba\u015fla! \u015eampiyon kimdir? S\u00fcmeyye Boyac\u0131, Kareem Abdul-Jabbar ve daha niceleri\u2026 Asl\u0131nda herkes bir \u015fampiyondur. Peki, neden insanlar \u015fampiyon olmak ister? \u0130\u015fte, bu sorunun cevab\u0131n\u0131 sen vermelisin. \u00dc\u00e7 bacakl\u0131 ko\u015fudan mikado oyununa, mutluluk kumbaras\u0131ndan slaloma kadar bir \u015fampiyon olman\u0131 sa\u011flayacak 50 egzersize haz\u0131r m\u0131s\u0131n? 50 zorlu g\u00f6revi tamamla, rekorlar\u0131n\u0131 not et, kitab\u0131n kapa\u011f\u0131ndaki zarf\u0131 a\u00e7 ve sana \u00f6zel kart\u0131n\u0131 al. Hem bedenini hem de zihnini ar\u0131nd\u0131r, egzersiz yapmay\u0131 g\u00fcnl\u00fck ya\u015fam\u0131n\u0131n bir par\u00e7as\u0131 haline getir ve \u015fampiyon olman\u0131 sa\u011flayacak niteliklere kavu\u015f. Ama egzersizleri yaparken sana \u00f6nerilen \u015fark\u0131lar\u0131 dinlemeyi de ihmal etme! <\/p>\n","protected":false},"excerpt":{"rendered":"<p>Atla, z\u0131pla, oyna, top sektir, ko\u015f, nefes al! \u0130nan, f\u0131rla, ka\u00e7, e\u011flen, pes etme\u2026 Ba\u015fla! \u015eampiyon kimdir? S\u00fcmeyye Boyac\u0131, Kareem Abdul-Jabbar ve daha niceleri\u2026 Asl\u0131nda herkes<span class=\"excerpt-hellip\"> [\u2026]<\/span><\/p>\n","protected":false},"featured_media":0,"template":"","meta":{"_monsterinsights_skip_tracking":false,"_monsterinsights_sitenote_active":false,"_monsterinsights_sitenote_note":"","_monsterinsights_sitenote_category":0},"product_brand":[],"product_cat":[12274,15842],"product_tag":[],"class_list":{"0":"post-749215","1":"product","2":"type-product","3":"status-publish","5":"product_cat-cocuk-ve-genclik-kitaplari","6":"product_cat-egitici-kitaplar","7":"pa_cilt-ciltli","8":"pa_tur-kitap","9":"pa_yayinevi-odtu-gelistirme-vakfi-yayincilik","10":"pa_yazar-pierdomenico-baccalario-massimo-prosperi","12":"first","13":"instock","14":"sale","15":"shipping-taxable","16":"purchasable","17":"product-type-simple"},"_links":{"self":[{"href":"https:\/\/roveyayinevi.com.tr\/index.php\/wp-json\/wp\/v2\/product\/749215","targetHints":{"allow":["GET"]}}],"collection":[{"href":"https:\/\/roveyayinevi.com.tr\/index.php\/wp-json\/wp\/v2\/product"}],"about":[{"href":"https:\/\/roveyayinevi.com.tr\/index.php\/wp-json\/wp\/v2\/types\/product"}],"wp:attachment":[{"href":"https:\/\/roveyayinevi.com.tr\/index.php\/wp-json\/wp\/v2\/media?parent=749215"}],"wp:term":[{"taxonomy":"product_brand","embeddable":true,"href":"https:\/\/roveyayinevi.com.tr\/index.php\/wp-json\/wp\/v2\/product_brand?post=749215"},{"taxonomy":"product_cat","embeddable":true,"href":"https:\/\/roveyayinevi.com.tr\/index.php\/wp-json\/wp\/v2\/product_cat?post=749215"},{"taxonomy":"product_tag","embeddable":true,"href":"https:\/\/roveyayinevi.com.tr\/index.php\/wp-json\/wp\/v2\/product_tag?post=749215"}],"curies":[{"name":"wp","href":"https:\/\/api.w.org\/{rel}","templated":true}]}}