{"id":749183,"date":"2025-08-28T03:49:20","date_gmt":"2025-08-28T00:49:20","guid":{"rendered":"https:\/\/roveyayinevi.com.tr\/index.php\/urun\/deli-nehir\/"},"modified":"2026-04-08T03:08:48","modified_gmt":"2026-04-08T00:08:48","slug":"deli-nehir","status":"publish","type":"product","link":"https:\/\/roveyayinevi.com.tr\/index.php\/urun\/deli-nehir\/","title":{"rendered":"Deli Nehir"},"content":{"rendered":"<p>Maceran\u0131n ilk kural\u0131 hayatta kalmakt\u0131r! \u00d6d\u00fcll\u00fc usta yazar Rodman Philbrick, vah\u015fi do\u011fada yaln\u0131z kalan be\u015f \u00e7ocu\u011fun soluksuz maceras\u0131n\u0131 anlat\u0131yor. Da\u011f aslanlar\u0131ndan ay\u0131lara, dik yama\u00e7lardan ta\u015fk\u0131nlara ve a\u00e7l\u0131\u011fa kadar t\u00fcrl\u00fc tehlikeyle kar\u015f\u0131la\u015fan \u00e7ocuklar\u0131n hayatta kalma ser\u00fcveni, iyi k\u00f6t\u00fc s\u00fcrprizlerle dolu. Liderlik ve zorbal\u0131\u011f\u0131n, do\u011fal ya\u015fama uyum ve kendini ke\u015ffetmenin g\u00fc\u00e7l\u00fc bir anlat\u0131s\u0131 olan, s\u00fcr\u00fckleyici bir film tad\u0131ndaki roman, etkileyici bir cesaret ve dayan\u0131\u015fma hik\u00e2yesini dillendiriyor. Hayatta kalmak i\u00e7in ne kadar ileri gidilebilece\u011fini, her \u015feyini ortaya koyman\u0131n s\u0131n\u0131rlar\u0131n\u0131 tempolu bir anlat\u0131mla ve zengin betimlemeleriyle g\u00f6zler \u00f6n\u00fcne seriyor. Alt\u0131nc\u0131 s\u0131n\u0131ftaki iki k\u0131z \u00fc\u00e7 o\u011flan, Gelece\u011fin Liderleri Projesi\u2019ne se\u00e7ilirler. Birbirlerini pek tan\u0131mayan, farkl\u0131 karakterlere ve yeteneklere sahip be\u015flinin \u00e7\u0131kt\u0131\u011f\u0131 rafting gezisi, dev bir ta\u015fk\u0131n y\u00fcz\u00fcnden k\u00e2busa d\u00f6ner. Rehberlerinden ayr\u0131 d\u00fc\u015fen \u00e7ocuklar, vah\u015fi do\u011fada hayatta kalmak i\u00e7in zorlu bir m\u00fccadeleye giri\u015fir. \u00dcstelik, zorba Deke\u2019le yanda\u015f\u0131 Tony, s\u00fcrekli Daniel\u2019le alay eder, Mia ve Imani\u2019yi a\u015fa\u011f\u0131larlar. \u00c7etin ko\u015fullara, ekip i\u00e7indeki \u00e7eki\u015fmeler de eklenince kurtulmak hayal mi olacakt\u0131r?..<\/p>\n","protected":false},"excerpt":{"rendered":"<p>Maceran\u0131n ilk kural\u0131 hayatta kalmakt\u0131r! \u00d6d\u00fcll\u00fc usta yazar Rodman Philbrick, vah\u015fi do\u011fada yaln\u0131z kalan be\u015f \u00e7ocu\u011fun soluksuz maceras\u0131n\u0131 anlat\u0131yor. Da\u011f aslanlar\u0131ndan ay\u0131lara, dik yama\u00e7lardan ta\u015fk\u0131nlara ve<span class=\"excerpt-hellip\"> [\u2026]<\/span><\/p>\n","protected":false},"featured_media":0,"template":"","meta":{"_monsterinsights_skip_tracking":false,"_monsterinsights_sitenote_active":false,"_monsterinsights_sitenote_note":"","_monsterinsights_sitenote_category":0},"product_brand":[],"product_cat":[12291,12711],"product_tag":[],"class_list":{"0":"post-749183","1":"product","2":"type-product","3":"status-publish","5":"product_cat-edebiyat","6":"product_cat-roman-oyku","7":"pa_cilt-ciltsiz","8":"pa_tur-kitap","9":"pa_yayinevi-gunisigi-kitapligi","10":"pa_yazar-rodman-philbrick","12":"first","13":"instock","14":"sale","15":"shipping-taxable","16":"purchasable","17":"product-type-simple"},"_links":{"self":[{"href":"https:\/\/roveyayinevi.com.tr\/index.php\/wp-json\/wp\/v2\/product\/749183","targetHints":{"allow":["GET"]}}],"collection":[{"href":"https:\/\/roveyayinevi.com.tr\/index.php\/wp-json\/wp\/v2\/product"}],"about":[{"href":"https:\/\/roveyayinevi.com.tr\/index.php\/wp-json\/wp\/v2\/types\/product"}],"wp:attachment":[{"href":"https:\/\/roveyayinevi.com.tr\/index.php\/wp-json\/wp\/v2\/media?parent=749183"}],"wp:term":[{"taxonomy":"product_brand","embeddable":true,"href":"https:\/\/roveyayinevi.com.tr\/index.php\/wp-json\/wp\/v2\/product_brand?post=749183"},{"taxonomy":"product_cat","embeddable":true,"href":"https:\/\/roveyayinevi.com.tr\/index.php\/wp-json\/wp\/v2\/product_cat?post=749183"},{"taxonomy":"product_tag","embeddable":true,"href":"https:\/\/roveyayinevi.com.tr\/index.php\/wp-json\/wp\/v2\/product_tag?post=749183"}],"curies":[{"name":"wp","href":"https:\/\/api.w.org\/{rel}","templated":true}]}}