{"id":749182,"date":"2025-08-28T03:49:19","date_gmt":"2025-08-28T00:49:19","guid":{"rendered":"https:\/\/roveyayinevi.com.tr\/index.php\/urun\/iyi-hissetmek-zorunda-degilsin\/"},"modified":"2026-03-26T15:39:07","modified_gmt":"2026-03-26T12:39:07","slug":"iyi-hissetmek-zorunda-degilsin","status":"publish","type":"product","link":"https:\/\/roveyayinevi.com.tr\/index.php\/urun\/iyi-hissetmek-zorunda-degilsin\/","title":{"rendered":"\u0130yi Hissetmek Zorunda De\u011filsin"},"content":{"rendered":"<p>Megan Devine, bu kitapta hem yas deneyimine hem de bu ac\u0131y\u0131 \u00e7ekenlere yard\u0131m etme bi\u00e7imlerimize y\u00f6nelik yeni ve derin bir yakla\u015f\u0131m sunuyor. Hem yas \u00fczerine \u00e7al\u0131\u015fm\u0131\u015f bir terapist hem de \u00e7ok sevdi\u011fi partnerinin bo\u011fulmas\u0131na tan\u0131kl\u0131k etmi\u015f bir kad\u0131n olarak Megan; kayb\u0131n, ac\u0131n\u0131n, sevginin ve iyile\u015fmenin daha \u00f6nce anlat\u0131lmam\u0131\u015f ger\u00e7eklerini derin bir i\u00e7g\u00f6r\u00fcyle ele al\u0131yor. Kayb\u0131n ard\u0131ndan ac\u0131n\u0131n \u00fcstesinden gelip \u201cmutlu\u201d ve normal ya\u015fama geri d\u00f6nmemizi dayatan k\u00fclt\u00fcr\u00fcm\u00fcz\u00fcn aksine, bizi yas\u0131m\u0131zla birlikte yeni bir ya\u015fam in\u015fa etmeye davet ediyor.   Yas\u0131 \u201c\u00e7\u00f6z\u00fclecek\u201d bir sorun olarak g\u00f6ren bir k\u00fclt\u00fcrde, kay\u0131p ya\u015fayan pek \u00e7ok insan kendini yarg\u0131lanm\u0131\u015f, k\u00fc\u00e7\u00fcmsenmi\u015f ve yanl\u0131\u015f anla\u015f\u0131lm\u0131\u015f hisseder. Megan, \u201cNas\u0131l ki sevginin bir \u00e7\u00f6z\u00fcme ihtiyac\u0131 yoksa yas\u0131n da yoktur,\u201d diyor. Ve bu kitaptaki hik\u00e2yeler, ara\u015ft\u0131rmalar, ya\u015fam\u0131n i\u00e7inden verilmi\u015f \u00f6rnekler hepimizin y\u00fczle\u015fmek zorunda oldu\u011fu veya olaca\u011f\u0131 bu deneyim i\u00e7in benzersiz bir rehberlik sunuyor.   \u0130yi Hissetmek Zorunda De\u011filsin, yaln\u0131zca yas tutanlar i\u00e7in yaz\u0131lm\u0131\u015f bir kitap de\u011fil. Bu kitap, birini sevme cesaretini g\u00f6steren herkes i\u00e7in. Yas, sevginin bir par\u00e7as\u0131d\u0131r ve geriye sadece sevgi kal\u0131r. Bu yolculukta yaln\u0131z olmad\u0131\u011f\u0131n\u0131z\u0131 unutmay\u0131n.  <\/p>\n","protected":false},"excerpt":{"rendered":"<p>Megan Devine, bu kitapta hem yas deneyimine hem de bu ac\u0131y\u0131 \u00e7ekenlere yard\u0131m etme bi\u00e7imlerimize y\u00f6nelik yeni ve derin bir yakla\u015f\u0131m sunuyor. Hem yas \u00fczerine \u00e7al\u0131\u015fm\u0131\u015f<span class=\"excerpt-hellip\"> [\u2026]<\/span><\/p>\n","protected":false},"featured_media":0,"template":"","meta":{"_monsterinsights_skip_tracking":false,"_monsterinsights_sitenote_active":false,"_monsterinsights_sitenote_note":"","_monsterinsights_sitenote_category":0},"product_brand":[],"product_cat":[12357],"product_tag":[],"class_list":{"0":"post-749182","1":"product","2":"type-product","3":"status-publish","5":"product_cat-psikoloji","6":"pa_cilt-ciltsiz","7":"pa_tur-kitap","8":"pa_yayinevi-diyojen-yayincilik","9":"pa_yazar-megan-devine","11":"first","12":"instock","13":"sale","14":"shipping-taxable","15":"purchasable","16":"product-type-simple"},"_links":{"self":[{"href":"https:\/\/roveyayinevi.com.tr\/index.php\/wp-json\/wp\/v2\/product\/749182","targetHints":{"allow":["GET"]}}],"collection":[{"href":"https:\/\/roveyayinevi.com.tr\/index.php\/wp-json\/wp\/v2\/product"}],"about":[{"href":"https:\/\/roveyayinevi.com.tr\/index.php\/wp-json\/wp\/v2\/types\/product"}],"wp:attachment":[{"href":"https:\/\/roveyayinevi.com.tr\/index.php\/wp-json\/wp\/v2\/media?parent=749182"}],"wp:term":[{"taxonomy":"product_brand","embeddable":true,"href":"https:\/\/roveyayinevi.com.tr\/index.php\/wp-json\/wp\/v2\/product_brand?post=749182"},{"taxonomy":"product_cat","embeddable":true,"href":"https:\/\/roveyayinevi.com.tr\/index.php\/wp-json\/wp\/v2\/product_cat?post=749182"},{"taxonomy":"product_tag","embeddable":true,"href":"https:\/\/roveyayinevi.com.tr\/index.php\/wp-json\/wp\/v2\/product_tag?post=749182"}],"curies":[{"name":"wp","href":"https:\/\/api.w.org\/{rel}","templated":true}]}}