{"id":749181,"date":"2025-08-28T03:49:17","date_gmt":"2025-08-28T00:49:17","guid":{"rendered":"https:\/\/roveyayinevi.com.tr\/index.php\/urun\/ayasli-ile-kiracilari-8\/"},"modified":"2026-04-16T03:01:46","modified_gmt":"2026-04-16T00:01:46","slug":"ayasli-ile-kiracilari-8","status":"publish","type":"product","link":"https:\/\/roveyayinevi.com.tr\/index.php\/urun\/ayasli-ile-kiracilari-8\/","title":{"rendered":"Aya\u015fl\u0131 \u0130le Kirac\u0131lar\u0131"},"content":{"rendered":"<p>Cumhuriyetin ilk y\u0131llar\u0131\u2026 Ankara\u2019day\u0131z. Dokuz ayr\u0131 karakter Aya\u015fl\u0131 \u0130brahim Efendi\u2019nin dokuz odal\u0131 apartman dairesinde bir araya geliyorlar. Kahve dedikoducusu, kabaday\u0131, i\u015f adam\u0131, oduncu, \u015fof\u00f6r, kumarbaz, hizmet\u00e7i, konsolos ve hepsinin hik\u00e2yesinin anlat\u0131c\u0131s\u0131 bir banka memuru\u2026 Dostluklar, dedikodular, evlilikler, aldatmalar, e\u011flenceler, dertler\u2026 Aya\u015fl\u0131\u2019n\u0131n apartman\u0131ndan \u00e7arp\u0131c\u0131 hayat ve insan manzaralar\u0131\u2026 Memduh \u015eevket Esendal\u2019\u0131n hayattayken yay\u0131mlanm\u0131\u015f tek roman\u0131 Aya\u015fl\u0131 ile Kirac\u0131lar\u0131\u2026 Bir d\u00f6nem ve insan ara\u015ft\u0131rmas\u0131. Zihniyet maceram\u0131z\u0131n Cumhuriyet\u2019in ilk y\u0131llar\u0131na rastlayan \u00e7\u0131plak panoramas\u0131. Yal\u0131n, ak\u0131c\u0131 ve canl\u0131\u2026<\/p>\n","protected":false},"excerpt":{"rendered":"<p>Cumhuriyetin ilk y\u0131llar\u0131\u2026 Ankara\u2019day\u0131z. Dokuz ayr\u0131 karakter Aya\u015fl\u0131 \u0130brahim Efendi\u2019nin dokuz odal\u0131 apartman dairesinde bir araya geliyorlar. Kahve dedikoducusu, kabaday\u0131, i\u015f adam\u0131, oduncu, \u015fof\u00f6r, kumarbaz, hizmet\u00e7i,<span class=\"excerpt-hellip\"> [\u2026]<\/span><\/p>\n","protected":false},"featured_media":0,"template":"","meta":{"_monsterinsights_skip_tracking":false,"_monsterinsights_sitenote_active":false,"_monsterinsights_sitenote_note":"","_monsterinsights_sitenote_category":0},"product_brand":[],"product_cat":[12291,12711],"product_tag":[],"class_list":{"0":"post-749181","1":"product","2":"type-product","3":"status-publish","5":"product_cat-edebiyat","6":"product_cat-roman-oyku","7":"pa_cilt-ciltsiz","8":"pa_tur-kitap","9":"pa_yayinevi-kapi-yayinlari","10":"pa_yazar-memduh-sevket-esendal","12":"first","13":"instock","14":"sale","15":"shipping-taxable","16":"purchasable","17":"product-type-simple"},"_links":{"self":[{"href":"https:\/\/roveyayinevi.com.tr\/index.php\/wp-json\/wp\/v2\/product\/749181","targetHints":{"allow":["GET"]}}],"collection":[{"href":"https:\/\/roveyayinevi.com.tr\/index.php\/wp-json\/wp\/v2\/product"}],"about":[{"href":"https:\/\/roveyayinevi.com.tr\/index.php\/wp-json\/wp\/v2\/types\/product"}],"wp:attachment":[{"href":"https:\/\/roveyayinevi.com.tr\/index.php\/wp-json\/wp\/v2\/media?parent=749181"}],"wp:term":[{"taxonomy":"product_brand","embeddable":true,"href":"https:\/\/roveyayinevi.com.tr\/index.php\/wp-json\/wp\/v2\/product_brand?post=749181"},{"taxonomy":"product_cat","embeddable":true,"href":"https:\/\/roveyayinevi.com.tr\/index.php\/wp-json\/wp\/v2\/product_cat?post=749181"},{"taxonomy":"product_tag","embeddable":true,"href":"https:\/\/roveyayinevi.com.tr\/index.php\/wp-json\/wp\/v2\/product_tag?post=749181"}],"curies":[{"name":"wp","href":"https:\/\/api.w.org\/{rel}","templated":true}]}}