{"id":749173,"date":"2025-08-28T03:49:05","date_gmt":"2025-08-28T00:49:05","guid":{"rendered":"https:\/\/roveyayinevi.com.tr\/index.php\/urun\/hayvan-dediysek-kelebek-degil\/"},"modified":"2026-04-16T03:01:46","modified_gmt":"2026-04-16T00:01:46","slug":"hayvan-dediysek-kelebek-degil","status":"publish","type":"product","link":"https:\/\/roveyayinevi.com.tr\/index.php\/urun\/hayvan-dediysek-kelebek-degil\/","title":{"rendered":"Hayvan Dediysek Kelebek De\u011fil !"},"content":{"rendered":"<p>\u201cDenemeler\u201d deyince, Michel de Montaigne\u2019nin me\u015fhur as\u0131rl\u0131k eseri gelir hat\u0131r\u0131m\u0131za. Denemeler; bilimsel bir iddias\u0131 olmayan, tevazu, esneklik, ho\u015fg\u00f6r\u00fc i\u00e7eren edebi ve d\u00fc\u015f\u00fcnsel yakla\u015f\u0131mlar\u0131 kapsar. Denemeler, makalelerden daha fazla manevra alan\u0131 a\u00e7ar kalemimize. Yaza yaza elbette ki, daha iyisine ula\u015faca\u011f\u0131z. Bu bir s\u00fcre\u00e7tir. Son yazd\u0131klar\u0131m\u0131z, biz \u00f6ncekileri etkisiz k\u0131lmaz. Her zaman\u0131n ayr\u0131 bir ruhu, gere\u011fi ve ger\u00e7ekleri vard\u0131r. Foto\u011fraf\u0131n tamam\u0131n\u0131 g\u00f6rmeden yap\u0131lan yorumlar yan\u0131l\u0131r ve yan\u0131lt\u0131r. \u015eiir, deneme, \u00f6zdeyi\u015f, kurgu t\u00fcr\u00fc anlat\u0131mlar; bir hakikatin, duygu ve d\u00fc\u015f\u00fcnce yans\u0131mas\u0131n\u0131n, ifade sanatlar\u0131na d\u00f6n\u00fc\u015fm\u00fc\u015f \u00e7e\u015fitleridir. Her okur, hepsini be\u011fenecek ve anlayacak diye bir beklentimiz yoktur. Kalem ehli ve g\u00f6nl\u00fcn\u00fc t\u00fcm evrene a\u00e7anlar\u0131n y\u00fck\u00fcml\u00fcl\u00fc\u011f\u00fc; \u00dcreterek, ka\u011f\u0131da d\u00f6k\u00fcp da\u011f\u0131tmakt\u0131r. Herkes ihtiyac\u0131 olan\u0131 arar bulur ya re\u00e7ete yapar ya da pe\u00e7ete. <\/p>\n","protected":false},"excerpt":{"rendered":"<p>\u201cDenemeler\u201d deyince, Michel de Montaigne\u2019nin me\u015fhur as\u0131rl\u0131k eseri gelir hat\u0131r\u0131m\u0131za. Denemeler; bilimsel bir iddias\u0131 olmayan, tevazu, esneklik, ho\u015fg\u00f6r\u00fc i\u00e7eren edebi ve d\u00fc\u015f\u00fcnsel yakla\u015f\u0131mlar\u0131 kapsar. Denemeler, makalelerden<span class=\"excerpt-hellip\"> [\u2026]<\/span><\/p>\n","protected":false},"featured_media":0,"template":"","meta":{"_monsterinsights_skip_tracking":false,"_monsterinsights_sitenote_active":false,"_monsterinsights_sitenote_note":"","_monsterinsights_sitenote_category":0},"product_brand":[],"product_cat":[12777,12291],"product_tag":[],"class_list":{"0":"post-749173","1":"product","2":"type-product","3":"status-publish","5":"product_cat-deneme","6":"product_cat-edebiyat","7":"pa_cilt-ciltsiz","8":"pa_tur-kitap","9":"pa_yayinevi-gulnar-yayinlari","10":"pa_yazar-ayhan-ozkoroglu","12":"first","13":"instock","14":"sale","15":"shipping-taxable","16":"purchasable","17":"product-type-simple"},"_links":{"self":[{"href":"https:\/\/roveyayinevi.com.tr\/index.php\/wp-json\/wp\/v2\/product\/749173","targetHints":{"allow":["GET"]}}],"collection":[{"href":"https:\/\/roveyayinevi.com.tr\/index.php\/wp-json\/wp\/v2\/product"}],"about":[{"href":"https:\/\/roveyayinevi.com.tr\/index.php\/wp-json\/wp\/v2\/types\/product"}],"wp:attachment":[{"href":"https:\/\/roveyayinevi.com.tr\/index.php\/wp-json\/wp\/v2\/media?parent=749173"}],"wp:term":[{"taxonomy":"product_brand","embeddable":true,"href":"https:\/\/roveyayinevi.com.tr\/index.php\/wp-json\/wp\/v2\/product_brand?post=749173"},{"taxonomy":"product_cat","embeddable":true,"href":"https:\/\/roveyayinevi.com.tr\/index.php\/wp-json\/wp\/v2\/product_cat?post=749173"},{"taxonomy":"product_tag","embeddable":true,"href":"https:\/\/roveyayinevi.com.tr\/index.php\/wp-json\/wp\/v2\/product_tag?post=749173"}],"curies":[{"name":"wp","href":"https:\/\/api.w.org\/{rel}","templated":true}]}}