{"id":749156,"date":"2025-08-28T03:48:41","date_gmt":"2025-08-28T00:48:41","guid":{"rendered":"https:\/\/roveyayinevi.com.tr\/index.php\/urun\/her-yazin-ardindan\/"},"modified":"2026-04-16T03:01:45","modified_gmt":"2026-04-16T00:01:45","slug":"her-yazin-ardindan","status":"publish","type":"product","link":"https:\/\/roveyayinevi.com.tr\/index.php\/urun\/her-yazin-ardindan\/","title":{"rendered":"Her Yaz\u0131n Ard\u0131ndan"},"content":{"rendered":"<p>\u00c2\u015f\u0131k olmak i\u00e7in alt\u0131 yaz.Ayr\u0131lmak i\u00e7in bir an.Yeni bir \u015fans i\u00e7inse sadece iki g\u00fcn. Persephone \u201cPercy\u201d Fraser, on y\u0131l \u00f6nce hayat\u0131n\u0131n en b\u00fcy\u00fck hatas\u0131n\u0131 yapm\u0131\u015f ve bu y\u00fczden evinden ayr\u0131lmak zorunda kalm\u0131\u015ft\u0131. Art\u0131k yazlar\u0131n\u0131, \u00e7ocuklu\u011funun ev sahibi say\u0131lan \u0131\u015f\u0131l \u0131\u015f\u0131l g\u00f6l\u00fcn kenar\u0131nda de\u011fil de \u015fehirdeki \u015f\u0131k dairesinde ge\u00e7iriyor, arkada\u015flar\u0131yla e\u011flenmeye \u00e7\u0131k\u0131yor ama herkesi kalbinden uzak tutuyordu. Ta ki bir gece, onu asla ayr\u0131lmayaca\u011f\u0131n\u0131 d\u00fc\u015f\u00fcnd\u00fc\u011f\u00fc Sam Florek\u2019e geri d\u00f6nd\u00fcrecek o haberi al\u0131ncaya dek.Percy ve Sam, ge\u00e7mi\u015fteki o alt\u0131 yaz boyunca adeta ayr\u0131lmaz ikili olmu\u015flard\u0131. S\u0131cak yaz g\u00fcnlerini g\u00f6lde y\u00fczerek ve birlikte kitap okuyarak, \u0131l\u0131k geceleri de Floreklerin restoran\u0131nda \u00e7al\u0131\u015farak ge\u00e7irmi\u015flerdi. Bir g\u00fcn bu arkada\u015fl\u0131k \u00e7ok daha fazlas\u0131na d\u00f6n\u00fc\u015fm\u00fc\u015f; fakat a\u015fklar\u0131 k\u0131sa s\u00fcre i\u00e7inde k\u0131r\u0131l\u0131p binlercepar\u00e7aya b\u00f6l\u00fcnm\u00fc\u015ft\u00fc.Percy y\u0131llar sonra kasabaya geri d\u00f6nd\u00fc\u011f\u00fcnde aralar\u0131ndaki ba\u011f canlanm\u0131\u015f ve ink\u00e2r edilemez hale gelmi\u015fti. Fakat gen\u00e7 kad\u0131n, yapt\u0131\u011f\u0131 se\u00e7imlerle y\u00fczle\u015fmeli ve kendini nas\u0131l cezaland\u0131rd\u0131\u011f\u0131n\u0131 itiraf etmeliydi. Aksi halde a\u015fklar\u0131n\u0131n ge\u00e7mi\u015fteki b\u00fcy\u00fck hatalardan \u00e7ok daha g\u00fc\u00e7l\u00fc olup olmad\u0131\u011f\u0131n\u0131 asla g\u00f6remeyeceklerdi.<\/p>\n","protected":false},"excerpt":{"rendered":"<p>\u00c2\u015f\u0131k olmak i\u00e7in alt\u0131 yaz.Ayr\u0131lmak i\u00e7in bir an.Yeni bir \u015fans i\u00e7inse sadece iki g\u00fcn. Persephone \u201cPercy\u201d Fraser, on y\u0131l \u00f6nce hayat\u0131n\u0131n en b\u00fcy\u00fck hatas\u0131n\u0131 yapm\u0131\u015f ve<span class=\"excerpt-hellip\"> [\u2026]<\/span><\/p>\n","protected":false},"featured_media":0,"template":"","meta":{"_monsterinsights_skip_tracking":false,"_monsterinsights_sitenote_active":false,"_monsterinsights_sitenote_note":"","_monsterinsights_sitenote_category":0},"product_brand":[],"product_cat":[12291,12711],"product_tag":[],"class_list":{"0":"post-749156","1":"product","2":"type-product","3":"status-publish","5":"product_cat-edebiyat","6":"product_cat-roman-oyku","7":"pa_cilt-ciltsiz","8":"pa_tur-kitap","9":"pa_yayinevi-nemesis-kitap","10":"pa_yazar-carley-fortune","12":"first","13":"instock","14":"sale","15":"shipping-taxable","16":"purchasable","17":"product-type-simple"},"_links":{"self":[{"href":"https:\/\/roveyayinevi.com.tr\/index.php\/wp-json\/wp\/v2\/product\/749156","targetHints":{"allow":["GET"]}}],"collection":[{"href":"https:\/\/roveyayinevi.com.tr\/index.php\/wp-json\/wp\/v2\/product"}],"about":[{"href":"https:\/\/roveyayinevi.com.tr\/index.php\/wp-json\/wp\/v2\/types\/product"}],"wp:attachment":[{"href":"https:\/\/roveyayinevi.com.tr\/index.php\/wp-json\/wp\/v2\/media?parent=749156"}],"wp:term":[{"taxonomy":"product_brand","embeddable":true,"href":"https:\/\/roveyayinevi.com.tr\/index.php\/wp-json\/wp\/v2\/product_brand?post=749156"},{"taxonomy":"product_cat","embeddable":true,"href":"https:\/\/roveyayinevi.com.tr\/index.php\/wp-json\/wp\/v2\/product_cat?post=749156"},{"taxonomy":"product_tag","embeddable":true,"href":"https:\/\/roveyayinevi.com.tr\/index.php\/wp-json\/wp\/v2\/product_tag?post=749156"}],"curies":[{"name":"wp","href":"https:\/\/api.w.org\/{rel}","templated":true}]}}