{"id":749146,"date":"2025-08-28T03:48:27","date_gmt":"2025-08-28T00:48:27","guid":{"rendered":"https:\/\/roveyayinevi.com.tr\/index.php\/urun\/corba-dayanismasi\/"},"modified":"2026-04-03T03:04:23","modified_gmt":"2026-04-03T00:04:23","slug":"corba-dayanismasi","status":"publish","type":"product","link":"https:\/\/roveyayinevi.com.tr\/index.php\/urun\/corba-dayanismasi\/","title":{"rendered":"\u00c7orba Dayan\u0131\u015fmas\u0131"},"content":{"rendered":"<p>Bir \u00e7orbadan daha fazlas\u0131&#8230; Ben Davis&#8217;in ger\u00e7ek bir olaydan esinle yazd\u0131\u011f\u0131 \u00c7orba Dayan\u0131\u015fmas\u0131, daha ya\u015fanabilir bir d\u00fcnya i\u00e7in toplumsal duyarl\u0131l\u0131\u011f\u0131n artt\u0131r\u0131lmas\u0131 gerekti\u011fini savunan \u00f6d\u00fcll\u00fc bir roman. \u0130yili\u011fin g\u00fcc\u00fcyle hem kendimizin hem de ba\u015fkalar\u0131n\u0131n hayat\u0131n\u0131 olumlu y\u00f6nde de\u011fi\u015ftirebilece\u011fimizi g\u00f6steren yazar; evsizlik, sava\u015f, e\u015fitsizlik, hastal\u0131k gibi hassas konular\u0131 mizahla yo\u011frulmu\u015f \u00e7ift y\u00f6nl\u00fc bir kurgu i\u00e7inde, ak\u0131c\u0131 bir \u00fcslupla ele al\u0131yor. Zor durumdaki insanlara uzatt\u0131\u011f\u0131m\u0131z her elin sevgiyle ve minnetle kar\u015f\u0131lanaca\u011f\u0131n\u0131 hat\u0131rlatan kitap; hak araman\u0131n, yard\u0131mla\u015fman\u0131n, dayan\u0131\u015fman\u0131n ve ortak hedef u\u011fruna birlik olman\u0131n \u00f6nemini vurguluyor. Bir s\u00fcre \u00f6l\u00fcm\u00fcn k\u0131y\u0131s\u0131nda gezindikten sonra sil ba\u015ftan bir hayata merhaba diyen on \u00fc\u00e7 ya\u015f\u0131ndaki Jordan i\u00e7in de\u011fi\u015fim ka\u00e7\u0131n\u0131lmazd\u0131r. Daha sa\u011fl\u0131kl\u0131 ve huzurlu bir ya\u015fam s\u00fcrmek i\u00e7in ailesiyle \u015fehirden k\u0131rsala ta\u015f\u0131nm\u0131\u015f ve yeni bir okula ba\u015flam\u0131\u015ft\u0131r. \u0130\u00e7inde kopan f\u0131rt\u0131nalar y\u00fcz\u00fcnden arkada\u015fl\u0131k kurmakta zorlanan gen\u00e7 adam, d\u0131\u015f d\u00fcnyayla aras\u0131nda \u00e2deta koca bir duvar \u00f6rm\u00fc\u015ft\u00fcr. Fakat bir g\u00fcn okulun en haval\u0131 grubu onu \u00f6\u011fle yeme\u011fine davet edince i\u015fler de\u011fi\u015fmeye ba\u015flar. Yolda tan\u0131k oldu\u011fu tats\u0131z durum Jordan&#8217;\u0131 Harry isimli bir evsizle tan\u0131\u015ft\u0131racak ve bir anda aylar \u00f6ncesine, \u00e7ok sevdi\u011fi \u00f6zel birine, &#8221;her f\u0131rsatta iyilik yapma&#8221; s\u00f6z\u00fc verdi\u011fi zamana geri g\u00f6t\u00fcrecektir. \u0130kilinin bir \u00e7orbayla ba\u015flayan dostluklar\u0131 \u00e7ok ge\u00e7meden d\u00fcnyay\u0131 saracak bir dayan\u0131\u015fma hik\u00e2yesine evrilecektir.  Yaratt\u0131\u011f\u0131 tesirle okurlarda bir\u00e7ok duyguyu ayn\u0131 anda ya\u015fatmay\u0131 ba\u015faran bu g\u00fc\u00e7l\u00fc roman; a\u015f\u0131lad\u0131\u011f\u0131 \u00fcmit ve cesaretle herkesi iyilik yapmaya ve d\u00fcnyaya iz b\u0131rakmaya davet ediyor.  Kimi zaman, &#8221;k\u00fc\u00e7\u00fck&#8221; sand\u0131\u011f\u0131m\u0131z baz\u0131 ad\u0131mlar\u0131n &#8221;b\u00fcy\u00fck&#8221; etki olu\u015fturabilece\u011fini g\u00f6steren \u00c7orba Dayan\u0131\u015fmas\u0131, gelecek g\u00fczel g\u00fcnlere dair umutlar\u0131 tazeliyor.  &#8221;\u0130yili\u011fi en b\u00fcy\u00fck d\u00fc\u015fman\u0131na m\u0131 yapm\u0131\u015fs\u0131n, yoksa a\u011fa\u00e7ta mahsur kalm\u0131\u015f bir kediye mi yapm\u0131\u015fs\u0131n, fark etmez. Biz bunu yap\u0131nca, insanlar da ba\u015fkalar\u0131na yapmak isteyecek, bu b\u00f6yle s\u00fcr\u00fcp gidecek. Ve bug\u00fcnden tam bir y\u0131l sonra bulu\u015faca\u011f\u0131z, d\u00fcnyay\u0131 de\u011fi\u015ftirdik mi diye bakaca\u011f\u0131z.&#8221;<\/p>\n","protected":false},"excerpt":{"rendered":"<p>Bir \u00e7orbadan daha fazlas\u0131&#8230; Ben Davis&#8217;in ger\u00e7ek bir olaydan esinle yazd\u0131\u011f\u0131 \u00c7orba Dayan\u0131\u015fmas\u0131, daha ya\u015fanabilir bir d\u00fcnya i\u00e7in toplumsal duyarl\u0131l\u0131\u011f\u0131n artt\u0131r\u0131lmas\u0131 gerekti\u011fini savunan \u00f6d\u00fcll\u00fc bir roman.<span class=\"excerpt-hellip\"> [\u2026]<\/span><\/p>\n","protected":false},"featured_media":0,"template":"","meta":{"_monsterinsights_skip_tracking":false,"_monsterinsights_sitenote_active":false,"_monsterinsights_sitenote_note":"","_monsterinsights_sitenote_category":0},"product_brand":[],"product_cat":[12291,12711],"product_tag":[],"class_list":{"0":"post-749146","1":"product","2":"type-product","3":"status-publish","5":"product_cat-edebiyat","6":"product_cat-roman-oyku","7":"pa_cilt-ciltsiz","8":"pa_tur-kitap","9":"pa_yayinevi-tudem-yayinlari","10":"pa_yazar-ben-davis","12":"first","13":"instock","14":"sale","15":"shipping-taxable","16":"purchasable","17":"product-type-simple"},"_links":{"self":[{"href":"https:\/\/roveyayinevi.com.tr\/index.php\/wp-json\/wp\/v2\/product\/749146","targetHints":{"allow":["GET"]}}],"collection":[{"href":"https:\/\/roveyayinevi.com.tr\/index.php\/wp-json\/wp\/v2\/product"}],"about":[{"href":"https:\/\/roveyayinevi.com.tr\/index.php\/wp-json\/wp\/v2\/types\/product"}],"wp:attachment":[{"href":"https:\/\/roveyayinevi.com.tr\/index.php\/wp-json\/wp\/v2\/media?parent=749146"}],"wp:term":[{"taxonomy":"product_brand","embeddable":true,"href":"https:\/\/roveyayinevi.com.tr\/index.php\/wp-json\/wp\/v2\/product_brand?post=749146"},{"taxonomy":"product_cat","embeddable":true,"href":"https:\/\/roveyayinevi.com.tr\/index.php\/wp-json\/wp\/v2\/product_cat?post=749146"},{"taxonomy":"product_tag","embeddable":true,"href":"https:\/\/roveyayinevi.com.tr\/index.php\/wp-json\/wp\/v2\/product_tag?post=749146"}],"curies":[{"name":"wp","href":"https:\/\/api.w.org\/{rel}","templated":true}]}}