{"id":749144,"date":"2025-08-28T03:48:25","date_gmt":"2025-08-28T00:48:25","guid":{"rendered":"https:\/\/roveyayinevi.com.tr\/index.php\/urun\/figur-cizimi\/"},"modified":"2026-04-16T03:01:45","modified_gmt":"2026-04-16T00:01:45","slug":"figur-cizimi","status":"publish","type":"product","link":"https:\/\/roveyayinevi.com.tr\/index.php\/urun\/figur-cizimi\/","title":{"rendered":"Fig\u00fcr \u00c7izimi"},"content":{"rendered":"<p>\u0130nsan v\u00fccudu \u00e7izmek i\u00e7in kapsaml\u0131 bir rehber&#8230; Fig\u00fcr \u00c7izimi, insan fig\u00fcr\u00fc \u00e7izmek i\u00e7in gerekli t\u00fcm bilgileri ve becerileri sunmak \u00fczere haz\u0131rland\u0131. \u00c7o\u011fu kitap, fig\u00fcr \u00e7iziminin sadece belli bir unsuruna odaklan\u0131rken, bu kapsaml\u0131 rehber g\u00f6zlem, ifade ve anlama konular\u0131n\u0131 tutarl\u0131 bir b\u00fct\u00fcn i\u00e7inde veriyor. Fig\u00fcr \u00c7izimi\u2019nin kazand\u0131raca\u011f\u0131 g\u00fc\u00e7l\u00fc temel beceriler sayesinde iyi g\u00f6zlemlenmi\u015f ve do\u011fru orant\u0131lanm\u0131\u015f \u00e7izimler yapabileceksiniz. Ayr\u0131ca, farkl\u0131 y\u00f6ntemler ve egzersizler arac\u0131l\u0131\u011f\u0131yla, g\u00f6zlemlemenin \u00f6tesine ge\u00e7ip modelinizin jestlerini, k\u00fctleselli\u011fini ve bir canl\u0131 olarak varl\u0131\u011f\u0131n\u0131 da \u00e7izime aktarabileceksiniz. T\u00fcm kitap boyunca her ad\u0131mda \u00e7al\u0131\u015fman\u0131z\u0131 destekleyecek \u00e7izim ve foto\u011fraf \u00f6rnekleri&#8230; Temel malzemeleri, becerileri ve yakla\u015f\u0131mlar\u0131 anlaman\u0131za yard\u0131mc\u0131 olacak, ad\u0131m ad\u0131m a\u00e7\u0131klamalar&#8230; Bilgilerinizi derinle\u015ftirmek i\u00e7in, v\u00fccudu kolay anla\u015f\u0131labilecek b\u00f6l\u00fcmlere ay\u0131ran kapsaml\u0131 bir anatomik rehber&#8230;<\/p>\n","protected":false},"excerpt":{"rendered":"<p>\u0130nsan v\u00fccudu \u00e7izmek i\u00e7in kapsaml\u0131 bir rehber&#8230; Fig\u00fcr \u00c7izimi, insan fig\u00fcr\u00fc \u00e7izmek i\u00e7in gerekli t\u00fcm bilgileri ve becerileri sunmak \u00fczere haz\u0131rland\u0131. \u00c7o\u011fu kitap, fig\u00fcr \u00e7iziminin sadece<span class=\"excerpt-hellip\"> [\u2026]<\/span><\/p>\n","protected":false},"featured_media":0,"template":"","meta":{"_monsterinsights_skip_tracking":false,"_monsterinsights_sitenote_active":false,"_monsterinsights_sitenote_note":"","_monsterinsights_sitenote_category":0},"product_brand":[],"product_cat":[12408],"product_tag":[],"class_list":{"0":"post-749144","1":"product","2":"type-product","3":"status-publish","5":"product_cat-sanat","6":"pa_cilt-ciltsiz","7":"pa_tur-kitap","8":"pa_yayinevi-remzi-kitabevi","9":"pa_yazar-jake-spicer","11":"first","12":"instock","13":"sale","14":"shipping-taxable","15":"purchasable","16":"product-type-simple"},"_links":{"self":[{"href":"https:\/\/roveyayinevi.com.tr\/index.php\/wp-json\/wp\/v2\/product\/749144","targetHints":{"allow":["GET"]}}],"collection":[{"href":"https:\/\/roveyayinevi.com.tr\/index.php\/wp-json\/wp\/v2\/product"}],"about":[{"href":"https:\/\/roveyayinevi.com.tr\/index.php\/wp-json\/wp\/v2\/types\/product"}],"wp:attachment":[{"href":"https:\/\/roveyayinevi.com.tr\/index.php\/wp-json\/wp\/v2\/media?parent=749144"}],"wp:term":[{"taxonomy":"product_brand","embeddable":true,"href":"https:\/\/roveyayinevi.com.tr\/index.php\/wp-json\/wp\/v2\/product_brand?post=749144"},{"taxonomy":"product_cat","embeddable":true,"href":"https:\/\/roveyayinevi.com.tr\/index.php\/wp-json\/wp\/v2\/product_cat?post=749144"},{"taxonomy":"product_tag","embeddable":true,"href":"https:\/\/roveyayinevi.com.tr\/index.php\/wp-json\/wp\/v2\/product_tag?post=749144"}],"curies":[{"name":"wp","href":"https:\/\/api.w.org\/{rel}","templated":true}]}}