{"id":749142,"date":"2025-08-28T03:48:22","date_gmt":"2025-08-28T00:48:22","guid":{"rendered":"https:\/\/roveyayinevi.com.tr\/index.php\/urun\/beklenmedik-anlar\/"},"modified":"2026-04-12T03:05:42","modified_gmt":"2026-04-12T00:05:42","slug":"beklenmedik-anlar","status":"publish","type":"product","link":"https:\/\/roveyayinevi.com.tr\/index.php\/urun\/beklenmedik-anlar\/","title":{"rendered":"Beklenmedik Anlar"},"content":{"rendered":"<p>\u201cBunu durdurmak zorunday\u0131m. Uzaklarday\u0131m. Beni rahat b\u0131rak\u0131rsan\u0131z minnettar kalaca\u011f\u0131m, l\u00fctfen yapar m\u0131s\u0131n\u0131z bunu? Te\u015fekk\u00fcrler. \u00c7ok te\u015fekk\u00fcrler. Bir dakika. B\u00fct\u00fcn pislik su y\u00fcz\u00fcne \u00e7\u0131kt\u0131 m\u0131? Su y\u00fcz\u00fcne \u00e7\u0131kacak bunca k\u00f6t\u00fcl\u00fck varken gitmemeliyiz. Yan\u0131nda uyand\u0131\u011f\u0131m mezar ka\u00e7k\u0131n\u0131 eski y\u00fcz. Alevler. Benzin kokusu. Et yan\u0131\u011f\u0131. Ba\u015fka bir \u015fey var m\u0131? Listeye bir daha bakabilir miyim? Tamamd\u0131r.\u201d   Londra\u2019da ya\u015fad\u0131\u011f\u0131 k\u00f6t\u00fc tecr\u00fcbeleri ve kentin kasvetini ard\u0131nda b\u0131rakmaya \u00e7al\u0131\u015fan \u0130rlandal\u0131 Ollie Ewing, do\u011fdu\u011fu kasabaya d\u00f6nd\u00fc\u011f\u00fcnde ge\u00e7mi\u015fin ac\u0131lar\u0131n\u0131 ve pi\u015fmanl\u0131klar\u0131n\u0131 da \u00e7at\u0131 kat\u0131ndaki odas\u0131na ta\u015f\u0131r. Taze bir ba\u015flang\u0131\u00e7 i\u00e7in s\u00fcpermarkette i\u015fe girer, yeni ev arkada\u015flar\u0131 edinir. Ancak zihninin yan\u0131lsamalar\u0131ndan, cinayetlerin g\u00f6lgesinden ve kim oldu\u011fu ger\u00e7e\u011finden ka\u00e7amaz. Mazi, Ollie\u2019nin aya\u011f\u0131na tak\u0131lm\u0131\u015ft\u0131r.   \u0130rlanda\u2019n\u0131n g\u00fc\u00e7l\u00fc isimlerinden Dermot Healy, zaman ve mek\u00e2nda ileri geri hareket ederek marangoz Ollie\u2019nin dramatik hik\u00e2yesini adalet, \u0131rk\u00e7\u0131l\u0131k, ruhsal bozukluk ve s\u0131n\u0131fsal ayr\u0131m temalar\u0131 \u00fczerinden kaleme al\u0131yor.  <\/p>\n","protected":false},"excerpt":{"rendered":"<p>\u201cBunu durdurmak zorunday\u0131m. Uzaklarday\u0131m. Beni rahat b\u0131rak\u0131rsan\u0131z minnettar kalaca\u011f\u0131m, l\u00fctfen yapar m\u0131s\u0131n\u0131z bunu? Te\u015fekk\u00fcrler. \u00c7ok te\u015fekk\u00fcrler. Bir dakika. B\u00fct\u00fcn pislik su y\u00fcz\u00fcne \u00e7\u0131kt\u0131 m\u0131? Su y\u00fcz\u00fcne<span class=\"excerpt-hellip\"> [\u2026]<\/span><\/p>\n","protected":false},"featured_media":0,"template":"","meta":{"_monsterinsights_skip_tracking":false,"_monsterinsights_sitenote_active":false,"_monsterinsights_sitenote_note":"","_monsterinsights_sitenote_category":0},"product_brand":[],"product_cat":[12291],"product_tag":[],"class_list":{"0":"post-749142","1":"product","2":"type-product","3":"status-publish","5":"product_cat-edebiyat","6":"pa_cilt-ciltsiz","7":"pa_tur-kitap","8":"pa_yayinevi-profil-kitap","9":"pa_yazar-dermot-healy","11":"first","12":"instock","13":"sale","14":"shipping-taxable","15":"purchasable","16":"product-type-simple"},"_links":{"self":[{"href":"https:\/\/roveyayinevi.com.tr\/index.php\/wp-json\/wp\/v2\/product\/749142","targetHints":{"allow":["GET"]}}],"collection":[{"href":"https:\/\/roveyayinevi.com.tr\/index.php\/wp-json\/wp\/v2\/product"}],"about":[{"href":"https:\/\/roveyayinevi.com.tr\/index.php\/wp-json\/wp\/v2\/types\/product"}],"wp:attachment":[{"href":"https:\/\/roveyayinevi.com.tr\/index.php\/wp-json\/wp\/v2\/media?parent=749142"}],"wp:term":[{"taxonomy":"product_brand","embeddable":true,"href":"https:\/\/roveyayinevi.com.tr\/index.php\/wp-json\/wp\/v2\/product_brand?post=749142"},{"taxonomy":"product_cat","embeddable":true,"href":"https:\/\/roveyayinevi.com.tr\/index.php\/wp-json\/wp\/v2\/product_cat?post=749142"},{"taxonomy":"product_tag","embeddable":true,"href":"https:\/\/roveyayinevi.com.tr\/index.php\/wp-json\/wp\/v2\/product_tag?post=749142"}],"curies":[{"name":"wp","href":"https:\/\/api.w.org\/{rel}","templated":true}]}}