{"id":749127,"date":"2025-08-28T03:48:02","date_gmt":"2025-08-28T00:48:02","guid":{"rendered":"https:\/\/roveyayinevi.com.tr\/index.php\/urun\/size-paydos-bize-mars-mars\/"},"modified":"2026-04-16T03:01:45","modified_gmt":"2026-04-16T00:01:45","slug":"size-paydos-bize-mars-mars","status":"publish","type":"product","link":"https:\/\/roveyayinevi.com.tr\/index.php\/urun\/size-paydos-bize-mars-mars\/","title":{"rendered":"Size Paydos Bize Mars\u0327 Mars\u0327"},"content":{"rendered":"<p>Kemal Tahir\u2019in ilk eserlerini verdi\u011fi d\u00f6nem, Cumhuriyet Devri T\u00fcrk Edebiyat\u0131\u2019n\u0131n da ilk y\u0131llar\u0131n\u0131 temsil eder. Siyasi olarak olduk\u00e7a hareketli olan bu d\u00f6nem, T\u00fcrk edebiyat\u0131 tarihinde de \u00f6nemli bir yer tutar: En k\u0131ymetli yazar ve \u015fairler b\u00fcy\u00fck eserlerini bu d\u00f6nemde vermeye ba\u015flar. Dergiler ve gazete k\u00f6\u015feleri de bu b\u00fcy\u00fck yazarlara ayr\u0131l\u0131r. Ancak ba\u015fta Kemal Tahir ve arkada\u015flar\u0131 olmak \u00fczere gen\u00e7 yazarlar bu durumdan olduk\u00e7a \u015fikayet\u00e7idir. Bu nedenle kanona ba\u015fkald\u0131r\u0131 niteli\u011finde bir giri\u015fimle Ge\u00e7it dergisini \u00e7\u0131kar\u0131rlar ve yazd\u0131klar\u0131 \u015fiir, \u00f6yk\u00fc, ele\u015ftiri ve mizah yaz\u0131lar\u0131yla T\u00fcrk edebiyat\u0131nda hak ettikleri yere talip olurlar. \u0130\u015fte Size Paydos Bize Mar\u015f Mar\u015f, Kemal Tahir ve arkada\u015flar\u0131n\u0131n giri\u015fimiyle 1933-34 y\u0131llar\u0131 aras\u0131nda yedi say\u0131 olarak yay\u0131mlanan Ge\u00e7it dergisinin slogan\u0131n\u0131 ba\u015fl\u0131\u011f\u0131na ta\u015f\u0131yor. Bunu yaparken Cumhuriyet Devri T\u00fcrk Edebiyat\u0131\u2019n\u0131n ilk d\u00f6nemindeki edebiyat ortam\u0131n\u0131 ve tart\u0131\u015fmalar\u0131n\u0131 aktar\u0131yor. Kemal Tahir\u2019in bug\u00fcn edebiyatta temsil etti\u011fi \u00f6nemli yeri nas\u0131l elde etti\u011fini, b\u00fcy\u00fck romanlar\u0131n\u0131n ayak sesleri olan ilk d\u00f6nem eserlerini ve gen\u00e7 yazarlar ile okurlar\u0131 harekete ge\u00e7irmeye \u00e7al\u0131\u015fan te\u015fkilat\u00e7\u0131 ki\u015fili\u011fini g\u00f6rme f\u0131rsat\u0131 sunuyor. Ketebe Yay\u0131nlar\u0131 olarak Cumhuriyet Devri T\u00fcrk Edebiyat\u0131\u2019na bir\u00e7ok \u00f6nemli ismin katk\u0131s\u0131yla y\u00f6n veren Ge\u00e7it dergisinin yedi say\u0131s\u0131n\u0131 birden okuruyla bulu\u015fturmakla iftihar ediyoruz. <\/p>\n","protected":false},"excerpt":{"rendered":"<p>Kemal Tahir\u2019in ilk eserlerini verdi\u011fi d\u00f6nem, Cumhuriyet Devri T\u00fcrk Edebiyat\u0131\u2019n\u0131n da ilk y\u0131llar\u0131n\u0131 temsil eder. Siyasi olarak olduk\u00e7a hareketli olan bu d\u00f6nem, T\u00fcrk edebiyat\u0131 tarihinde de<span class=\"excerpt-hellip\"> [\u2026]<\/span><\/p>\n","protected":false},"featured_media":0,"template":"","meta":{"_monsterinsights_skip_tracking":false,"_monsterinsights_sitenote_active":false,"_monsterinsights_sitenote_note":"","_monsterinsights_sitenote_category":0},"product_brand":[],"product_cat":[13072,12291],"product_tag":[],"class_list":{"0":"post-749127","1":"product","2":"type-product","3":"status-publish","5":"product_cat-arastirma-inceleme-referans","6":"product_cat-edebiyat","7":"pa_cilt-ciltsiz","8":"pa_tur-kitap","9":"pa_yayinevi-ketebe-yayinlari","10":"pa_yazar-nese-pelin-kaya","12":"first","13":"instock","14":"sale","15":"shipping-taxable","16":"purchasable","17":"product-type-simple"},"_links":{"self":[{"href":"https:\/\/roveyayinevi.com.tr\/index.php\/wp-json\/wp\/v2\/product\/749127","targetHints":{"allow":["GET"]}}],"collection":[{"href":"https:\/\/roveyayinevi.com.tr\/index.php\/wp-json\/wp\/v2\/product"}],"about":[{"href":"https:\/\/roveyayinevi.com.tr\/index.php\/wp-json\/wp\/v2\/types\/product"}],"wp:attachment":[{"href":"https:\/\/roveyayinevi.com.tr\/index.php\/wp-json\/wp\/v2\/media?parent=749127"}],"wp:term":[{"taxonomy":"product_brand","embeddable":true,"href":"https:\/\/roveyayinevi.com.tr\/index.php\/wp-json\/wp\/v2\/product_brand?post=749127"},{"taxonomy":"product_cat","embeddable":true,"href":"https:\/\/roveyayinevi.com.tr\/index.php\/wp-json\/wp\/v2\/product_cat?post=749127"},{"taxonomy":"product_tag","embeddable":true,"href":"https:\/\/roveyayinevi.com.tr\/index.php\/wp-json\/wp\/v2\/product_tag?post=749127"}],"curies":[{"name":"wp","href":"https:\/\/api.w.org\/{rel}","templated":true}]}}