{"id":749096,"date":"2025-08-28T03:47:15","date_gmt":"2025-08-28T00:47:15","guid":{"rendered":"https:\/\/roveyayinevi.com.tr\/index.php\/urun\/gunun-en-iyisi\/"},"modified":"2026-04-16T03:01:44","modified_gmt":"2026-04-16T00:01:44","slug":"gunun-en-iyisi","status":"publish","type":"product","link":"https:\/\/roveyayinevi.com.tr\/index.php\/urun\/gunun-en-iyisi\/","title":{"rendered":"G\u00fcn\u00fcn En \u0130yisi"},"content":{"rendered":"<p>Burcu\u2019ya o g\u00fcne kadar payla\u015fman\u0131n \u00e7ok g\u00fczel bir \u015fey oldu\u011fu \u00f6\u011fretilmi\u015fti. O da arkada\u015flar\u0131 ile boya kalemlerini payla\u015ft\u0131. Boya kalemleri bitti. Yeni kalemlerini tekrar payla\u015ft\u0131. Ve sonra tekrar&#8230; Ve tekrar&#8230; Ve tekrar payla\u015ft\u0131. Arkada\u015flar\u0131n\u0131n boya kalemleri ise hi\u00e7 kullan\u0131lmam\u0131\u015f, \u0131\u015f\u0131l \u0131\u015f\u0131l parl\u0131yordu. Acaba bu i\u015fte bir tuhafl\u0131k m\u0131 vard\u0131? Biriyle arkada\u015fl\u0131k yapmak i\u00e7in mutlaka ona bir \u015fey mi verilmeliydi?   Payla\u015fmak, fedak\u00e2rl\u0131k, arkada\u015fl\u0131k, akran zorbal\u0131\u011f\u0131 gibi kavramlar \u00fczerine d\u00fc\u015f\u00fcnd\u00fcren, okuyan her \u00e7ocu\u011fun kendinden bir \u015fey bulabilece\u011fi ve bir o kadar da e\u011flenceli bir kitap!<\/p>\n","protected":false},"excerpt":{"rendered":"<p>Burcu\u2019ya o g\u00fcne kadar payla\u015fman\u0131n \u00e7ok g\u00fczel bir \u015fey oldu\u011fu \u00f6\u011fretilmi\u015fti. O da arkada\u015flar\u0131 ile boya kalemlerini payla\u015ft\u0131. Boya kalemleri bitti. Yeni kalemlerini tekrar payla\u015ft\u0131. Ve<span class=\"excerpt-hellip\"> [\u2026]<\/span><\/p>\n","protected":false},"featured_media":0,"template":"","meta":{"_monsterinsights_skip_tracking":false,"_monsterinsights_sitenote_active":false,"_monsterinsights_sitenote_note":"","_monsterinsights_sitenote_category":0},"product_brand":[],"product_cat":[12274,12284],"product_tag":[],"class_list":{"0":"post-749096","1":"product","2":"type-product","3":"status-publish","5":"product_cat-cocuk-ve-genclik-kitaplari","6":"product_cat-hikayeler","7":"pa_cilt-ciltsiz","8":"pa_tur-kitap","9":"pa_yayinevi-luna-cocuk-yayinlari","10":"pa_yazar-rengin-kizildogu","12":"first","13":"instock","14":"sale","15":"shipping-taxable","16":"purchasable","17":"product-type-simple"},"_links":{"self":[{"href":"https:\/\/roveyayinevi.com.tr\/index.php\/wp-json\/wp\/v2\/product\/749096","targetHints":{"allow":["GET"]}}],"collection":[{"href":"https:\/\/roveyayinevi.com.tr\/index.php\/wp-json\/wp\/v2\/product"}],"about":[{"href":"https:\/\/roveyayinevi.com.tr\/index.php\/wp-json\/wp\/v2\/types\/product"}],"wp:attachment":[{"href":"https:\/\/roveyayinevi.com.tr\/index.php\/wp-json\/wp\/v2\/media?parent=749096"}],"wp:term":[{"taxonomy":"product_brand","embeddable":true,"href":"https:\/\/roveyayinevi.com.tr\/index.php\/wp-json\/wp\/v2\/product_brand?post=749096"},{"taxonomy":"product_cat","embeddable":true,"href":"https:\/\/roveyayinevi.com.tr\/index.php\/wp-json\/wp\/v2\/product_cat?post=749096"},{"taxonomy":"product_tag","embeddable":true,"href":"https:\/\/roveyayinevi.com.tr\/index.php\/wp-json\/wp\/v2\/product_tag?post=749096"}],"curies":[{"name":"wp","href":"https:\/\/api.w.org\/{rel}","templated":true}]}}