{"id":749095,"date":"2025-08-28T03:47:13","date_gmt":"2025-08-28T00:47:13","guid":{"rendered":"https:\/\/roveyayinevi.com.tr\/index.php\/urun\/deli-tay\/"},"modified":"2026-04-16T03:01:44","modified_gmt":"2026-04-16T00:01:44","slug":"deli-tay","status":"publish","type":"product","link":"https:\/\/roveyayinevi.com.tr\/index.php\/urun\/deli-tay\/","title":{"rendered":"Deli Tay"},"content":{"rendered":"<p>G\u00f6nl\u00fcmde bir deli tay ko\u015far Yank\u0131lan\u0131r ad\u0131mlar\u0131 kalbimde \u00c7a\u011flayan bir \u0131rmak\u00e7a co\u015far \u015eahlan\u0131r g\u00f6klerle kavlimde   G\u00f6nl\u00fcmde bir deli tay ko\u015far \u00c7atlayan k\u0131sra\u011f\u0131n soyundan Bir solukta nice ufuklar a\u015far Delidir huyundan suyundan   G\u00f6nl\u00fcmde bir deli tay ko\u015far Soluklar\u0131nda gezinir bulutlar \u0130lk yi\u011fitten bu zamana ya\u015far Nal \u015favk\u0131nda tutu\u015fur hudutlar   G\u00f6nl\u00fcmde bir deli tay ko\u015far C\u00fcmle zalim ka\u00e7ar \u00f6c\u00fcnden H\u00fcda \u00fclk\u00fcs\u00fcyle dolup ta\u015far Ordular \u00e7ekiliverir \u00f6n\u00fcnden<\/p>\n","protected":false},"excerpt":{"rendered":"<p>G\u00f6nl\u00fcmde bir deli tay ko\u015far Yank\u0131lan\u0131r ad\u0131mlar\u0131 kalbimde \u00c7a\u011flayan bir \u0131rmak\u00e7a co\u015far \u015eahlan\u0131r g\u00f6klerle kavlimde G\u00f6nl\u00fcmde bir deli tay ko\u015far \u00c7atlayan k\u0131sra\u011f\u0131n soyundan Bir solukta nice<span class=\"excerpt-hellip\"> [\u2026]<\/span><\/p>\n","protected":false},"featured_media":0,"template":"","meta":{"_monsterinsights_skip_tracking":false,"_monsterinsights_sitenote_active":false,"_monsterinsights_sitenote_note":"","_monsterinsights_sitenote_category":0},"product_brand":[],"product_cat":[12291,12509],"product_tag":[],"class_list":{"0":"post-749095","1":"product","2":"type-product","3":"status-publish","5":"product_cat-edebiyat","6":"product_cat-siir","7":"pa_cilt-ciltsiz","8":"pa_tur-kitap","9":"pa_yayinevi-luna-yayinlari","10":"pa_yazar-muhammed-akif-bayraktar","12":"first","13":"instock","14":"sale","15":"shipping-taxable","16":"purchasable","17":"product-type-simple"},"_links":{"self":[{"href":"https:\/\/roveyayinevi.com.tr\/index.php\/wp-json\/wp\/v2\/product\/749095","targetHints":{"allow":["GET"]}}],"collection":[{"href":"https:\/\/roveyayinevi.com.tr\/index.php\/wp-json\/wp\/v2\/product"}],"about":[{"href":"https:\/\/roveyayinevi.com.tr\/index.php\/wp-json\/wp\/v2\/types\/product"}],"wp:attachment":[{"href":"https:\/\/roveyayinevi.com.tr\/index.php\/wp-json\/wp\/v2\/media?parent=749095"}],"wp:term":[{"taxonomy":"product_brand","embeddable":true,"href":"https:\/\/roveyayinevi.com.tr\/index.php\/wp-json\/wp\/v2\/product_brand?post=749095"},{"taxonomy":"product_cat","embeddable":true,"href":"https:\/\/roveyayinevi.com.tr\/index.php\/wp-json\/wp\/v2\/product_cat?post=749095"},{"taxonomy":"product_tag","embeddable":true,"href":"https:\/\/roveyayinevi.com.tr\/index.php\/wp-json\/wp\/v2\/product_tag?post=749095"}],"curies":[{"name":"wp","href":"https:\/\/api.w.org\/{rel}","templated":true}]}}