{"id":749079,"date":"2025-08-28T03:46:51","date_gmt":"2025-08-28T00:46:51","guid":{"rendered":"https:\/\/roveyayinevi.com.tr\/index.php\/urun\/secim-guvenligi-icin-sandiklari-korumak\/"},"modified":"2026-04-16T03:01:43","modified_gmt":"2026-04-16T00:01:43","slug":"secim-guvenligi-icin-sandiklari-korumak","status":"publish","type":"product","link":"https:\/\/roveyayinevi.com.tr\/index.php\/urun\/secim-guvenligi-icin-sandiklari-korumak\/","title":{"rendered":"Se\u00e7im G\u00fcvenli\u011fi \u0130\u00e7in Sand\u0131klar\u0131 Korumak"},"content":{"rendered":"<p>Tu\u0308rkiye\u2019de sand\u0131k gu\u0308venlig\u0306inin o\u0308nemi, Gezi eylemleri sonras\u0131nda,2014\u2019te Oy ve O\u0308tesi\u2019nin sand\u0131k gu\u0308venlig\u0306i merkezli bir demokrasi hareketi kurmas\u0131yla bas\u0327lad\u0131. O gu\u0308nden bugu\u0308ne bu hareket bu\u0308yu\u0308du\u0308, gelis\u0327ti. Partiler \u201csand\u0131k gu\u0308venlig\u0306i\u201d temas\u0131n\u0131 sahiplendiler.Sec\u0327il Tu\u0308rkkan, Sec\u0327im Gu\u0308venlig\u0306i ic\u0327in Sand\u0131klar\u0131 Korumak bas\u0327l\u0131kl\u0131 kitab\u0131nda, c\u0327ok farkl\u0131 siyasal ve sosyal kimliklerden insanlar\u0131n mu\u0308s\u0327ahit olarak yas\u0327ad\u0131klar\u0131 deneyimleri aktar\u0131yor. Sand\u0131klar\u0131 korumak ic\u0327in sand\u0131k bas\u0327\u0131nda birlikte hareket eden mu\u0308s\u0327ahitler, yurttas\u0327 ve go\u0308nu\u0308llu\u0308 temelli \u201ckendi demokrasini kendin yap\u201d hareketiyle ilgili ilham verici go\u0308zlemlerini anlat\u0131yorlar. Slogans\u0131z slogan, protestosuz protesto c\u0327ag\u0306\u0131nda, birbirimizle konus\u0327man\u0131n ve tan\u0131s\u0327man\u0131n bir yolunu go\u0308steriyorlar. Kitapta ayr\u0131ca ilk kez sand\u0131k mu\u0308s\u0327ahitlig\u0306i yapacak olanlar ic\u0327in bilgilendirme ve tavsiyeler k\u0131lavuzu yer al\u0131yor.Sand\u0131k bas\u0327\u0131nda sigaraya bas\u0327lamaktan, silahla tehdit edilmeye, odaya kapat\u0131lmaktan, ilk sivil toplum tecru\u0308besini deneyimlemeye, bir anars\u0327isti sand\u0131k korumaya ikna etmekten, en yak\u0131n arkadas\u0327lar\u0131n\u0131 sand\u0131k bas\u0327\u0131nda edinmeye, hatta evlilig\u0306e uzanan bu \u201can\u0131lar\u201d, kaybolmas\u0131na izin veremeyeceg\u0306imiz, bizim hika\u0302yelerimiz. Demokrasinin temel bir kurumunu savunmak ic\u0327in harekete gec\u0327enlerin hika\u0302yeleri. \u201cGu\u0308ndemin yu\u0308zde 30\u2019u sec\u0327im gu\u0308venlig\u0306i olmal\u0131 c\u0327u\u0308nku\u0308 ne kadar c\u0327ok s\u0327eyi deg\u0306is\u0327tirebildig\u0306ini bana go\u0308revli oldug\u0306um sec\u0327im go\u0308sterdi. 2019 Mart ve Haziran\u2019a bakt\u0131g\u0306\u0131mda Pursaklar deneyimim bana I\u0307stanbul\u2019un sand\u0131k gu\u0308venlig\u0306iyle kazan\u0131ld\u0131g\u0306\u0131n\u0131 du\u0308s\u0327u\u0308ndu\u0308ru\u0308yor.\u201d Korcan, 2018\u2019de Pursaklar\u2019da mu\u0308s\u0327ahit<\/p>\n","protected":false},"excerpt":{"rendered":"<p>Tu\u0308rkiye\u2019de sand\u0131k gu\u0308venlig\u0306inin o\u0308nemi, Gezi eylemleri sonras\u0131nda,2014\u2019te Oy ve O\u0308tesi\u2019nin sand\u0131k gu\u0308venlig\u0306i merkezli bir demokrasi hareketi kurmas\u0131yla bas\u0327lad\u0131. O gu\u0308nden bugu\u0308ne bu hareket bu\u0308yu\u0308du\u0308, gelis\u0327ti. Partiler<span class=\"excerpt-hellip\"> [\u2026]<\/span><\/p>\n","protected":false},"featured_media":0,"template":"","meta":{"_monsterinsights_skip_tracking":false,"_monsterinsights_sitenote_active":false,"_monsterinsights_sitenote_note":"","_monsterinsights_sitenote_category":0},"product_brand":[],"product_cat":[31194,12337],"product_tag":[],"class_list":{"0":"post-749079","1":"product","2":"type-product","3":"status-publish","5":"product_cat-guncel-siyaset","6":"product_cat-politika-siyaset","7":"pa_cilt-ciltsiz","8":"pa_tur-kitap","9":"pa_yayinevi-iletisim-yayinlari","10":"pa_yazar-secil-turkkan","12":"first","13":"instock","14":"sale","15":"shipping-taxable","16":"purchasable","17":"product-type-simple"},"_links":{"self":[{"href":"https:\/\/roveyayinevi.com.tr\/index.php\/wp-json\/wp\/v2\/product\/749079","targetHints":{"allow":["GET"]}}],"collection":[{"href":"https:\/\/roveyayinevi.com.tr\/index.php\/wp-json\/wp\/v2\/product"}],"about":[{"href":"https:\/\/roveyayinevi.com.tr\/index.php\/wp-json\/wp\/v2\/types\/product"}],"wp:attachment":[{"href":"https:\/\/roveyayinevi.com.tr\/index.php\/wp-json\/wp\/v2\/media?parent=749079"}],"wp:term":[{"taxonomy":"product_brand","embeddable":true,"href":"https:\/\/roveyayinevi.com.tr\/index.php\/wp-json\/wp\/v2\/product_brand?post=749079"},{"taxonomy":"product_cat","embeddable":true,"href":"https:\/\/roveyayinevi.com.tr\/index.php\/wp-json\/wp\/v2\/product_cat?post=749079"},{"taxonomy":"product_tag","embeddable":true,"href":"https:\/\/roveyayinevi.com.tr\/index.php\/wp-json\/wp\/v2\/product_tag?post=749079"}],"curies":[{"name":"wp","href":"https:\/\/api.w.org\/{rel}","templated":true}]}}