{"id":749070,"date":"2025-08-28T03:46:37","date_gmt":"2025-08-28T00:46:37","guid":{"rendered":"https:\/\/roveyayinevi.com.tr\/index.php\/urun\/blake\/"},"modified":"2026-04-16T03:01:43","modified_gmt":"2026-04-16T00:01:43","slug":"blake","status":"publish","type":"product","link":"https:\/\/roveyayinevi.com.tr\/index.php\/urun\/blake\/","title":{"rendered":"Blake"},"content":{"rendered":"<p>\u201cAh neden farkl\u0131 bir suretle do\u011fdum ben?   Irk\u0131m\u0131n geri kalan\u0131 gibi do\u011fmam\u0131\u015f olmam neden?\u201d Kendisine \u00f6zg\u00fc mistik inanc\u0131nda do\u011fum ve \u00f6l\u00fcm, ba\u015flang\u0131\u00e7 ya da son gibi kavramlar olmayan b\u00fcy\u00fck \u015fair ve ressam William Blake, usta yazar Peter Ackroyd\u2019un anlat\u0131m\u0131yla yeniden kar\u015f\u0131m\u0131zda. \u00c7izimleriyle sanat tarihinde kendisine \u00f6zg\u00fc bir yer edinen, \u015fiirleriyle ruhunu ifade eden Blake\u2019in biyografisini okurken d\u00f6nemin Londra\u2019s\u0131n\u0131n kasvetli sokaklar\u0131nda gezecek, modern \u00e7a\u011f\u0131n ba\u015flang\u0131c\u0131na tan\u0131kl\u0131k edeceksiniz.   \u201cMuhte\u015fem &#8230; derinden dokunakl\u0131 ve ayr\u0131nt\u0131larla \u0131\u015f\u0131l \u0131\u015f\u0131l&#8230; Ackroyd&#8217;u biyografi yazarlar\u0131 aras\u0131nda bu kadar istisnai k\u0131lan \u015fey, bilgisinin \u00e7e\u015fitlili\u011fi ve g\u00fczelli\u011fidir. Hemen al\u0131n\u0131p okunmas\u0131 gereken bir kitap.\u201d \u2013Observer   \u201cCanland\u0131r\u0131c\u0131 &#8230; bir r\u00fcya-kurgunun t\u00fcm hipnotize edici g\u00fcc\u00fcne ve psikolojik yo\u011funlu\u011funa sahip.\u201d \u2013Daily Telegraph   \u201cParlak ve ilgi \u00e7ekici &#8230; bir\u00e7ok okuyucuyu zengin \u015fiirlere geri g\u00f6nderecek.\u201d \u2013John Carey, Sunday Times   \u201cGergin, anla\u015f\u0131l\u0131r ve zeki &#8230; kesinlikle t\u00fcr\u00fcn bir klasi\u011fi olarak kalacak.\u201d \u2013Harpers &amp; Queen <\/p>\n","protected":false},"excerpt":{"rendered":"<p>\u201cAh neden farkl\u0131 bir suretle do\u011fdum ben? Irk\u0131m\u0131n geri kalan\u0131 gibi do\u011fmam\u0131\u015f olmam neden?\u201d Kendisine \u00f6zg\u00fc mistik inanc\u0131nda do\u011fum ve \u00f6l\u00fcm, ba\u015flang\u0131\u00e7 ya da son gibi<span class=\"excerpt-hellip\"> [\u2026]<\/span><\/p>\n","protected":false},"featured_media":0,"template":"","meta":{"_monsterinsights_skip_tracking":false,"_monsterinsights_sitenote_active":false,"_monsterinsights_sitenote_note":"","_monsterinsights_sitenote_category":0},"product_brand":[],"product_cat":[14009,12291],"product_tag":[],"class_list":{"0":"post-749070","1":"product","2":"type-product","3":"status-publish","5":"product_cat-biyografi-otobiyografi-edebiyat","6":"product_cat-edebiyat","7":"pa_cilt-ciltsiz","8":"pa_tur-kitap","9":"pa_yayinevi-alfa-yayinlari","10":"pa_yazar-peter-ackroyd","12":"first","13":"instock","14":"sale","15":"shipping-taxable","16":"purchasable","17":"product-type-simple"},"_links":{"self":[{"href":"https:\/\/roveyayinevi.com.tr\/index.php\/wp-json\/wp\/v2\/product\/749070","targetHints":{"allow":["GET"]}}],"collection":[{"href":"https:\/\/roveyayinevi.com.tr\/index.php\/wp-json\/wp\/v2\/product"}],"about":[{"href":"https:\/\/roveyayinevi.com.tr\/index.php\/wp-json\/wp\/v2\/types\/product"}],"wp:attachment":[{"href":"https:\/\/roveyayinevi.com.tr\/index.php\/wp-json\/wp\/v2\/media?parent=749070"}],"wp:term":[{"taxonomy":"product_brand","embeddable":true,"href":"https:\/\/roveyayinevi.com.tr\/index.php\/wp-json\/wp\/v2\/product_brand?post=749070"},{"taxonomy":"product_cat","embeddable":true,"href":"https:\/\/roveyayinevi.com.tr\/index.php\/wp-json\/wp\/v2\/product_cat?post=749070"},{"taxonomy":"product_tag","embeddable":true,"href":"https:\/\/roveyayinevi.com.tr\/index.php\/wp-json\/wp\/v2\/product_tag?post=749070"}],"curies":[{"name":"wp","href":"https:\/\/api.w.org\/{rel}","templated":true}]}}