{"id":749065,"date":"2025-08-28T03:46:28","date_gmt":"2025-08-28T00:46:28","guid":{"rendered":"https:\/\/roveyayinevi.com.tr\/index.php\/urun\/duygular-kitabim\/"},"modified":"2026-04-16T03:01:43","modified_gmt":"2026-04-16T00:01:43","slug":"duygular-kitabim","status":"publish","type":"product","link":"https:\/\/roveyayinevi.com.tr\/index.php\/urun\/duygular-kitabim\/","title":{"rendered":"Duygular Kitab\u0131m"},"content":{"rendered":"<p>\u00dcz\u00fcnt\u00fc, a\u011f\u0131rl\u0131\u011f\u0131na bakmadan gel\u0130p oturmu\u015ftu Leyla\u2019n\u0131n omzuna. \u00d6fkey\u0130 durdurmak i\u00e7in saym\u0131\u015flard\u0131 1\u2019den 10\u2019a. KORKU \u0130le ko\u015ftuk\u00e7a, g\u00fcvend\u0130 Leyla akl\u0131na. Utan\u00e7, pembe reng\u0130yle bel\u0130rm\u0130\u015f, sar\u0131lm\u0131\u015ft\u0131 Leyla\u2019ya tela\u015fla. \u0130\u015ftah, m\u0130deyle konu\u015fup anla\u015fm\u0131\u015ft\u0131. Kararl\u0131yd\u0131, Leyla\u2019y\u0131 korumaya. Merak ve ne\u015fe gez\u0130yordu Leyla\u2019n\u0131n kalb\u0130nde kol kola. Hepsi de ayn\u0131 g\u00fcn \u201cMerhaba!\u201d ded\u0130 Leyla\u2019ya. Bu muhte\u015fem arkada\u015fl\u0131\u011f\u0131n masal\u0131 da o g\u00fcn ba\u015flad\u0131 yaz\u0131lmaya&#8230; <\/p>\n","protected":false},"excerpt":{"rendered":"<p>\u00dcz\u00fcnt\u00fc, a\u011f\u0131rl\u0131\u011f\u0131na bakmadan gel\u0130p oturmu\u015ftu Leyla\u2019n\u0131n omzuna. \u00d6fkey\u0130 durdurmak i\u00e7in saym\u0131\u015flard\u0131 1\u2019den 10\u2019a. KORKU \u0130le ko\u015ftuk\u00e7a, g\u00fcvend\u0130 Leyla akl\u0131na. Utan\u00e7, pembe reng\u0130yle bel\u0130rm\u0130\u015f, sar\u0131lm\u0131\u015ft\u0131 Leyla\u2019ya tela\u015fla.<span class=\"excerpt-hellip\"> [\u2026]<\/span><\/p>\n","protected":false},"featured_media":0,"template":"","meta":{"_monsterinsights_skip_tracking":false,"_monsterinsights_sitenote_active":false,"_monsterinsights_sitenote_note":"","_monsterinsights_sitenote_category":0},"product_brand":[],"product_cat":[12274,12284],"product_tag":[],"class_list":{"0":"post-749065","1":"product","2":"type-product","3":"status-publish","5":"product_cat-cocuk-ve-genclik-kitaplari","6":"product_cat-hikayeler","7":"pa_cilt-ciltsiz","8":"pa_tur-kitap","9":"pa_yayinevi-turkuvaz-kitap","10":"pa_yazar-chiara-piroddi","12":"first","13":"instock","14":"sale","15":"shipping-taxable","16":"purchasable","17":"product-type-simple"},"_links":{"self":[{"href":"https:\/\/roveyayinevi.com.tr\/index.php\/wp-json\/wp\/v2\/product\/749065","targetHints":{"allow":["GET"]}}],"collection":[{"href":"https:\/\/roveyayinevi.com.tr\/index.php\/wp-json\/wp\/v2\/product"}],"about":[{"href":"https:\/\/roveyayinevi.com.tr\/index.php\/wp-json\/wp\/v2\/types\/product"}],"wp:attachment":[{"href":"https:\/\/roveyayinevi.com.tr\/index.php\/wp-json\/wp\/v2\/media?parent=749065"}],"wp:term":[{"taxonomy":"product_brand","embeddable":true,"href":"https:\/\/roveyayinevi.com.tr\/index.php\/wp-json\/wp\/v2\/product_brand?post=749065"},{"taxonomy":"product_cat","embeddable":true,"href":"https:\/\/roveyayinevi.com.tr\/index.php\/wp-json\/wp\/v2\/product_cat?post=749065"},{"taxonomy":"product_tag","embeddable":true,"href":"https:\/\/roveyayinevi.com.tr\/index.php\/wp-json\/wp\/v2\/product_tag?post=749065"}],"curies":[{"name":"wp","href":"https:\/\/api.w.org\/{rel}","templated":true}]}}