{"id":749055,"date":"2025-08-28T03:46:13","date_gmt":"2025-08-28T00:46:13","guid":{"rendered":"https:\/\/roveyayinevi.com.tr\/index.php\/urun\/bizans-anadolusunda-hamamlar-ve-yikanma-aliskanliklari\/"},"modified":"2026-04-16T03:01:43","modified_gmt":"2026-04-16T00:01:43","slug":"bizans-anadolusunda-hamamlar-ve-yikanma-aliskanliklari","status":"publish","type":"product","link":"https:\/\/roveyayinevi.com.tr\/index.php\/urun\/bizans-anadolusunda-hamamlar-ve-yikanma-aliskanliklari\/","title":{"rendered":"Bizans Anadolusu&#8217;nda Hamamlar ve Y\u0131kanma Al\u0131\u015fkanl\u0131klar\u0131"},"content":{"rendered":"<p>Bizans Anadolusu\u2019nda Hamamlar ve Y\u0131kanma Al\u0131\u015fkanl\u0131klar\u0131\u2019, hamam yap\u0131lar\u0131n\u0131n Roma d\u00f6neminden itaberen geli\u015fimlerini k\u0131saca ele alarak Bizans\u2019a ge\u00e7i\u015f ve sonras\u0131ndaki de\u011fi\u015fim s\u00fcre\u00e7lerini Anadolu co\u011frafyas\u0131 \u00f6zelinden de\u011ferlendirir.Ba\u015fta yaz\u0131l\u0131 kaynaklar olmak \u00fczere,arkeolojik bulgular ve benzeri veriler \u0131\u015f\u0131\u011f\u0131nda elde edilen bilgiler do\u011frultusunda Bizans hamamlar\u0131n\u0131n teknik,teknolojik ve morfolojik y\u00f6nlerine vurgu yaparak d\u00f6nemin y\u0131kanma al\u0131\u015fk\u0131nl\u0131klar\u0131na odaklan\u0131r.Bu y\u00f6n\u00fcyle eser,Bizans ara\u015ft\u0131rmac\u0131lar\u0131 ba\u015fta olmak \u00fczere Sanat Tarihi,Mimarl\u0131k,Arkeoloji ve Tarih alan\u0131yla ilgili okuyucular\u0131n dikkatini \u00e7ekecektir.<\/p>\n","protected":false},"excerpt":{"rendered":"<p>Bizans Anadolusu\u2019nda Hamamlar ve Y\u0131kanma Al\u0131\u015fkanl\u0131klar\u0131\u2019, hamam yap\u0131lar\u0131n\u0131n Roma d\u00f6neminden itaberen geli\u015fimlerini k\u0131saca ele alarak Bizans\u2019a ge\u00e7i\u015f ve sonras\u0131ndaki de\u011fi\u015fim s\u00fcre\u00e7lerini Anadolu co\u011frafyas\u0131 \u00f6zelinden de\u011ferlendirir.Ba\u015fta yaz\u0131l\u0131<span class=\"excerpt-hellip\"> [\u2026]<\/span><\/p>\n","protected":false},"featured_media":0,"template":"","meta":{"_monsterinsights_skip_tracking":false,"_monsterinsights_sitenote_active":false,"_monsterinsights_sitenote_note":"","_monsterinsights_sitenote_category":0},"product_brand":[],"product_cat":[52477,52478],"product_tag":[],"class_list":{"0":"post-749055","1":"product","2":"type-product","3":"status-publish","5":"product_cat-arastirma","6":"product_cat-arkeoloji","7":"pa_cilt-ciltsiz","8":"pa_tur-kitap","9":"pa_yayinevi-bilgin-kultur-sanat","10":"pa_yazar-oguz-kocyigit","12":"first","13":"instock","14":"sale","15":"shipping-taxable","16":"purchasable","17":"product-type-simple"},"_links":{"self":[{"href":"https:\/\/roveyayinevi.com.tr\/index.php\/wp-json\/wp\/v2\/product\/749055","targetHints":{"allow":["GET"]}}],"collection":[{"href":"https:\/\/roveyayinevi.com.tr\/index.php\/wp-json\/wp\/v2\/product"}],"about":[{"href":"https:\/\/roveyayinevi.com.tr\/index.php\/wp-json\/wp\/v2\/types\/product"}],"wp:attachment":[{"href":"https:\/\/roveyayinevi.com.tr\/index.php\/wp-json\/wp\/v2\/media?parent=749055"}],"wp:term":[{"taxonomy":"product_brand","embeddable":true,"href":"https:\/\/roveyayinevi.com.tr\/index.php\/wp-json\/wp\/v2\/product_brand?post=749055"},{"taxonomy":"product_cat","embeddable":true,"href":"https:\/\/roveyayinevi.com.tr\/index.php\/wp-json\/wp\/v2\/product_cat?post=749055"},{"taxonomy":"product_tag","embeddable":true,"href":"https:\/\/roveyayinevi.com.tr\/index.php\/wp-json\/wp\/v2\/product_tag?post=749055"}],"curies":[{"name":"wp","href":"https:\/\/api.w.org\/{rel}","templated":true}]}}