{"id":749043,"date":"2025-08-28T03:45:56","date_gmt":"2025-08-28T00:45:56","guid":{"rendered":"https:\/\/roveyayinevi.com.tr\/index.php\/urun\/benzer-kuslar-birlikte-ucar\/"},"modified":"2026-03-26T15:38:48","modified_gmt":"2026-03-26T12:38:48","slug":"benzer-kuslar-birlikte-ucar","status":"publish","type":"product","link":"https:\/\/roveyayinevi.com.tr\/index.php\/urun\/benzer-kuslar-birlikte-ucar\/","title":{"rendered":"Benzer Ku\u015flar Birlikte U\u00e7ar"},"content":{"rendered":"<p>Benzer ku\u015flar birlikte u\u00e7ar. Benzer insanlar iyi anla\u015f\u0131rlar. Benzer kalpler birbirini sever. Benzer ak\u0131llar benzer d\u00fc\u015f\u00fcn\u00fcrler. Elinizde tuttu\u011funuz bu kitap da benzer hisleri ya\u015fayanlar, bu g\u00fczelim gezegende yaln\u0131z olmad\u0131klar\u0131n\u0131 bilsinler diye yaz\u0131ld\u0131.  Not tutmadan duramayan, isimleri, y\u00fczleri, olaylar\u0131 haf\u0131zas\u0131na kaz\u0131yan, etraf\u0131nda olanlara, o olanlardan anlamlar \u00e7\u0131karmaya ve iyi demlenmi\u015f hayatlara merak duyan biri yazd\u0131.  K\u0131skan\u00e7l\u0131k, dedikodu, uzun ya\u015famak ve g\u00fczellik gibi hepimizin hayat\u0131ndaki meseleleri ele al\u0131rken dergicilik tecr\u00fcbesinden, ileti\u015fimci g\u00f6z\u00fcnden ve y\u0131llard\u0131r biriktirdi\u011fi ar\u015fivinden faydaland\u0131. Baz\u0131 duygular\u0131 anlatmak i\u00e7in T\u00fcrk\u00e7ede kar\u015f\u0131l\u0131\u011f\u0131 olmayan ba\u015fka dildeki s\u00f6zc\u00fcklerden yard\u0131m ald\u0131. Her kelimeyi do\u011fru hisle e\u015fle\u015ftirmeye ve do\u011fru yere yerle\u015ftirmeye \u00e7al\u0131\u015ft\u0131. Kitab\u0131n varolu\u015f amac\u0131 da b\u00f6yle ortaya \u00e7\u0131kt\u0131.    Uzun ya\u015faman\u0131n s\u0131rlar\u0131ndan dedikodu yapman\u0131n faydalar\u0131na, Frans\u0131z stili \u00e7ocuk yeti\u015ftirmekten hayat\u0131 Japonlar gibi inceliklerle ge\u00e7irmeye, k\u0131skan\u00e7l\u0131\u011f\u0131n iyi taraflar\u0131ndan g\u00fczelli\u011fin etki alan\u0131na kadar de\u011fi\u015fik konularda ya\u015fanm\u0131\u015f ilgin\u00e7 hik\u00e2yeler okumak istedi\u011fin bir zamanda, k\u0131s telefonunun sesini, kapat kendini d\u0131\u015f d\u00fcnyaya. Rastgele bir sayfay\u0131 a\u00e7 ve okumaya ba\u015fla.  <\/p>\n","protected":false},"excerpt":{"rendered":"<p>Benzer ku\u015flar birlikte u\u00e7ar. Benzer insanlar iyi anla\u015f\u0131rlar. Benzer kalpler birbirini sever. Benzer ak\u0131llar benzer d\u00fc\u015f\u00fcn\u00fcrler. Elinizde tuttu\u011funuz bu kitap da benzer hisleri ya\u015fayanlar, bu g\u00fczelim<span class=\"excerpt-hellip\"> [\u2026]<\/span><\/p>\n","protected":false},"featured_media":0,"template":"","meta":{"_monsterinsights_skip_tracking":false,"_monsterinsights_sitenote_active":false,"_monsterinsights_sitenote_note":"","_monsterinsights_sitenote_category":0},"product_brand":[],"product_cat":[12777,12291],"product_tag":[],"class_list":{"0":"post-749043","1":"product","2":"type-product","3":"status-publish","5":"product_cat-deneme","6":"product_cat-edebiyat","7":"pa_cilt-ciltsiz","8":"pa_tur-kitap","9":"pa_yayinevi-dogan-novus","10":"pa_yazar-banu-dagistan","12":"first","13":"instock","14":"sale","15":"shipping-taxable","16":"purchasable","17":"product-type-simple"},"_links":{"self":[{"href":"https:\/\/roveyayinevi.com.tr\/index.php\/wp-json\/wp\/v2\/product\/749043","targetHints":{"allow":["GET"]}}],"collection":[{"href":"https:\/\/roveyayinevi.com.tr\/index.php\/wp-json\/wp\/v2\/product"}],"about":[{"href":"https:\/\/roveyayinevi.com.tr\/index.php\/wp-json\/wp\/v2\/types\/product"}],"wp:attachment":[{"href":"https:\/\/roveyayinevi.com.tr\/index.php\/wp-json\/wp\/v2\/media?parent=749043"}],"wp:term":[{"taxonomy":"product_brand","embeddable":true,"href":"https:\/\/roveyayinevi.com.tr\/index.php\/wp-json\/wp\/v2\/product_brand?post=749043"},{"taxonomy":"product_cat","embeddable":true,"href":"https:\/\/roveyayinevi.com.tr\/index.php\/wp-json\/wp\/v2\/product_cat?post=749043"},{"taxonomy":"product_tag","embeddable":true,"href":"https:\/\/roveyayinevi.com.tr\/index.php\/wp-json\/wp\/v2\/product_tag?post=749043"}],"curies":[{"name":"wp","href":"https:\/\/api.w.org\/{rel}","templated":true}]}}