{"id":749042,"date":"2025-08-28T03:45:54","date_gmt":"2025-08-28T00:45:54","guid":{"rendered":"https:\/\/roveyayinevi.com.tr\/index.php\/urun\/hipomania\/"},"modified":"2025-11-21T08:59:35","modified_gmt":"2025-11-21T05:59:35","slug":"hipomania","status":"publish","type":"product","link":"https:\/\/roveyayinevi.com.tr\/index.php\/urun\/hipomania\/","title":{"rendered":"Hipomania"},"content":{"rendered":"<p>Bitkin bir g\u00fcn\u00fcmde bir me\u015fe a\u011fac\u0131na \u00f6l\u00fc gibi sar\u0131lm\u0131\u015ft\u0131m. Sincaplar gelip koklad\u0131, kar\u0131ncalar \u00fcst\u00fcmden eksik olmad\u0131, ku\u015flar omzuma konup boynuma ba\u015flar\u0131n\u0131 s\u00fcrd\u00fc, kediler s\u0131rna\u015ft\u0131, a\u011fa\u00e7lar yapraklar\u0131n\u0131 \u00fcst\u00fcme d\u00f6kt\u00fc, insanlar gelip \u201cnumara\u201d yap\u0131p yapmad\u0131\u011f\u0131m\u0131 anlamaya \u00e7al\u0131\u015ft\u0131. Numaray\u0131 insan yap\u0131yor ve yine sadece insan anl\u0131yor, as\u0131l insan\u0131n kendisi tabiata \u00e7ekilen bir numaradan ba\u015fka \u015fey de\u011fil anla\u015f\u0131lan.   Daldan dala atlayan, d\u00fc\u015f\u00fcnceleri jet h\u0131z\u0131yla yer de\u011fi\u015ftiren, kafas\u0131na g\u00f6re tak\u0131lan bir i\u00e7 monolog Hipomania&#8230; A\u015fk, \u00f6l\u00fcm, tutku, toplum, intihar, edebiyat, affetme, hayata tutunma (ya da tutunamama) adac\u0131klar\u0131n\u0131 mesken edinmi\u015f bir bilin\u00e7 ak\u0131\u015f\u0131 roman\u0131\u2026 Hem bir sorgulama hem bir dertle\u015fme kitab\u0131\u2026 Delilik ile d\u00e2hili\u011fin ince s\u0131n\u0131rlar\u0131nda dola\u015fan\u2026 <\/p>\n","protected":false},"excerpt":{"rendered":"<p>Bitkin bir g\u00fcn\u00fcmde bir me\u015fe a\u011fac\u0131na \u00f6l\u00fc gibi sar\u0131lm\u0131\u015ft\u0131m. Sincaplar gelip koklad\u0131, kar\u0131ncalar \u00fcst\u00fcmden eksik olmad\u0131, ku\u015flar omzuma konup boynuma ba\u015flar\u0131n\u0131 s\u00fcrd\u00fc, kediler s\u0131rna\u015ft\u0131, a\u011fa\u00e7lar yapraklar\u0131n\u0131<span class=\"excerpt-hellip\"> [\u2026]<\/span><\/p>\n","protected":false},"featured_media":0,"template":"","meta":{"_monsterinsights_skip_tracking":false,"_monsterinsights_sitenote_active":false,"_monsterinsights_sitenote_note":"","_monsterinsights_sitenote_category":0},"product_brand":[],"product_cat":[12291,12711],"product_tag":[],"class_list":{"0":"post-749042","1":"product","2":"type-product","3":"status-publish","5":"product_cat-edebiyat","6":"product_cat-roman-oyku","7":"pa_cilt-ciltsiz","8":"pa_tur-kitap","9":"pa_yayinevi-dogan-kitap","10":"pa_yazar-tahir-musa-ceylan","12":"first","13":"instock","14":"sale","15":"shipping-taxable","16":"purchasable","17":"product-type-simple"},"_links":{"self":[{"href":"https:\/\/roveyayinevi.com.tr\/index.php\/wp-json\/wp\/v2\/product\/749042","targetHints":{"allow":["GET"]}}],"collection":[{"href":"https:\/\/roveyayinevi.com.tr\/index.php\/wp-json\/wp\/v2\/product"}],"about":[{"href":"https:\/\/roveyayinevi.com.tr\/index.php\/wp-json\/wp\/v2\/types\/product"}],"wp:attachment":[{"href":"https:\/\/roveyayinevi.com.tr\/index.php\/wp-json\/wp\/v2\/media?parent=749042"}],"wp:term":[{"taxonomy":"product_brand","embeddable":true,"href":"https:\/\/roveyayinevi.com.tr\/index.php\/wp-json\/wp\/v2\/product_brand?post=749042"},{"taxonomy":"product_cat","embeddable":true,"href":"https:\/\/roveyayinevi.com.tr\/index.php\/wp-json\/wp\/v2\/product_cat?post=749042"},{"taxonomy":"product_tag","embeddable":true,"href":"https:\/\/roveyayinevi.com.tr\/index.php\/wp-json\/wp\/v2\/product_tag?post=749042"}],"curies":[{"name":"wp","href":"https:\/\/api.w.org\/{rel}","templated":true}]}}