{"id":749036,"date":"2025-08-28T03:45:45","date_gmt":"2025-08-28T00:45:45","guid":{"rendered":"https:\/\/roveyayinevi.com.tr\/index.php\/urun\/bilimin-karsisinda-100-sahte-haber\/"},"modified":"2026-04-16T03:01:42","modified_gmt":"2026-04-16T00:01:42","slug":"bilimin-karsisinda-100-sahte-haber","status":"publish","type":"product","link":"https:\/\/roveyayinevi.com.tr\/index.php\/urun\/bilimin-karsisinda-100-sahte-haber\/","title":{"rendered":"Bilimin Kar\u015f\u0131s\u0131nda 100 Sahte Haber"},"content":{"rendered":"<p>\u201cK\u00fcresel \u0131s\u0131nmayla sava\u015fmak i\u00e7in hi\u00e7bir \u015fey yapamay\u0131z.\u201d   \u201cYak\u0131nda Mars\u2019ta ya\u015fayaca\u011f\u0131z!\u201d   \u201cBeynimizin yaln\u0131zca %10\u2019unu kullan\u0131yoruz.\u201d   Yalan haberler zor \u00f6l\u00fcr! O kadar zor \u00f6l\u00fcrler ki; her birimiz yalan haberlerin tutsa\u011f\u0131 olabiliriz. Daha net g\u00f6rebilmeniz i\u00e7in zengin ill\u00fcstrasyonlarla e\u011flenceli bir \u015fekilde besinler, beyin ve \u00e7evre hakk\u0131nda 100 sahte haberin bilimini inceledik.   Sabit fikirleri y\u0131k\u0131n ve ele\u015ftirel bak\u0131\u015f a\u00e7\u0131n\u0131z\u0131 bileyin! Bir dahaki sefere \u201cerkeklerin matematikte kad\u0131nlardan daha ba\u015far\u0131l\u0131 oldu\u011fu kan\u0131tland\u0131!\u201d, c\u00fcmlesini duydu\u011funuzda \u015fa\u015fk\u0131n bak\u0131\u015flardan daha fazlas\u0131n\u0131 ortaya koyun.<\/p>\n","protected":false},"excerpt":{"rendered":"<p>\u201cK\u00fcresel \u0131s\u0131nmayla sava\u015fmak i\u00e7in hi\u00e7bir \u015fey yapamay\u0131z.\u201d \u201cYak\u0131nda Mars\u2019ta ya\u015fayaca\u011f\u0131z!\u201d \u201cBeynimizin yaln\u0131zca %10\u2019unu kullan\u0131yoruz.\u201d Yalan haberler zor \u00f6l\u00fcr! O kadar zor \u00f6l\u00fcrler ki; her birimiz yalan<span class=\"excerpt-hellip\"> [\u2026]<\/span><\/p>\n","protected":false},"featured_media":0,"template":"","meta":{"_monsterinsights_skip_tracking":false,"_monsterinsights_sitenote_active":false,"_monsterinsights_sitenote_note":"","_monsterinsights_sitenote_category":0},"product_brand":[],"product_cat":[13005,13006],"product_tag":[],"class_list":{"0":"post-749036","1":"product","2":"type-product","3":"status-publish","5":"product_cat-bilim-muhendislik","6":"product_cat-populer-bilim","7":"pa_cilt-ciltsiz","8":"pa_tur-kitap","9":"pa_yayinevi-orenda","10":"pa_yazar-kolektif","12":"first","13":"instock","14":"sale","15":"shipping-taxable","16":"purchasable","17":"product-type-simple"},"_links":{"self":[{"href":"https:\/\/roveyayinevi.com.tr\/index.php\/wp-json\/wp\/v2\/product\/749036","targetHints":{"allow":["GET"]}}],"collection":[{"href":"https:\/\/roveyayinevi.com.tr\/index.php\/wp-json\/wp\/v2\/product"}],"about":[{"href":"https:\/\/roveyayinevi.com.tr\/index.php\/wp-json\/wp\/v2\/types\/product"}],"wp:attachment":[{"href":"https:\/\/roveyayinevi.com.tr\/index.php\/wp-json\/wp\/v2\/media?parent=749036"}],"wp:term":[{"taxonomy":"product_brand","embeddable":true,"href":"https:\/\/roveyayinevi.com.tr\/index.php\/wp-json\/wp\/v2\/product_brand?post=749036"},{"taxonomy":"product_cat","embeddable":true,"href":"https:\/\/roveyayinevi.com.tr\/index.php\/wp-json\/wp\/v2\/product_cat?post=749036"},{"taxonomy":"product_tag","embeddable":true,"href":"https:\/\/roveyayinevi.com.tr\/index.php\/wp-json\/wp\/v2\/product_tag?post=749036"}],"curies":[{"name":"wp","href":"https:\/\/api.w.org\/{rel}","templated":true}]}}