{"id":749029,"date":"2025-08-28T03:45:29","date_gmt":"2025-08-28T00:45:29","guid":{"rendered":"https:\/\/roveyayinevi.com.tr\/index.php\/urun\/kendime-dusunceler-4\/"},"modified":"2026-04-16T03:01:42","modified_gmt":"2026-04-16T00:01:42","slug":"kendime-dusunceler-4","status":"publish","type":"product","link":"https:\/\/roveyayinevi.com.tr\/index.php\/urun\/kendime-dusunceler-4\/","title":{"rendered":"Kendime D\u00fc\u015f\u00fcnceler"},"content":{"rendered":"<p>Bat\u0131 felsefesinin tek filozof-imparatoru Marcus Aurelius, g\u00fcn\u00fcm\u00fczde hem politikac\u0131 hem de d\u00fc\u015f\u00fcn\u00fcr kimli\u011fiyle ad\u0131ndan s\u00f6z ettiren Roma h\u00fck\u00fcmdarlar\u0131ndan biridir. Sava\u015flarla ge\u00e7en ya\u015fam\u0131 boyunca hayranl\u0131kla felsefe metinleri okumu\u015f, Germen kavimleriyle sava\u015ft\u0131\u011f\u0131 s\u0131rada cephede yazd\u0131\u011f\u0131 Kendime D\u00fc\u015f\u00fcnceler\u2019le d\u00fcnya felsefe tarihine \u00f6nemi yads\u0131namaz bir eser kazand\u0131rm\u0131\u015ft\u0131r. Bug\u00fcn h\u00e2l\u00e2 Stoac\u0131 felsefenin en \u00f6nemli metinlerinden biri olarak okunan Kendime D\u00fc\u015f\u00fcnceler, Stoac\u0131 d\u00fc\u015f\u00fcncenin modern d\u00fcnyaca anla\u015f\u0131lmas\u0131n\u0131 sa\u011flam\u0131\u015f ba\u015fl\u0131ca metinlerden biridir.   Aurelius bu \u00f6l\u00fcms\u00fcz metinde kendinden \u00f6nceki Roma h\u00fck\u00fcmdarlar\u0131n\u0131n ve kendisinin y\u00f6netim \u015fekillerini sorgular; kocaman bir kente benzetti\u011fi evreni, insan\u0131 merkezine alarak irdeler. Aurelius i\u00e7in ya\u015famdaki her bir ayr\u0131nt\u0131 b\u00fct\u00fcn\u00fcn iyili\u011fine hizmet eder; bu y\u00fczden ak\u0131l y\u00fcr\u00fctme kabiliyetini kullanarak do\u011fay\u0131, evreni ve kendisini ara\u015ft\u0131rmaya mecburdur insan. <\/p>\n","protected":false},"excerpt":{"rendered":"<p>Bat\u0131 felsefesinin tek filozof-imparatoru Marcus Aurelius, g\u00fcn\u00fcm\u00fczde hem politikac\u0131 hem de d\u00fc\u015f\u00fcn\u00fcr kimli\u011fiyle ad\u0131ndan s\u00f6z ettiren Roma h\u00fck\u00fcmdarlar\u0131ndan biridir. Sava\u015flarla ge\u00e7en ya\u015fam\u0131 boyunca hayranl\u0131kla felsefe metinleri<span class=\"excerpt-hellip\"> [\u2026]<\/span><\/p>\n","protected":false},"featured_media":0,"template":"","meta":{"_monsterinsights_skip_tracking":false,"_monsterinsights_sitenote_active":false,"_monsterinsights_sitenote_note":"","_monsterinsights_sitenote_category":0},"product_brand":[],"product_cat":[20351,12388],"product_tag":[],"class_list":{"0":"post-749029","1":"product","2":"type-product","3":"status-publish","5":"product_cat-dusunce","6":"product_cat-felsefe","7":"pa_cilt-ciltsiz","8":"pa_tur-kitap","9":"pa_yayinevi-can-yayinlari","10":"pa_yazar-marcus-aurelius","12":"first","13":"instock","14":"sale","15":"shipping-taxable","16":"purchasable","17":"product-type-simple"},"_links":{"self":[{"href":"https:\/\/roveyayinevi.com.tr\/index.php\/wp-json\/wp\/v2\/product\/749029","targetHints":{"allow":["GET"]}}],"collection":[{"href":"https:\/\/roveyayinevi.com.tr\/index.php\/wp-json\/wp\/v2\/product"}],"about":[{"href":"https:\/\/roveyayinevi.com.tr\/index.php\/wp-json\/wp\/v2\/types\/product"}],"wp:attachment":[{"href":"https:\/\/roveyayinevi.com.tr\/index.php\/wp-json\/wp\/v2\/media?parent=749029"}],"wp:term":[{"taxonomy":"product_brand","embeddable":true,"href":"https:\/\/roveyayinevi.com.tr\/index.php\/wp-json\/wp\/v2\/product_brand?post=749029"},{"taxonomy":"product_cat","embeddable":true,"href":"https:\/\/roveyayinevi.com.tr\/index.php\/wp-json\/wp\/v2\/product_cat?post=749029"},{"taxonomy":"product_tag","embeddable":true,"href":"https:\/\/roveyayinevi.com.tr\/index.php\/wp-json\/wp\/v2\/product_tag?post=749029"}],"curies":[{"name":"wp","href":"https:\/\/api.w.org\/{rel}","templated":true}]}}