{"id":749008,"date":"2025-08-28T03:45:00","date_gmt":"2025-08-28T00:45:00","guid":{"rendered":"https:\/\/roveyayinevi.com.tr\/index.php\/urun\/bir-kissa-bin-hisse\/"},"modified":"2026-04-16T03:01:42","modified_gmt":"2026-04-16T00:01:42","slug":"bir-kissa-bin-hisse","status":"publish","type":"product","link":"https:\/\/roveyayinevi.com.tr\/index.php\/urun\/bir-kissa-bin-hisse\/","title":{"rendered":"Bir K\u0131ssa Bin Hisse"},"content":{"rendered":"<p>Bug\u00fcne kadar b\u00f6yle g\u00fczel hik\u00e2yeler okumad\u0131n\u0131z\u2026 On \u00fc\u00e7\u00fcnc\u00fc y\u00fczy\u0131l klasik Fars Edebiyat\u0131\u2019n\u0131n en \u00f6nemli \u015faheserlerinden biri olan Cev\u00e2mi\u00fc\u2019l-hik\u00e2y\u00e2t, Avf\u00ee taraf\u0131ndan \u00f6zenle se\u00e7ilmi\u015f anlat\u0131lar\u0131n bir araya getirildi\u011fi bir hik\u00e2yeler mecmuas\u0131d\u0131r. Osmanl\u0131 Devleti zaman\u0131nda sadece se\u00e7ili bir k\u0131sm\u0131 terc\u00fcme edilen, g\u00fcn\u00fcm\u00fcz T\u00fcrk\u00e7esine \u00e7evrilmeyen ve do\u011fal olarak bug\u00fcn\u00fcn okurlar\u0131 taraf\u0131ndan pek de bilinmeyen Cev\u00e2mi\u00fc\u2019l-hik\u00e2y\u00e2t, Vak\u0131fBank K\u00fclt\u00fcr Yay\u0131nlar\u0131 taraf\u0131ndan T\u00fcrk\u00e7eye Bir K\u0131ssa Bin Hisse &#8211; Do\u011fu\u2019nun En G\u00fczel Hik\u00e2yeleri ad\u0131yla kazand\u0131r\u0131l\u0131yor. Elinizdeki bu eser; \u00e7ocuklar\u0131n kalbi k\u0131r\u0131lmas\u0131n diye namaz vaktini geciktiren bir peygamberden, sabah\u0131n seherinde ilim u\u011fruna \u00e7\u0131k\u0131lan yollarda ya\u015fanan zorluklara, ba\u015f\u0131n\u0131 yitirme korkusuyla padi\u015fahlara kar\u015f\u0131 en incelikli hitaplar\u0131 se\u00e7en vezirlerden, toplumda \u00e2riflere olan ilginin artmas\u0131 i\u00e7in onlarla birlikte y\u00fcr\u00fcyen h\u00fck\u00fcmdarlara, misafir \u00e2d\u00e2b\u0131ndan, c\u00f6mertlik, insaniyet ve hay\u00e2 erdeminden ileri g\u00f6r\u00fc\u015fl\u00fc olma ve sabretmeye var\u0131ncaya kadar bir\u00e7ok erdemi g\u00fczel hik\u00e2yeler alt\u0131nda toplay\u0131p okuyucuya ileten bir ahl\u00e2k ve \u00f6\u011f\u00fct kitab\u0131d\u0131r. Mo\u011follardan \u00f6nce \u0130ran\u2019da h\u00fck\u00fcm s\u00fcren h\u00e2nedanlara ait iki bini a\u015fk\u0131n tarih\u00ee ve edeb\u00ee hik\u00e2yeyi ihtiva eden bu kitab\u0131n yaln\u0131zca bu cildinde iki y\u00fcz otuz dokuz hik\u00e2ye yer al\u0131yor. Eserde anlat\u0131c\u0131 kimi zaman bir sah\u00e2b\u00ee, kimi zaman bir vezir, kimi zaman bir \u015fair, kimi zaman da bir k\u00f6yl\u00fcd\u00fcr. Avf\u00ee, her b\u00f6l\u00fcme \u00f6ncelikle anlataca\u011f\u0131 konuya ili\u015fkin ayet ve hadislerle ba\u015flar. Sonras\u0131nda hik\u00e2yelere ge\u00e7er. Yazar \u00e7o\u011fu zaman hik\u00e2yelerin sonunda k\u0131ssadan hisse misali o hik\u00e2yeden al\u0131nmas\u0131 gereken dersi ve fayday\u0131 a\u00e7\u0131k bir \u015fekilde belirtir. Bu klasi\u011fi okurken bir k\u0131ssadan bin hisse \u00e7\u0131karman\u0131z \u00fcmidiyle\u2026 <\/p>\n","protected":false},"excerpt":{"rendered":"<p>Bug\u00fcne kadar b\u00f6yle g\u00fczel hik\u00e2yeler okumad\u0131n\u0131z\u2026 On \u00fc\u00e7\u00fcnc\u00fc y\u00fczy\u0131l klasik Fars Edebiyat\u0131\u2019n\u0131n en \u00f6nemli \u015faheserlerinden biri olan Cev\u00e2mi\u00fc\u2019l-hik\u00e2y\u00e2t, Avf\u00ee taraf\u0131ndan \u00f6zenle se\u00e7ilmi\u015f anlat\u0131lar\u0131n bir araya getirildi\u011fi<span class=\"excerpt-hellip\"> [\u2026]<\/span><\/p>\n","protected":false},"featured_media":0,"template":"","meta":{"_monsterinsights_skip_tracking":false,"_monsterinsights_sitenote_active":false,"_monsterinsights_sitenote_note":"","_monsterinsights_sitenote_category":0},"product_brand":[],"product_cat":[12291],"product_tag":[],"class_list":{"0":"post-749008","1":"product","2":"type-product","3":"status-publish","5":"product_cat-edebiyat","6":"pa_cilt-ciltsiz","7":"pa_tur-kitap","8":"pa_yayinevi-vakifbank-kultur-yayinlari","9":"pa_yazar-avfi","11":"first","12":"instock","13":"sale","14":"shipping-taxable","15":"purchasable","16":"product-type-simple"},"_links":{"self":[{"href":"https:\/\/roveyayinevi.com.tr\/index.php\/wp-json\/wp\/v2\/product\/749008","targetHints":{"allow":["GET"]}}],"collection":[{"href":"https:\/\/roveyayinevi.com.tr\/index.php\/wp-json\/wp\/v2\/product"}],"about":[{"href":"https:\/\/roveyayinevi.com.tr\/index.php\/wp-json\/wp\/v2\/types\/product"}],"wp:attachment":[{"href":"https:\/\/roveyayinevi.com.tr\/index.php\/wp-json\/wp\/v2\/media?parent=749008"}],"wp:term":[{"taxonomy":"product_brand","embeddable":true,"href":"https:\/\/roveyayinevi.com.tr\/index.php\/wp-json\/wp\/v2\/product_brand?post=749008"},{"taxonomy":"product_cat","embeddable":true,"href":"https:\/\/roveyayinevi.com.tr\/index.php\/wp-json\/wp\/v2\/product_cat?post=749008"},{"taxonomy":"product_tag","embeddable":true,"href":"https:\/\/roveyayinevi.com.tr\/index.php\/wp-json\/wp\/v2\/product_tag?post=749008"}],"curies":[{"name":"wp","href":"https:\/\/api.w.org\/{rel}","templated":true}]}}