{"id":749007,"date":"2025-08-28T03:44:58","date_gmt":"2025-08-28T00:44:58","guid":{"rendered":"https:\/\/roveyayinevi.com.tr\/index.php\/urun\/edebiyat-ve-duygular\/"},"modified":"2026-04-16T03:01:42","modified_gmt":"2026-04-16T00:01:42","slug":"edebiyat-ve-duygular","status":"publish","type":"product","link":"https:\/\/roveyayinevi.com.tr\/index.php\/urun\/edebiyat-ve-duygular\/","title":{"rendered":"Edebiyat ve Duygular"},"content":{"rendered":"<p>Duygular sadece biyolojik temelli midir? Son d\u00f6nemde artan duygu ve duygu tarihiyle ilgili ara\u015ft\u0131rmalar duygular\u0131m\u0131z\u0131n salt biyolojik temelli olmad\u0131\u011f\u0131n\u0131 g\u00f6steriyor. Farkl\u0131 disiplinlerin farkl\u0131 duygu kategorilerine olan yakla\u015f\u0131mlar\u0131yla bu y\u00f6ndeki ara\u015ft\u0131rmalar duygular\u0131n tarihsel, sosyolojik, ekolojik, co\u011frafi, ekonomik temelleri oldu\u011funu da kan\u0131tlar nitelikte. Bu kitapta bir araya gelen yaz\u0131lar, duygulara edebiyat\u0131n ve edebi eserlerin perspektifiyle bakmay\u0131 deniyor. Elinizdeki kitap, modern \u00f6ncesi ve moderne ge\u00e7i\u015f s\u00fcrecinin yan\u0131nda ulus-devletin tan\u0131mlad\u0131\u011f\u0131 ve kavramsalla\u015ft\u0131rd\u0131\u011f\u0131 duygular\u0131, eserlerin yaratt\u0131\u011f\u0131 duygu atmosferlerini ve kurgusal karakterlerin duygular\u0131n\u0131n nas\u0131l ve ne \u015fekillerde d\u0131\u015fa vuruldu\u011funu derinlemesine analizlerle dile getiren yaz\u0131lardan olu\u015fuyor. Bu yaz\u0131lar ayn\u0131 zamanda edebiyatta duygular\u0131n kullan\u0131m\u0131n\u0131n tek y\u00f6nl\u00fc oldu\u011fu varsay\u0131m\u0131 ve \u00f6n kabullerini de sarsmay\u0131 hedefliyor. <\/p>\n","protected":false},"excerpt":{"rendered":"<p>Duygular sadece biyolojik temelli midir? Son d\u00f6nemde artan duygu ve duygu tarihiyle ilgili ara\u015ft\u0131rmalar duygular\u0131m\u0131z\u0131n salt biyolojik temelli olmad\u0131\u011f\u0131n\u0131 g\u00f6steriyor. Farkl\u0131 disiplinlerin farkl\u0131 duygu kategorilerine olan<span class=\"excerpt-hellip\"> [\u2026]<\/span><\/p>\n","protected":false},"featured_media":0,"template":"","meta":{"_monsterinsights_skip_tracking":false,"_monsterinsights_sitenote_active":false,"_monsterinsights_sitenote_note":"","_monsterinsights_sitenote_category":0},"product_brand":[],"product_cat":[12291],"product_tag":[],"class_list":{"0":"post-749007","1":"product","2":"type-product","3":"status-publish","5":"product_cat-edebiyat","6":"pa_cilt-ciltsiz","7":"pa_tur-kitap","8":"pa_yayinevi-vakifbank-kultur-yayinlari","9":"pa_yazar-kolektif","11":"first","12":"instock","13":"sale","14":"shipping-taxable","15":"purchasable","16":"product-type-simple"},"_links":{"self":[{"href":"https:\/\/roveyayinevi.com.tr\/index.php\/wp-json\/wp\/v2\/product\/749007","targetHints":{"allow":["GET"]}}],"collection":[{"href":"https:\/\/roveyayinevi.com.tr\/index.php\/wp-json\/wp\/v2\/product"}],"about":[{"href":"https:\/\/roveyayinevi.com.tr\/index.php\/wp-json\/wp\/v2\/types\/product"}],"wp:attachment":[{"href":"https:\/\/roveyayinevi.com.tr\/index.php\/wp-json\/wp\/v2\/media?parent=749007"}],"wp:term":[{"taxonomy":"product_brand","embeddable":true,"href":"https:\/\/roveyayinevi.com.tr\/index.php\/wp-json\/wp\/v2\/product_brand?post=749007"},{"taxonomy":"product_cat","embeddable":true,"href":"https:\/\/roveyayinevi.com.tr\/index.php\/wp-json\/wp\/v2\/product_cat?post=749007"},{"taxonomy":"product_tag","embeddable":true,"href":"https:\/\/roveyayinevi.com.tr\/index.php\/wp-json\/wp\/v2\/product_tag?post=749007"}],"curies":[{"name":"wp","href":"https:\/\/api.w.org\/{rel}","templated":true}]}}