{"id":749001,"date":"2025-08-28T03:44:50","date_gmt":"2025-08-28T00:44:50","guid":{"rendered":"https:\/\/roveyayinevi.com.tr\/index.php\/urun\/akilci-ve-bilimsel-takviye-rehberi\/"},"modified":"2026-04-16T03:01:41","modified_gmt":"2026-04-16T00:01:41","slug":"akilci-ve-bilimsel-takviye-rehberi","status":"publish","type":"product","link":"https:\/\/roveyayinevi.com.tr\/index.php\/urun\/akilci-ve-bilimsel-takviye-rehberi\/","title":{"rendered":"Ak\u0131lc\u0131 ve Bilimsel Takviye Rehberi"},"content":{"rendered":"<p>Do\u011fru Takviye Kullan\u0131m\u0131\u0130yi Sa\u011fl\u0131\u011fa Giden Yoldur G\u0131da takviyeleri, do\u011fru zamanda, do\u011fru \u015fekilde, do\u011fru miktarda kullan\u0131ld\u0131\u011f\u0131nda bir yapbozun par\u00e7alar\u0131 gibi birbirini tamamlarve tahmin bile edemeyece\u011finiz iyi sonu\u00e7lar do\u011furabilir. Ancak geli\u015fig\u00fczel kullan\u0131ld\u0131\u011f\u0131nda en iyi ihtimalle \u201chi\u00e7bir faydag\u00f6rmezsiniz\u201d ve bo\u015fa giden sadece \u201cparan\u0131z ve zaman\u0131n\u0131z\u201d olur. Di\u011fer ihtimalle, karaci\u011fer ve b\u00f6breklerinizi etkileyerek v\u00fccudunuzda baz\u0131 parametrelerin de\u011fi\u015fmesine sebep olabilir. Dr. Mustafa Kalkan\u2019\u0131n kaleme ald\u0131\u011f\u0131 Ak\u0131lc\u0131 ve Bilimsel Takviye Rehberi do\u011fru takviye kullan\u0131m\u0131n\u0131 \u00f6\u011frendi\u011finizde, k\u00fc\u00e7\u00fck dokunu\u015flarla ya\u015fam kalitenizi nas\u0131l art\u0131rabilece\u011finizi, nas\u0131l uzun ve sa\u011fl\u0131kl\u0131 ya\u015fayabilece\u011finizi ve kendi kendinizin nas\u0131l doktoru olabilece\u011finizi \u00f6rneklerle anlat\u0131yor. \u201cBu kitab\u0131n kendinizin doktoru olma yolculu\u011funda \u00f6nemli bir e\u015fikolaca\u011f\u0131na inan\u0131yorum. Sizden sonra, menopoz d\u00f6nemindekiannenize, sigara i\u00e7en baban\u0131za, s\u0131k s\u0131k hastalanan e\u015finize, sporyapan ve internetten duydu\u011fu her takviyeyi kullanan o\u011flunuza,s\u00fcrekli migreni tuttu\u011fu i\u00e7in kullanmad\u0131\u011f\u0131 ila\u00e7 kalmayan k\u0131z\u0131n\u0131za da okutmay\u0131 ihmal etmeyin&#8230;\u201d<\/p>\n","protected":false},"excerpt":{"rendered":"<p>Do\u011fru Takviye Kullan\u0131m\u0131\u0130yi Sa\u011fl\u0131\u011fa Giden Yoldur G\u0131da takviyeleri, do\u011fru zamanda, do\u011fru \u015fekilde, do\u011fru miktarda kullan\u0131ld\u0131\u011f\u0131nda bir yapbozun par\u00e7alar\u0131 gibi birbirini tamamlarve tahmin bile edemeyece\u011finiz iyi sonu\u00e7lar<span class=\"excerpt-hellip\"> [\u2026]<\/span><\/p>\n","protected":false},"featured_media":0,"template":"","meta":{"_monsterinsights_skip_tracking":false,"_monsterinsights_sitenote_active":false,"_monsterinsights_sitenote_note":"","_monsterinsights_sitenote_category":0},"product_brand":[],"product_cat":[13365],"product_tag":[],"class_list":{"0":"post-749001","1":"product","2":"type-product","3":"status-publish","5":"product_cat-saglik","6":"pa_cilt-ciltsiz","7":"pa_tur-kitap","8":"pa_yayinevi-nemesis-kitap","9":"pa_yazar-mustafa-kalkan","11":"first","12":"instock","13":"sale","14":"shipping-taxable","15":"purchasable","16":"product-type-simple"},"_links":{"self":[{"href":"https:\/\/roveyayinevi.com.tr\/index.php\/wp-json\/wp\/v2\/product\/749001","targetHints":{"allow":["GET"]}}],"collection":[{"href":"https:\/\/roveyayinevi.com.tr\/index.php\/wp-json\/wp\/v2\/product"}],"about":[{"href":"https:\/\/roveyayinevi.com.tr\/index.php\/wp-json\/wp\/v2\/types\/product"}],"wp:attachment":[{"href":"https:\/\/roveyayinevi.com.tr\/index.php\/wp-json\/wp\/v2\/media?parent=749001"}],"wp:term":[{"taxonomy":"product_brand","embeddable":true,"href":"https:\/\/roveyayinevi.com.tr\/index.php\/wp-json\/wp\/v2\/product_brand?post=749001"},{"taxonomy":"product_cat","embeddable":true,"href":"https:\/\/roveyayinevi.com.tr\/index.php\/wp-json\/wp\/v2\/product_cat?post=749001"},{"taxonomy":"product_tag","embeddable":true,"href":"https:\/\/roveyayinevi.com.tr\/index.php\/wp-json\/wp\/v2\/product_tag?post=749001"}],"curies":[{"name":"wp","href":"https:\/\/api.w.org\/{rel}","templated":true}]}}