{"id":748983,"date":"2025-08-28T03:44:21","date_gmt":"2025-08-28T00:44:21","guid":{"rendered":"https:\/\/roveyayinevi.com.tr\/index.php\/urun\/matissein-isigi\/"},"modified":"2026-04-16T03:01:41","modified_gmt":"2026-04-16T00:01:41","slug":"matissein-isigi","status":"publish","type":"product","link":"https:\/\/roveyayinevi.com.tr\/index.php\/urun\/matissein-isigi\/","title":{"rendered":"Matisse&#8217;in I\u015f\u0131\u011f\u0131"},"content":{"rendered":"<p>Renklerin s\u00f6zc\u00fcklerde \u0131\u015f\u0131d\u0131\u011f\u0131 bir sanat \u015f\u00f6leni.Asuman Portakal&#8217;\u0131n imzas\u0131n\u0131 ta\u015f\u0131yan Matisse&#8217;in I\u015f\u0131\u011f\u0131, rengi \u201cyeniden\u201d icat eden Henri Matisse&#8217;in ya\u015fam\u0131ndan ve yap\u0131tlar\u0131ndan izler ta\u015f\u0131yan \u00f6yk\u00fclerden olu\u015fuyor.Modern resmin babas\u0131 Matisse&#8217;i, bir kitap kahraman\u0131 olarak kurguya yerle\u015ftiren ve ona ait \u00f6zg\u00fcn s\u00f6zler e\u015fli\u011finde edeb\u00ee anlat\u0131m\u0131n\u0131 g\u00fc\u00e7lendiren eser; \u00fcnl\u00fc sanat\u00e7\u0131n\u0131n esin kaynaklar\u0131 ve yarat\u0131m s\u00fcreci hakk\u0131nda ger\u00e7ek\u00e7i bilgiler payla\u015f\u0131yor.Giri\u015fteki sunu\u015f yaz\u0131s\u0131 ve sonundaki kronolojik biyografi b\u00f6l\u00fcm\u00fc ile Matisse&#8217;in sanat evrenine \u00e7ok daha yak\u0131ndan bakma f\u0131rsat\u0131 sunan kitap; anlat\u0131s\u0131nda \u00f6nemli sanat koleksiyonerlerine de yer vererek \u00e7a\u011fda\u015f sanat\u0131n y\u0131llar i\u00e7indeki geli\u015fimine ayna tutuyor. \u201cDuygular\u0131m\u0131 renkle ifade ettim.\u201dNe erken ya\u015fta resim yapmaya ba\u015flam\u0131\u015ft\u0131 ne de zaman\u0131n\u0131n \u00e7ok \u00f6tesinde bir yetene\u011fe sahipti Henri Matisse. Peki, kulland\u0131\u011f\u0131 renk paletiyle resim sanat\u0131n\u0131n ezberlerini bozan gen\u00e7 adam\u0131n bu hi\u00e7 beklenmedik y\u00fckseli\u015finin s\u0131rr\u0131 neydi? Her \u015feyden \u00f6te, kendisinden ya\u015f\u00e7a k\u00fc\u00e7\u00fck Pablo Picasso&#8217;ya ilham kayna\u011f\u0131 olmay\u0131 nas\u0131l ba\u015farm\u0131\u015ft\u0131?..Matisse&#8217;in I\u015f\u0131\u011f\u0131, renklerden s\u00f6zc\u00fcklere uzanan bir yolculu\u011fa \u00e7\u0131kar\u0131yor okurlar\u0131; sadelik, ne\u015fe ve i\u00e7tenlikle tuvale yans\u0131yan resimleri sanata s\u0131ms\u0131k\u0131 sar\u0131lan \u00f6yk\u00fclerde bulu\u015fturuyor. Yazar Asuman Portakal, Matisse&#8217;in yirminci y\u00fczy\u0131l\u0131n ilk yar\u0131s\u0131nda \u00e7izdi\u011fi alt\u0131 farkl\u0131 tablosundan esinlenerek kaleme ald\u0131\u011f\u0131 bu \u00f6yk\u00fclerinde, renklerle oynamay\u0131 seven bir dehan\u0131n sanat yoluyla hayata kafa tutu\u015funa tan\u0131kl\u0131k ettiriyor. Renkleri bir \u00e7ocuk kahkahas\u0131 gibi kullanan Matisse&#8217;in; k\u0131z\u0131, kedileri, Japon bal\u0131klar\u0131 ve hatta makas\u0131 konu\u015fuyor \u00f6yk\u00fclerde. Onlar konu\u015ftuk\u00e7a s\u00f6zc\u00fckler \u201cg\u00f6z\u00fcm\u00fcze g\u00f6z\u00fcm\u00fcze ko\u015fan\u201d renklere b\u00fcr\u00fcn\u00fcyor; sanat\u00e7\u0131n\u0131n resimleri d\u00fc\u015flerimizde yeniden hayat buluyor. Matisse&#8217;in \u0131\u015f\u0131\u011fa bulad\u0131\u011f\u0131 f\u0131r\u00e7as\u0131yla renklere \u015fark\u0131lar s\u00f6yletmesi, \u00fcst\u00fcne bir de oydu\u011fu renkli k\u00e2\u011f\u0131tlardan harikalar yaratmas\u0131 da cabas\u0131.\u00c7oky\u00f6nl\u00fc sanatsal ki\u015fili\u011fi ve \u00f6nc\u00fcl\u00fc\u011f\u00fcn\u00fc \u00fcstlendi\u011fi Fovizm ak\u0131m\u0131yla \u00e7a\u011fda\u015f resim tarihine ad\u0131n\u0131 b\u00fcy\u00fck harflerle yazd\u0131ran Henri Matisse&#8217;i g\u00fcn\u00fcm\u00fcz \u00e7ocuklar\u0131na ve her ya\u015ftan resimsevere tan\u0131tmak arzusuyla haz\u0131rlanan bu kitap; \u0131\u015f\u0131kla ve renklerle bir sihirbaz edas\u0131yla oynayan b\u00fcy\u00fck bir sanat\u00e7\u0131y\u0131 oda\u011f\u0131na almakla kalm\u0131yor, ayn\u0131 zamanda ge\u00e7ti\u011fimiz y\u00fczy\u0131l\u0131n ilk yar\u0131s\u0131n\u0131n siyasi ve toplumsal atmosferinin de muhte\u015fem bir panoramas\u0131n\u0131 \u00e7iziyor.     Matisse&#8217;\u0131n yayd\u0131\u011f\u0131 \u0131\u015f\u0131k sayesinde renklerin bu kadar konu\u015fkan oldu\u011funa inanamayacaks\u0131n\u0131z!<\/p>\n","protected":false},"excerpt":{"rendered":"<p>Renklerin s\u00f6zc\u00fcklerde \u0131\u015f\u0131d\u0131\u011f\u0131 bir sanat \u015f\u00f6leni.Asuman Portakal&#8217;\u0131n imzas\u0131n\u0131 ta\u015f\u0131yan Matisse&#8217;in I\u015f\u0131\u011f\u0131, rengi \u201cyeniden\u201d icat eden Henri Matisse&#8217;in ya\u015fam\u0131ndan ve yap\u0131tlar\u0131ndan izler ta\u015f\u0131yan \u00f6yk\u00fclerden olu\u015fuyor.Modern resmin babas\u0131<span class=\"excerpt-hellip\"> [\u2026]<\/span><\/p>\n","protected":false},"featured_media":0,"template":"","meta":{"_monsterinsights_skip_tracking":false,"_monsterinsights_sitenote_active":false,"_monsterinsights_sitenote_note":"","_monsterinsights_sitenote_category":0},"product_brand":[],"product_cat":[44608,12408],"product_tag":[],"class_list":{"0":"post-748983","1":"product","2":"type-product","3":"status-publish","5":"product_cat-diger-sanat","6":"product_cat-sanat","7":"pa_cilt-ciltsiz","8":"pa_tur-kitap","9":"pa_yayinevi-tudem-yayinlari","10":"pa_yazar-asuman-portakal","12":"first","13":"instock","14":"sale","15":"shipping-taxable","16":"purchasable","17":"product-type-simple"},"_links":{"self":[{"href":"https:\/\/roveyayinevi.com.tr\/index.php\/wp-json\/wp\/v2\/product\/748983","targetHints":{"allow":["GET"]}}],"collection":[{"href":"https:\/\/roveyayinevi.com.tr\/index.php\/wp-json\/wp\/v2\/product"}],"about":[{"href":"https:\/\/roveyayinevi.com.tr\/index.php\/wp-json\/wp\/v2\/types\/product"}],"wp:attachment":[{"href":"https:\/\/roveyayinevi.com.tr\/index.php\/wp-json\/wp\/v2\/media?parent=748983"}],"wp:term":[{"taxonomy":"product_brand","embeddable":true,"href":"https:\/\/roveyayinevi.com.tr\/index.php\/wp-json\/wp\/v2\/product_brand?post=748983"},{"taxonomy":"product_cat","embeddable":true,"href":"https:\/\/roveyayinevi.com.tr\/index.php\/wp-json\/wp\/v2\/product_cat?post=748983"},{"taxonomy":"product_tag","embeddable":true,"href":"https:\/\/roveyayinevi.com.tr\/index.php\/wp-json\/wp\/v2\/product_tag?post=748983"}],"curies":[{"name":"wp","href":"https:\/\/api.w.org\/{rel}","templated":true}]}}