{"id":748952,"date":"2025-08-28T03:43:35","date_gmt":"2025-08-28T00:43:35","guid":{"rendered":"https:\/\/roveyayinevi.com.tr\/index.php\/urun\/maud-martha-ciltli\/"},"modified":"2026-04-16T03:01:40","modified_gmt":"2026-04-16T00:01:40","slug":"maud-martha-ciltli","status":"publish","type":"product","link":"https:\/\/roveyayinevi.com.tr\/index.php\/urun\/maud-martha-ciltli\/","title":{"rendered":"Maud Martha (Ciltli)"},"content":{"rendered":"<p>1950 y\u0131l\u0131nda Pulitzer \u00d6d\u00fcl\u00fc\u2019ne de\u011fer g\u00f6r\u00fclen \u015fair Gwendolyn Brooks\u2019un tek roman\u0131 Maud Martha, Amerikan edebiyat\u0131n\u0131n m\u00fccevherleri aras\u0131nda yerini alm\u0131\u015ft\u0131r. \u015eiirsel dili do\u011frusal olmayan anlat\u0131yla birle\u015ftiren deneysel \u00fcslubuyla dikkat \u00e7eken yap\u0131tta, siyah bir kad\u0131n\u0131n 1920\u2019lerden 1940\u2019lara uzanan olgunla\u015fma s\u00fcreci, g\u00fcndelik hayattan fragmanlarla aktar\u0131l\u0131r. Brooks\u2019un \u0131rk, s\u0131n\u0131f ve toplumsal cinsiyet meselelerine a\u011f\u0131rl\u0131k verdi\u011fi roman\u0131n\u0131n ana karakteri Maud Martha, yaln\u0131zca beyazlar\u0131n de\u011fil, kendisinden daha a\u00e7\u0131k tenli siyahlar\u0131n \u00f6nyarg\u0131lar\u0131yla da m\u00fccadele etmek zorunda kal\u0131r. Siyahlar aras\u0131ndaki ten rengi hiyerar\u015fisi Brooks\u2019un kendi deneyimini yans\u0131t\u0131r. Irk\u00e7\u0131l\u0131k, yoksulluk, sava\u015f ve evlili\u011finin yaratt\u0131\u011f\u0131 hayal k\u0131r\u0131kl\u0131\u011f\u0131 gibi a\u011f\u0131r sorunlar aras\u0131nda hayatta yolunu bulmaya \u00e7al\u0131\u015fan Maud Martha, mutsuzlu\u011fa g\u00f6m\u00fclmek yerine ya\u015fad\u0131\u011f\u0131 k\u00fc\u00e7\u00fck mutlu anlar\u0131n tad\u0131n\u0131 \u00e7\u0131kar\u0131r. Zira bir \u00f6m\u00fcrden kusursuz bir \u201ctrajedi\u201d \u00e7\u0131karmak o kadar da kolay de\u011fildir; ya\u015fanan her \u015fey daha ziyade komedi unsuru bar\u0131nd\u0131r\u0131r. 1953 tarihli Maud Martha, bilgelikle, vakarla, mizahla ve ne\u015feyle b\u00fct\u00fcn m\u00fccadelelerden g\u00fc\u00e7l\u00fc \u00e7\u0131kan siyah bir kad\u0131n\u0131n s\u0131radan ya\u015fam\u0131n\u0131n s\u0131ra d\u0131\u015f\u0131 hik\u00e2yesidir. <\/p>\n","protected":false},"excerpt":{"rendered":"<p>1950 y\u0131l\u0131nda Pulitzer \u00d6d\u00fcl\u00fc\u2019ne de\u011fer g\u00f6r\u00fclen \u015fair Gwendolyn Brooks\u2019un tek roman\u0131 Maud Martha, Amerikan edebiyat\u0131n\u0131n m\u00fccevherleri aras\u0131nda yerini alm\u0131\u015ft\u0131r. \u015eiirsel dili do\u011frusal olmayan anlat\u0131yla birle\u015ftiren deneysel<span class=\"excerpt-hellip\"> [\u2026]<\/span><\/p>\n","protected":false},"featured_media":0,"template":"","meta":{"_monsterinsights_skip_tracking":false,"_monsterinsights_sitenote_active":false,"_monsterinsights_sitenote_note":"","_monsterinsights_sitenote_category":0},"product_brand":[],"product_cat":[12291,12711],"product_tag":[],"class_list":{"0":"post-748952","1":"product","2":"type-product","3":"status-publish","5":"product_cat-edebiyat","6":"product_cat-roman-oyku","7":"pa_cilt-ciltli","8":"pa_tur-kitap","9":"pa_yayinevi-is-bankasi-kultur-yayinlari","10":"pa_yazar-gwendolyn-brooks","12":"first","13":"instock","14":"sale","15":"shipping-taxable","16":"purchasable","17":"product-type-simple"},"_links":{"self":[{"href":"https:\/\/roveyayinevi.com.tr\/index.php\/wp-json\/wp\/v2\/product\/748952","targetHints":{"allow":["GET"]}}],"collection":[{"href":"https:\/\/roveyayinevi.com.tr\/index.php\/wp-json\/wp\/v2\/product"}],"about":[{"href":"https:\/\/roveyayinevi.com.tr\/index.php\/wp-json\/wp\/v2\/types\/product"}],"wp:attachment":[{"href":"https:\/\/roveyayinevi.com.tr\/index.php\/wp-json\/wp\/v2\/media?parent=748952"}],"wp:term":[{"taxonomy":"product_brand","embeddable":true,"href":"https:\/\/roveyayinevi.com.tr\/index.php\/wp-json\/wp\/v2\/product_brand?post=748952"},{"taxonomy":"product_cat","embeddable":true,"href":"https:\/\/roveyayinevi.com.tr\/index.php\/wp-json\/wp\/v2\/product_cat?post=748952"},{"taxonomy":"product_tag","embeddable":true,"href":"https:\/\/roveyayinevi.com.tr\/index.php\/wp-json\/wp\/v2\/product_tag?post=748952"}],"curies":[{"name":"wp","href":"https:\/\/api.w.org\/{rel}","templated":true}]}}