{"id":748897,"date":"2025-08-28T03:42:06","date_gmt":"2025-08-28T00:42:06","guid":{"rendered":"https:\/\/roveyayinevi.com.tr\/index.php\/urun\/archer-tepesi-cocuklari\/"},"modified":"2026-04-16T03:01:39","modified_gmt":"2026-04-16T00:01:39","slug":"archer-tepesi-cocuklari","status":"publish","type":"product","link":"https:\/\/roveyayinevi.com.tr\/index.php\/urun\/archer-tepesi-cocuklari\/","title":{"rendered":"Archer Tepesi \u00c7ocuklar\u0131"},"content":{"rendered":"<p>ORMANDAN GELEN B\u0130R \u015eEY VARDIR VE \u00c7OCUKLARI HEDEF ALIR\u2026 Archer Tepesi\u2019nde \u00e7ocuklar kaybolmaya ba\u015flar ve kimse bir \u015fey bilmemektedir. Korku, \u00f6fke ve \u015f\u00fcphe her yere h\u00e2kim olur. Kurbanlar ve yerel polis umutsuz h\u00e2lde sonraki \u00f6l\u00fcm\u00fc sadece beklemektedir. Ancak bir g\u00fcn, Archer Tepesi\u2019nde gizlenen korkun\u00e7 tehdidi ortadan kald\u0131rmak istedi\u011fini ilan eden esrarengiz kad\u0131n, Erica Slaughter oraya \u00e7\u0131kar. Bu kad\u0131n ne pahas\u0131na olursa olsun katili ortadan kald\u0131racakt\u0131r\u2026 James Tynion IV\u2019\u00fcn kaleme ald\u0131\u011f\u0131, Werther Dell\u2019Edara\u2019n\u0131n \u00e7izimleriyle hayat verdi\u011fi Archer Tepesi \u00c7ocuklar\u0131 saf korku ve s\u00fcr\u00fckleyici gizemleriyle elinizden b\u0131rakamayaca\u011f\u0131n\u0131z bir korku deneyimi sunuyor. \u201cKendilerini bu d\u00fcnyan\u0131n i\u00e7ine atmaya cesaret edebilenler, e\u015fsiz ve ilgin\u00e7 karakterlerle dolu bir cinayet hik\u00e2yesiyle kar\u015f\u0131la\u015facaklar. Bunu ka\u00e7\u0131rmak istemezsiniz.\u201dCOMICBOOK.COM \u201cTynion, bu kitap \u00fczerine muazzam \u00f6l\u00e7\u00fcde d\u00fc\u015f\u00fcnm\u00fc\u015f ve \u00e7al\u0131\u015fm\u0131\u015f. Bu hik\u00e2yenin olduk\u00e7a ki\u015fisel oldu\u011fu gibi \u00e7ok karma\u015f\u0131k bir \u015fekilde \u00f6r\u00fcld\u00fc\u011f\u00fc de ortada.\u201dIGN \u201cTynion ve Dell\u2019Edera, Stranger Things \u00e7a\u011f\u0131 i\u00e7in m\u00fckemmel bir korku \u00e7izgi roman\u0131 yaratm\u0131\u015flar.\u201dCOMIC BOOK RESOURCES<\/p>\n","protected":false},"excerpt":{"rendered":"<p>ORMANDAN GELEN B\u0130R \u015eEY VARDIR VE \u00c7OCUKLARI HEDEF ALIR\u2026 Archer Tepesi\u2019nde \u00e7ocuklar kaybolmaya ba\u015flar ve kimse bir \u015fey bilmemektedir. Korku, \u00f6fke ve \u015f\u00fcphe her yere h\u00e2kim<span class=\"excerpt-hellip\"> [\u2026]<\/span><\/p>\n","protected":false},"featured_media":0,"template":"","meta":{"_monsterinsights_skip_tracking":false,"_monsterinsights_sitenote_active":false,"_monsterinsights_sitenote_note":"","_monsterinsights_sitenote_category":0},"product_brand":[],"product_cat":[12416,12291],"product_tag":[],"class_list":{"0":"post-748897","1":"product","2":"type-product","3":"status-publish","5":"product_cat-cizgi-roman","6":"product_cat-edebiyat","7":"pa_cilt-ciltsiz","8":"pa_tur-kitap","9":"pa_yayinevi-epsilon-yayinlari","10":"pa_yazar-james-tynion-iv","12":"first","13":"instock","14":"sale","15":"shipping-taxable","16":"purchasable","17":"product-type-simple"},"_links":{"self":[{"href":"https:\/\/roveyayinevi.com.tr\/index.php\/wp-json\/wp\/v2\/product\/748897","targetHints":{"allow":["GET"]}}],"collection":[{"href":"https:\/\/roveyayinevi.com.tr\/index.php\/wp-json\/wp\/v2\/product"}],"about":[{"href":"https:\/\/roveyayinevi.com.tr\/index.php\/wp-json\/wp\/v2\/types\/product"}],"wp:attachment":[{"href":"https:\/\/roveyayinevi.com.tr\/index.php\/wp-json\/wp\/v2\/media?parent=748897"}],"wp:term":[{"taxonomy":"product_brand","embeddable":true,"href":"https:\/\/roveyayinevi.com.tr\/index.php\/wp-json\/wp\/v2\/product_brand?post=748897"},{"taxonomy":"product_cat","embeddable":true,"href":"https:\/\/roveyayinevi.com.tr\/index.php\/wp-json\/wp\/v2\/product_cat?post=748897"},{"taxonomy":"product_tag","embeddable":true,"href":"https:\/\/roveyayinevi.com.tr\/index.php\/wp-json\/wp\/v2\/product_tag?post=748897"}],"curies":[{"name":"wp","href":"https:\/\/api.w.org\/{rel}","templated":true}]}}