{"id":748890,"date":"2025-08-28T03:41:55","date_gmt":"2025-08-28T00:41:55","guid":{"rendered":"https:\/\/roveyayinevi.com.tr\/index.php\/urun\/bir-solukta-antropoloji\/"},"modified":"2026-04-16T03:01:38","modified_gmt":"2026-04-16T00:01:38","slug":"bir-solukta-antropoloji","status":"publish","type":"product","link":"https:\/\/roveyayinevi.com.tr\/index.php\/urun\/bir-solukta-antropoloji\/","title":{"rendered":"Bir Solukta Antropoloji"},"content":{"rendered":"<p>\u201cBizi insan yapan nedir?\u201d sorusu ilginizi \u00e7ekiyorsa, antropolojinin \u00f6nemli noktalar\u0131na \u0131\u015f\u0131k tutan bu yolculu\u011fa kat\u0131labilirsiniz. Tarih \u00f6ncesi atalar\u0131m\u0131z\u0131n ilk ad\u0131mlar\u0131ndan, karma\u015f\u0131k dillerin geli\u015fimine, d\u00fcnyan\u0131n d\u00f6rt bir yan\u0131ndaki dinlerin ve k\u00fclt\u00fcrlerin inceliklerine kadar, \u00e7ok \u00e7e\u015fitli etkenler bildi\u011fimiz insan t\u00fcr\u00fcn\u00fc \u015fekillendirmi\u015ftir. Antropoloji, ge\u00e7mi\u015fte kim oldu\u011fumuzu, bunun bug\u00fcn insanlar i\u00e7in ne anlama geldi\u011fini ve yar\u0131n kim olabilece\u011fimizi anlamak i\u00e7in bu b\u00fcy\u00fcleyici tarihsel a\u011f\u0131 \u00e7\u00f6zmeye \u00e7al\u0131\u015f\u0131yor. <\/p>\n","protected":false},"excerpt":{"rendered":"<p>\u201cBizi insan yapan nedir?\u201d sorusu ilginizi \u00e7ekiyorsa, antropolojinin \u00f6nemli noktalar\u0131na \u0131\u015f\u0131k tutan bu yolculu\u011fa kat\u0131labilirsiniz. Tarih \u00f6ncesi atalar\u0131m\u0131z\u0131n ilk ad\u0131mlar\u0131ndan, karma\u015f\u0131k dillerin geli\u015fimine, d\u00fcnyan\u0131n d\u00f6rt bir<span class=\"excerpt-hellip\"> [\u2026]<\/span><\/p>\n","protected":false},"featured_media":0,"template":"","meta":{"_monsterinsights_skip_tracking":false,"_monsterinsights_sitenote_active":false,"_monsterinsights_sitenote_note":"","_monsterinsights_sitenote_category":0},"product_brand":[],"product_cat":[15499,13488],"product_tag":[],"class_list":{"0":"post-748890","1":"product","2":"type-product","3":"status-publish","5":"product_cat-antropoloji","6":"product_cat-toplum-ve-insan","7":"pa_cilt-ciltsiz","8":"pa_tur-kitap","9":"pa_yayinevi-say-yayinlari","10":"pa_yazar-rasha-barrage","12":"first","13":"instock","14":"sale","15":"shipping-taxable","16":"purchasable","17":"product-type-simple"},"_links":{"self":[{"href":"https:\/\/roveyayinevi.com.tr\/index.php\/wp-json\/wp\/v2\/product\/748890","targetHints":{"allow":["GET"]}}],"collection":[{"href":"https:\/\/roveyayinevi.com.tr\/index.php\/wp-json\/wp\/v2\/product"}],"about":[{"href":"https:\/\/roveyayinevi.com.tr\/index.php\/wp-json\/wp\/v2\/types\/product"}],"wp:attachment":[{"href":"https:\/\/roveyayinevi.com.tr\/index.php\/wp-json\/wp\/v2\/media?parent=748890"}],"wp:term":[{"taxonomy":"product_brand","embeddable":true,"href":"https:\/\/roveyayinevi.com.tr\/index.php\/wp-json\/wp\/v2\/product_brand?post=748890"},{"taxonomy":"product_cat","embeddable":true,"href":"https:\/\/roveyayinevi.com.tr\/index.php\/wp-json\/wp\/v2\/product_cat?post=748890"},{"taxonomy":"product_tag","embeddable":true,"href":"https:\/\/roveyayinevi.com.tr\/index.php\/wp-json\/wp\/v2\/product_tag?post=748890"}],"curies":[{"name":"wp","href":"https:\/\/api.w.org\/{rel}","templated":true}]}}