{"id":748882,"date":"2025-08-28T03:41:43","date_gmt":"2025-08-28T00:41:43","guid":{"rendered":"https:\/\/roveyayinevi.com.tr\/index.php\/urun\/marry-grave-2\/"},"modified":"2026-04-16T03:01:38","modified_gmt":"2026-04-16T00:01:38","slug":"marry-grave-2","status":"publish","type":"product","link":"https:\/\/roveyayinevi.com.tr\/index.php\/urun\/marry-grave-2\/","title":{"rendered":"Marry Grave 2"},"content":{"rendered":"<p>Sawyer \u00f6len kar\u0131s\u0131 Rosalie\u2019nin tabutunu s\u0131rtlanm\u0131\u015f vaziyette, onu geri getirmek i\u00e7in yola devam ediyor. G\u00fcvenilir dostlar\u0131 giderek art\u0131yor ve art\u0131k daha h\u0131zl\u0131 ilerliyor. Bu yollar Rosalie\u2019nin de ge\u00e7ti\u011fi yollar. Onun Sawyer i\u00e7in anlatt\u0131\u011f\u0131, bir ba\u015fka a\u015fk ve \u00f6l\u00fcm \u00f6yk\u00fcs\u00fc a\u00e7\u0131\u011fa \u00e7\u0131k\u0131yor! Rosalie\u2019nin s\u0131rr\u0131 orada sakl\u0131&#8230; <\/p>\n","protected":false},"excerpt":{"rendered":"<p>Sawyer \u00f6len kar\u0131s\u0131 Rosalie\u2019nin tabutunu s\u0131rtlanm\u0131\u015f vaziyette, onu geri getirmek i\u00e7in yola devam ediyor. G\u00fcvenilir dostlar\u0131 giderek art\u0131yor ve art\u0131k daha h\u0131zl\u0131 ilerliyor. Bu yollar Rosalie\u2019nin<span class=\"excerpt-hellip\"> [\u2026]<\/span><\/p>\n","protected":false},"featured_media":0,"template":"","meta":{"_monsterinsights_skip_tracking":false,"_monsterinsights_sitenote_active":false,"_monsterinsights_sitenote_note":"","_monsterinsights_sitenote_category":0},"product_brand":[],"product_cat":[12416,12291],"product_tag":[],"class_list":{"0":"post-748882","1":"product","2":"type-product","3":"status-publish","5":"product_cat-cizgi-roman","6":"product_cat-edebiyat","7":"pa_cilt-ciltsiz","8":"pa_tur-kitap","9":"pa_yayinevi-ithaki-yayinlari","10":"pa_yazar-hidenori-yamaci","12":"first","13":"instock","14":"sale","15":"shipping-taxable","16":"purchasable","17":"product-type-simple"},"_links":{"self":[{"href":"https:\/\/roveyayinevi.com.tr\/index.php\/wp-json\/wp\/v2\/product\/748882","targetHints":{"allow":["GET"]}}],"collection":[{"href":"https:\/\/roveyayinevi.com.tr\/index.php\/wp-json\/wp\/v2\/product"}],"about":[{"href":"https:\/\/roveyayinevi.com.tr\/index.php\/wp-json\/wp\/v2\/types\/product"}],"wp:attachment":[{"href":"https:\/\/roveyayinevi.com.tr\/index.php\/wp-json\/wp\/v2\/media?parent=748882"}],"wp:term":[{"taxonomy":"product_brand","embeddable":true,"href":"https:\/\/roveyayinevi.com.tr\/index.php\/wp-json\/wp\/v2\/product_brand?post=748882"},{"taxonomy":"product_cat","embeddable":true,"href":"https:\/\/roveyayinevi.com.tr\/index.php\/wp-json\/wp\/v2\/product_cat?post=748882"},{"taxonomy":"product_tag","embeddable":true,"href":"https:\/\/roveyayinevi.com.tr\/index.php\/wp-json\/wp\/v2\/product_tag?post=748882"}],"curies":[{"name":"wp","href":"https:\/\/api.w.org\/{rel}","templated":true}]}}