{"id":748876,"date":"2025-08-28T03:41:32","date_gmt":"2025-08-28T00:41:32","guid":{"rendered":"https:\/\/roveyayinevi.com.tr\/index.php\/urun\/ariadne\/"},"modified":"2026-04-16T03:01:38","modified_gmt":"2026-04-16T00:01:38","slug":"ariadne","status":"publish","type":"product","link":"https:\/\/roveyayinevi.com.tr\/index.php\/urun\/ariadne\/","title":{"rendered":"Ariadne"},"content":{"rendered":"<p>\u201cM\u00fcrekkep rengi g\u00f6ky\u00fcz\u00fcnde s\u00fcz\u00fcl\u00fcyorum. Bakt\u0131\u011f\u0131n\u0131z yerden ufak bir \u0131\u015f\u0131k zerresiyim ama asl\u0131nda ate\u015f kadar parla\u011f\u0131m. Helios at arabas\u0131n\u0131 ufukta a\u015fa\u011f\u0131 \u00e7ekerken ben hayata d\u00f6n\u00fcyorum; tac\u0131 &#8211; m\u0131n ortas\u0131ndaki \u0131\u015f\u0131l \u0131\u015f\u0131l m\u00fccevherim. D\u00fc\u015f\u00fcncelerim \u015fimdi yava\u015f ve a\u011f\u0131r, sonsuzlu\u011fun kalbinde yuvarlan\u0131p duruyor. Ama alt\u0131mda b\u00fct\u00fcn ya\u015fam\u0131 g\u00f6r\u00fcyorum.\u201d   Kral Minos&#8217;un k\u0131z\u0131 Giritli Prenses Ariadne, karde\u015flerinden \u00e7ok farkl\u0131d\u0131r. Dans pistinde \u015fafa\u011f\u0131 selamlayarak, bak\u0131c\u0131s\u0131n\u0131n tanr\u0131lar ve kahramanlarla ilgili hik\u00e2yelerini dinleyerek b\u00fcy\u00fcm\u00fc\u015ft\u00fcr. Kaderini tanr\u0131lara b\u0131rakmay\u0131p kendi elleriyle yazmaya yemin eder.   Saray\u0131n alt\u0131ndaki Labirent&#8217;ten karde\u015fi Minotor&#8217;un toynak sesleri yank\u0131lan\u0131r ve her y\u0131l Atina&#8217;dan 14 gen\u00e7 Minotor&#8217;un a\u00e7l\u0131\u011f\u0131n\u0131 do- yurmak i\u00e7in Girit&#8217;e hara\u00e7 olarak g\u00f6nderilir. Atinal\u0131 Prens Theseus canavar\u0131 yok etmek i\u00e7in adaya geldi\u011finde, Ariadne onun ye\u015fil g\u00f6zlerinde bir tehdit de\u011fil, ka\u00e7mak i\u00e7in bir f\u0131rsat g\u00f6r\u00fcr. Tanr\u0131lar\u0131n iradesine kar\u015f\u0131 gelir, ailesiyle \u00fclkesine ihanet eder ve a\u015fk\u0131 i\u00e7in her \u015feyi riske atar. Ariadne, Theseus&#8217;un Minotor&#8217;u \u00f6ld\u00fcrmesine yard\u0131m eder ve bu andan itibaren hik\u00e2yesi ba\u015flar&#8230;   Ariadne, Yunan mitlerinin unutulmu\u015f kad\u0131nlar\u0131na ses veriyor ve \u00f6fkeli, huysuz tanr\u0131lar kar\u015f\u0131s\u0131nda onlar\u0131n g\u00fcc\u00fcne sesleniyor. G\u00fczel yaz\u0131lm\u0131\u015f, s\u00fcr\u00fckleyici ve ola\u011fan\u00fcst\u00fc bir ilk roman.   \u201cTheseus, Ariadne ve Minotor&#8217;un klasik hik\u00e2yesini yeniden kur- gulayarak harika bir \u015fekilde kaleme ald\u0131\u011f\u0131 bu ilk roman\u0131yla Jen- nifer Saint, Madeline Miller ve Pat Barker gibi isimlere kat\u0131larak Antik Yunan mitlerini kad\u0131n bak\u0131\u015f a\u00e7\u0131s\u0131yla b\u00fcy\u00fcleyici bir \u015fekilde yeniden anlat\u0131yor.\u201d                                            \u2212Waterstones.com  <\/p>\n","protected":false},"excerpt":{"rendered":"<p>\u201cM\u00fcrekkep rengi g\u00f6ky\u00fcz\u00fcnde s\u00fcz\u00fcl\u00fcyorum. Bakt\u0131\u011f\u0131n\u0131z yerden ufak bir \u0131\u015f\u0131k zerresiyim ama asl\u0131nda ate\u015f kadar parla\u011f\u0131m. Helios at arabas\u0131n\u0131 ufukta a\u015fa\u011f\u0131 \u00e7ekerken ben hayata d\u00f6n\u00fcyorum; tac\u0131 &#8211;<span class=\"excerpt-hellip\"> [\u2026]<\/span><\/p>\n","protected":false},"featured_media":0,"template":"","meta":{"_monsterinsights_skip_tracking":false,"_monsterinsights_sitenote_active":false,"_monsterinsights_sitenote_note":"","_monsterinsights_sitenote_category":0},"product_brand":[],"product_cat":[12291,14777],"product_tag":[],"class_list":{"0":"post-748876","1":"product","2":"type-product","3":"status-publish","5":"product_cat-edebiyat","6":"product_cat-fantastik","7":"pa_cilt-ciltsiz","8":"pa_tur-kitap","9":"pa_yayinevi-epsilon-yayinlari","10":"pa_yazar-jennifer-saint","12":"first","13":"instock","14":"sale","15":"shipping-taxable","16":"purchasable","17":"product-type-simple"},"_links":{"self":[{"href":"https:\/\/roveyayinevi.com.tr\/index.php\/wp-json\/wp\/v2\/product\/748876","targetHints":{"allow":["GET"]}}],"collection":[{"href":"https:\/\/roveyayinevi.com.tr\/index.php\/wp-json\/wp\/v2\/product"}],"about":[{"href":"https:\/\/roveyayinevi.com.tr\/index.php\/wp-json\/wp\/v2\/types\/product"}],"wp:attachment":[{"href":"https:\/\/roveyayinevi.com.tr\/index.php\/wp-json\/wp\/v2\/media?parent=748876"}],"wp:term":[{"taxonomy":"product_brand","embeddable":true,"href":"https:\/\/roveyayinevi.com.tr\/index.php\/wp-json\/wp\/v2\/product_brand?post=748876"},{"taxonomy":"product_cat","embeddable":true,"href":"https:\/\/roveyayinevi.com.tr\/index.php\/wp-json\/wp\/v2\/product_cat?post=748876"},{"taxonomy":"product_tag","embeddable":true,"href":"https:\/\/roveyayinevi.com.tr\/index.php\/wp-json\/wp\/v2\/product_tag?post=748876"}],"curies":[{"name":"wp","href":"https:\/\/api.w.org\/{rel}","templated":true}]}}