{"id":748866,"date":"2025-08-28T03:41:17","date_gmt":"2025-08-28T00:41:17","guid":{"rendered":"https:\/\/roveyayinevi.com.tr\/index.php\/urun\/fransiz-devriminden-portreler\/"},"modified":"2026-04-16T03:01:38","modified_gmt":"2026-04-16T00:01:38","slug":"fransiz-devriminden-portreler","status":"publish","type":"product","link":"https:\/\/roveyayinevi.com.tr\/index.php\/urun\/fransiz-devriminden-portreler\/","title":{"rendered":"Frans\u0131z Devriminden Portreler"},"content":{"rendered":"<p>Devrim, elbette halk kitlelerinin eseri. Ama y\u0131\u011f\u0131nlar\u0131n \u00f6n\u00fcne d\u00fc\u015f\u00fcp yol g\u00f6sterenler var: Ayd\u0131nlar, \u00f6rg\u00fctleyiciler, liderler\u2026 Onlars\u0131z hareket ba\u015far\u0131ya ula\u015famaz. Frans\u0131z devrimi, belki her devrimden \u00e7ok, e\u015fsiz portreler koydu \u00f6n\u00fcm\u00fcze. Her biri, o dev y\u00fcr\u00fcy\u00fc\u015f\u00fc \u015fu ya da bu \u00f6l\u00e7\u00fcde etkiledi. Bayra\u011f\u0131 inand\u0131\u011f\u0131 yolda sonuna de\u011fin ta\u015f\u0131yanlar oldu; yar\u0131 yolda t\u00fckenip y\u0131k\u0131lanlar da. Kimler yok ki bu g\u00f6rkemli galeride? Robespierre\u2019ler, Mirabeau\u2019lar, Marat\u2019lar, Danton\u2019lar, Sant Just\u2019ler, Jacques Roux\u2019lar, Babeuf\u2019ler\u2026Hakl\u0131n davas\u0131na ba\u015fkoymu\u015f insanlar; \u00f6zg\u00fcrl\u00fc\u011f\u00fcn d\u00fc\u015fmanlar\u0131na kar\u015f\u0131 y\u00fckselttikleri ses kar\u015f\u0131s\u0131nda bug\u00fcn de \u00fcrperdi\u011fimiz ki\u015filer; \u00e7a\u011f\u0131m\u0131z\u0131n seherindeki y\u0131ld\u0131zlar. Onlar\u0131n i\u00e7inde, tarihin akt\u00f6r\u00fc olacak yerde oyunca\u011f\u0131 olanlar\u0131 bir yana b\u0131rak\u0131rsak, hepsi cumhuriyet\u00e7i, l\u00e2ik anlay\u0131\u015fta ve ruhbana kar\u015f\u0131n kimselerdi; Ayd\u0131nlanma\u2019ya inan\u0131yorlard\u0131 ve akl\u0131n dostu idiler. Devrim\u2019in slogan\u0131 olan, \u00f6zg\u00fcrl\u00fck, e\u015fitlik ve karde\u015fli\u011fi benimsemi\u015flerdi. O ads\u0131z Sank\u00fclot\u2019lar ise, \u00fcstelik d\u00fcped\u00fcz halktan geliyorlard\u0131. Devrim\u2019e inanman\u0131n bir kabahat olarak g\u00f6r\u00fcld\u00fc\u011f\u00fc; iktisadi, siyasi ve dinsel gericili\u011fin ayyuka \u00e7\u0131kt\u0131\u011f\u0131 g\u00fcn\u00fcm\u00fcz d\u00fcnyas\u0131 i\u00e7in \u00e7arp\u0131c\u0131 ki\u015filikler. Onlar\u0131 tan\u0131mam\u0131z gerekiyor. Frans\u0131z Devrimi\u2019ni tan\u0131mak onlar\u0131 da tan\u0131maya ba\u011fl\u0131; onlar\u0131 tan\u0131rken biraz da kendimizi tan\u0131yaca\u011f\u0131z. Okuyunuz g\u00f6receksiniz\u2026 <\/p>\n","protected":false},"excerpt":{"rendered":"<p>Devrim, elbette halk kitlelerinin eseri. Ama y\u0131\u011f\u0131nlar\u0131n \u00f6n\u00fcne d\u00fc\u015f\u00fcp yol g\u00f6sterenler var: Ayd\u0131nlar, \u00f6rg\u00fctleyiciler, liderler\u2026 Onlars\u0131z hareket ba\u015far\u0131ya ula\u015famaz. Frans\u0131z devrimi, belki her devrimden \u00e7ok, e\u015fsiz<span class=\"excerpt-hellip\"> [\u2026]<\/span><\/p>\n","protected":false},"featured_media":0,"template":"","meta":{"_monsterinsights_skip_tracking":false,"_monsterinsights_sitenote_active":false,"_monsterinsights_sitenote_note":"","_monsterinsights_sitenote_category":0},"product_brand":[],"product_cat":[12370,12304],"product_tag":[],"class_list":{"0":"post-748866","1":"product","2":"type-product","3":"status-publish","5":"product_cat-arastirma-inceleme","6":"product_cat-tarih","7":"pa_cilt-ciltsiz","8":"pa_tur-kitap","9":"pa_yayinevi-cumhuriyet-kitaplari","10":"pa_yazar-server-tanilli","12":"first","13":"instock","14":"sale","15":"shipping-taxable","16":"purchasable","17":"product-type-simple"},"_links":{"self":[{"href":"https:\/\/roveyayinevi.com.tr\/index.php\/wp-json\/wp\/v2\/product\/748866","targetHints":{"allow":["GET"]}}],"collection":[{"href":"https:\/\/roveyayinevi.com.tr\/index.php\/wp-json\/wp\/v2\/product"}],"about":[{"href":"https:\/\/roveyayinevi.com.tr\/index.php\/wp-json\/wp\/v2\/types\/product"}],"wp:attachment":[{"href":"https:\/\/roveyayinevi.com.tr\/index.php\/wp-json\/wp\/v2\/media?parent=748866"}],"wp:term":[{"taxonomy":"product_brand","embeddable":true,"href":"https:\/\/roveyayinevi.com.tr\/index.php\/wp-json\/wp\/v2\/product_brand?post=748866"},{"taxonomy":"product_cat","embeddable":true,"href":"https:\/\/roveyayinevi.com.tr\/index.php\/wp-json\/wp\/v2\/product_cat?post=748866"},{"taxonomy":"product_tag","embeddable":true,"href":"https:\/\/roveyayinevi.com.tr\/index.php\/wp-json\/wp\/v2\/product_tag?post=748866"}],"curies":[{"name":"wp","href":"https:\/\/api.w.org\/{rel}","templated":true}]}}