{"id":748862,"date":"2025-08-28T03:41:12","date_gmt":"2025-08-28T00:41:12","guid":{"rendered":"https:\/\/roveyayinevi.com.tr\/index.php\/urun\/olum-kalim-meselesi\/"},"modified":"2026-04-16T03:01:38","modified_gmt":"2026-04-16T00:01:38","slug":"olum-kalim-meselesi","status":"publish","type":"product","link":"https:\/\/roveyayinevi.com.tr\/index.php\/urun\/olum-kalim-meselesi\/","title":{"rendered":"\u00d6l\u00fcm Kal\u0131m Meselesi"},"content":{"rendered":"<p>Marilyn Yalom, kendisine \u00f6l\u00fcmc\u00fcl kanser te\u015fhisinin konulmas\u0131n\u0131n ard\u0131ndan e\u015fi Irvin D. Yalom\u2019la birlikte bir kitap yazmak istedi ve ortaya, birlikte ge\u00e7irdikleri \u00f6m\u00fcrlerine d\u00f6n\u00fcp bakt\u0131klar\u0131 ve t\u00fcm insanl\u0131\u011f\u0131n da \u00f6l\u00fcmle y\u00fczle\u015fmek i\u00e7in tekrar tekrar d\u00f6n\u00fcp ba\u015fvuraca\u011f\u0131 bu de\u011ferli \u00e7al\u0131\u015fma \u00e7\u0131kt\u0131.  Psikiyatr Irvin Yalom, keder ve anksiyete problemleri ya\u015fayan hastalar\u0131na adad\u0131\u011f\u0131 kariyeriyle t\u00fcm d\u00fcnyada tan\u0131n\u0131yor. \u0130ronik bir bi\u00e7imde, e\u015fine, feminist yazar Marilyn Yalom\u2019a kanser te\u015fhisi kondu\u011funda uzun y\u0131llar mesleki anlamda ustala\u015ft\u0131\u011f\u0131 alanda kendi kendisini de tedavi etmesi gerekece\u011fini fark etti. E\u015finin kanser te\u015fhisinden sonra birlikte yazmaya karar verdikleri bu kitapta Marilyn ve Irvin Yalom \u00e7ifti hayatlar\u0131nda ilk defa deneyimleyecekleri bir m\u00fccadeleyle y\u00fcz y\u00fcze geldi: Marilyn ard\u0131nda pi\u015fmanl\u0131klar olmadan \u00f6lmeyi, Irvin ise son y\u0131llar\u0131n\u0131 Marilyn olmadan ya\u015famay\u0131 nas\u0131l ba\u015faraca\u011f\u0131n\u0131 \u00f6\u011frenmek zorundayd\u0131.  Marilyn ile Irvin Yalom\u2019un birlikte ge\u00e7irdikleri son aylar\u0131 farkl\u0131 b\u00f6l\u00fcmlerde ayr\u0131 ayr\u0131 anlatt\u0131klar\u0131, ard\u0131ndan da Irvin Yalom\u2019un, altm\u0131\u015f be\u015f y\u0131ll\u0131k evliliklerinin ard\u0131ndan e\u015fi olmadan ge\u00e7irdi\u011fi ilk ay\u0131 anlatt\u0131\u011f\u0131 bu kitap, kendi \u00f6l\u00fcml\u00fcl\u00fc\u011f\u00fcm\u00fczle y\u00fczle\u015fme ve sevdi\u011fimiz birinin kayb\u0131yla ba\u015fa \u00e7\u0131kma gibi g\u00fc\u00e7 deneyimlere yak\u0131ndan bakma olana\u011f\u0131 sunuyor. Yalom \u00e7ifti geni\u015f ve sevgi dolu bir aile kurmu\u015f, uzun ve mutlu bir evlilik y\u00fcr\u00fctm\u00fc\u015f olsa da, onlar da herkes gibi ka\u00e7\u0131n\u0131lmaz bir ger\u00e7ek olan \u00f6l\u00fcmle ve \u00f6l\u00fcm kar\u015f\u0131s\u0131nda duyulan \u00e7aresizlik hissiyle y\u00fczle\u015fmeye \u00e7al\u0131\u015f\u0131yor ve ayn\u0131 zamanda bu alanda yapt\u0131klar\u0131 derin \u00e7al\u0131\u015fmalar\u0131n getirdi\u011fi bilgelikle sevgi, keder ve a\u015fk gibi evrensel konularda yan\u0131tlar ar\u0131yor.  \u0130ki uzun \u00f6mr\u00fcn deneyimli kaleminden do\u011fan \u00d6l\u00fcm Kal\u0131m Meselesi anlaml\u0131 bir hayat s\u00fcrmek isteyen ve ya\u015fam\u0131nda teselli arayan herkes i\u00e7in a\u00e7\u0131k y\u00fcreklilikle yaz\u0131lm\u0131\u015f bir rehber olacak\u2026   \u201cAltm\u0131\u015f be\u015f y\u0131l evli kalan Irvin ve Marilyn Yalom, bir \u00e7ift olarak daima kol kola ya\u015faman\u0131n ancak hayata ayr\u0131 ayr\u0131 veda etmenin neler hissettirdi\u011fini anlat\u0131yor.\u201dDr. Joanne Cacciatore  \u201c\u00d6l\u00fcm Kal\u0131m Meselesi hem tatl\u0131 bir hat\u0131ra hem de bir ke\u015fif yolculu\u011fu. Bir \u00f6m\u00fcr hayat arkada\u015fl\u0131\u011f\u0131 yapm\u0131\u015f iki \u00f6nemli profes\u00f6r ve yazar ya\u015fl\u0131l\u0131kla, hastal\u0131kla, \u00f6l\u00fcmle y\u00fczle\u015fiyor. Ya\u015fam\u0131n ge\u00e7icili\u011fiyle d\u00fcr\u00fcst\u00e7e hesapla\u015fan Yalom \u00e7ifti, \u00f6m\u00fcr denen hem uzun hem k\u0131sa s\u00fcrenin ne denli de\u011ferli oldu\u011funu bize \u00e7ok iyi anlat\u0131yor.\u201d Frank Ostaseski  \u201c\u0130nsan\u0131 ayd\u0131nlatan ve hayata anlam katan bu kitap, g\u00fczelliklerle ge\u00e7en bir \u00f6mr\u00fcn verdi\u011fi teselliyi aktar\u0131yor ve hepimize umut a\u015f\u0131l\u0131yor. Hepimiz hayat\u0131n en b\u00fcy\u00fck ger\u00e7e\u011fi olan \u00f6l\u00fcml\u00fcl\u00fckle y\u00fczle\u015fmek durumunday\u0131z, i\u015fte bu y\u00fczden \u00d6l\u00fcm Kal\u0131m Meselesi g\u00f6z ard\u0131 edilemeyecek kadar \u00f6nemli bir \u00e7al\u0131\u015fma.\u201d Kathryn Mannix  \u201cVarolu\u015f\u00e7u psikoterapist Irvin Yalom ve geni\u015f \u00e7evrelerce tan\u0131nan yazar Marilyn Yalom gibi iki b\u00fcy\u00fck ismin elinden \u00e7\u0131kan bu kitab\u0131 yazmak b\u00fcy\u00fck bir cesaret gerektiriyor. Bu iki k\u0131ymetli profes\u00f6r ge\u00e7irdikleri zorlu s\u00fcrecin psikolojik bir kayd\u0131n\u0131 bizlerle payla\u015f\u0131yor ve ayn\u0131 zamanda hayatlar\u0131 boyunca pe\u015finde olduklar\u0131, ya\u015fama ve \u00f6lme sanat\u0131n\u0131n bilgeli\u011fini aktar\u0131yorlar. Okuyucusunu d\u00f6n\u00fc\u015ft\u00fcren bu \u00e7al\u0131\u015fmay\u0131 y\u00fcre\u011fim burkularak okudum.\u201d Arthur Kleinman  \u201cYar\u0131m y\u00fczy\u0131ldan daha uzun bir s\u00fcredir psikiyatr Irvin Yalom t\u00fcm d\u00fcnyay\u0131 bilgelik, sezgi ve mizahla dolu psikolojik anlat\u0131lar\u0131yla kendine hayran b\u0131rakt\u0131. \u015eimdi ise b\u00fcy\u00fck bir cesaretle, bize hayat\u0131n\u0131n en zorlu deneyimini aktar\u0131yor ve ergenlik \u00e7a\u011f\u0131nda tan\u0131\u015f\u0131p \u00e2\u015f\u0131k oldu\u011fu e\u015finin kayb\u0131n\u0131 payla\u015f\u0131yor. Son ana dek el ele olan Yalom \u00e7ifti bu kitab\u0131 yazarken de birbirine e\u015flik ediyor ve \u00f6l\u00fcm kar\u015f\u0131s\u0131nda hissedilen korku, ac\u0131, ink\u00e2r ve kabullenme duygular\u0131yla dolu bir tabloyu kaleme al\u0131yor.\u201d Lori Gottlieb  \u201c\u00d6l\u00fcmle y\u00fczle\u015fmenin ne demek oldu\u011funu anlamak isteyen herkes i\u00e7in t\u00fcr\u00fcn\u00fcn tek \u00f6rne\u011fi olan benzersiz bir kaynak. Irvin ile Marilyn Yalom\u2019un birbirinden olduk\u00e7a farkl\u0131 \u00fcslubu bu kitapta birbirini tamaml\u0131yor. \u0130yi ya\u015famak kadar iyi \u00f6lmeyi de \u00f6\u011frenmek istiyorsan\u0131z bu kitab\u0131 okuyun.\u201d Kirkus Reviews  \u201c\u00d6l\u00fcm Kal\u0131m Meselesi yaln\u0131zca bir kitap de\u011fil, ayn\u0131 zamanda sonsuz bir a\u015fk\u0131n hik\u00e2yesi. Ge\u00e7mi\u015fi ve g\u00fcn\u00fcm\u00fcz\u00fc ayn\u0131 \u00f6l\u00e7\u00fcde kapsayan bu benzersiz ve dokunakl\u0131 metin ka\u00e7\u0131n\u0131lmaz bir ayr\u0131l\u0131\u011f\u0131n getirdi\u011fi katlanmas\u0131 g\u00fc\u00e7 ac\u0131y\u0131 ve \u00e7ok sevilen birini kaybetmenin ard\u0131ndan gelen \u00f6zlemi anlat\u0131yor. Hepimiz kendi \u00f6l\u00fcm\u00fcm\u00fcze ad\u0131m ad\u0131m yakla\u015f\u0131yoruz ve hepimiz bu hayatta \u00e7ok sevdi\u011fimiz birini kaybedece\u011fiz; bu y\u00fczden gelecekte ya\u015fayacaklar\u0131m\u0131z\u0131n bir benzerini \u015fu anda ya\u015fayan Yalom \u00e7iftinin aktard\u0131klar\u0131ndan hepimiz faydalanabiliriz. G\u00f6zlerinizden ya\u015flar damlamadan bitirmenin imk\u00e2ns\u0131z oldu\u011fu bu metni okudu\u011fum i\u00e7in kendimi \u015fansl\u0131 say\u0131yorum. Irvin ile Marilyn\u2019in bir trajediyle sonlanan a\u015fk hik\u00e2yesi asl\u0131nda hepimizi anlat\u0131yor.\u201dDr. Joanne Cacciatore \u201cYalom \u00e7ifti ba\u015flar\u0131na geleni hem \u00e7ok d\u00fcr\u00fcst\u00e7e kaleme d\u00f6km\u00fc\u015f hem de okuyucular\u0131na kar\u015f\u0131 \u00f6zel hayatlar\u0131n\u0131 a\u00e7arak fazlas\u0131yla c\u00f6mert davranm\u0131\u015f. Bir \u00e7iftin ya\u015fam\u0131n\u0131n son anlar\u0131na tan\u0131kl\u0131k etti\u011finiz bu kitap k\u0131sa s\u00fcrede bir klasik olacakt\u0131r.\u201dCaitlin Doughty \u201cBir b\u00fct\u00fcn\u00fcn iki par\u00e7as\u0131 gibi, hem birlikte hem de ayr\u0131 ayr\u0131 m\u00fcthi\u015f ba\u015far\u0131lar elde etmi\u015f Yalom \u00e7iftinin dokunakl\u0131, insana umut veren a\u015fk hik\u00e2yesi\u2026 Bu kitapla ilham bulacak ve kendi hayat\u0131n\u0131za bamba\u015fka g\u00f6zlerle bakmaya ba\u015flayacaks\u0131n\u0131z.\u201dAbraham Verghese, G\u00f6zya\u015f\u0131 Kap\u0131s\u0131\u2019n\u0131n yazar\u0131<\/p>\n","protected":false},"excerpt":{"rendered":"<p>Marilyn Yalom, kendisine \u00f6l\u00fcmc\u00fcl kanser te\u015fhisinin konulmas\u0131n\u0131n ard\u0131ndan e\u015fi Irvin D. Yalom\u2019la birlikte bir kitap yazmak istedi ve ortaya, birlikte ge\u00e7irdikleri \u00f6m\u00fcrlerine d\u00f6n\u00fcp bakt\u0131klar\u0131 ve t\u00fcm<span class=\"excerpt-hellip\"> [\u2026]<\/span><\/p>\n","protected":false},"featured_media":0,"template":"","meta":{"_monsterinsights_skip_tracking":false,"_monsterinsights_sitenote_active":false,"_monsterinsights_sitenote_note":"","_monsterinsights_sitenote_category":0},"product_brand":[],"product_cat":[12358,12357],"product_tag":[],"class_list":{"0":"post-748862","1":"product","2":"type-product","3":"status-publish","5":"product_cat-genel-psikoloji","6":"product_cat-psikoloji","7":"pa_cilt-ciltsiz","8":"pa_tur-kitap","9":"pa_yayinevi-pegasus-yayinlari","10":"pa_yazar-irvin-d-yalom-marilyn-yalom","12":"first","13":"instock","14":"sale","15":"shipping-taxable","16":"purchasable","17":"product-type-simple"},"_links":{"self":[{"href":"https:\/\/roveyayinevi.com.tr\/index.php\/wp-json\/wp\/v2\/product\/748862","targetHints":{"allow":["GET"]}}],"collection":[{"href":"https:\/\/roveyayinevi.com.tr\/index.php\/wp-json\/wp\/v2\/product"}],"about":[{"href":"https:\/\/roveyayinevi.com.tr\/index.php\/wp-json\/wp\/v2\/types\/product"}],"wp:attachment":[{"href":"https:\/\/roveyayinevi.com.tr\/index.php\/wp-json\/wp\/v2\/media?parent=748862"}],"wp:term":[{"taxonomy":"product_brand","embeddable":true,"href":"https:\/\/roveyayinevi.com.tr\/index.php\/wp-json\/wp\/v2\/product_brand?post=748862"},{"taxonomy":"product_cat","embeddable":true,"href":"https:\/\/roveyayinevi.com.tr\/index.php\/wp-json\/wp\/v2\/product_cat?post=748862"},{"taxonomy":"product_tag","embeddable":true,"href":"https:\/\/roveyayinevi.com.tr\/index.php\/wp-json\/wp\/v2\/product_tag?post=748862"}],"curies":[{"name":"wp","href":"https:\/\/api.w.org\/{rel}","templated":true}]}}